-- Dumping data for table `oauth2clients`
--


--
-- Table structure for table `oauth2tokens`
--

CREATE TABLE `oauth2tokens` (
  `id` char(36) NOT NULL,
  `name` varchar(255) DEFAULT NULL,
  `date_entered` datetime DEFAULT NULL,
  `date_modified` datetime DEFAULT NULL,
  `modified_user_id` char(36) DEFAULT NULL,
  `created_by` char(36) DEFAULT NULL,
  `description` text DEFAULT NULL,
  `deleted` tinyint(1) DEFAULT 0,
  `token_is_revoked` tinyint(1) DEFAULT NULL,
  `token_type` varchar(255) DEFAULT NULL,
  `access_token_expires` datetime DEFAULT NULL,
  `access_token` varchar(4000) DEFAULT NULL,
  `refresh_token` varchar(4000) DEFAULT NULL,
  `refresh_token_expires` datetime DEFAULT NULL,
  `grant_type` varchar(255) DEFAULT NULL,
  `state` varchar(1024) DEFAULT NULL,
  `client` char(36) DEFAULT NULL,
  `assigned_user_id` char(36) DEFAULT NULL,
  PRIMARY KEY (`id`)
) ENGINE=InnoDB DEFAULT CHARSET=utf8 COLLATE=utf8_general_ci;

--
-- Dumping data for table `oauth2tokens`
--


--
-- Table structure for table `oauth_consumer`
--

CREATE TABLE `oauth_consumer` (
  `id` char(36) NOT NULL,
  `name` varchar(255) DEFAULT NULL,
  `date_entered` datetime DEFAULT NULL,
  `date_modified` datetime DEFAULT NULL,
  `modified_user_id` char(36) DEFAULT NULL,
  `created_by` char(36) DEFAULT NULL,
  `description` text DEFAULT NULL,
  `deleted` tinyint(1) DEFAULT 0,
  `assigned_user_id` char(36) DEFAULT NULL,
  `c_key` varchar(255) DEFAULT NULL,
  `c_secret` varchar(255) DEFAULT NULL,
  PRIMARY KEY (`id`),
  UNIQUE KEY `ckey` (`c_key`)
) ENGINE=InnoDB DEFAULT CHARSET=utf8 COLLATE=utf8_general_ci;

--
-- Dumping data for table `oauth_consumer`
--


--
-- Table structure for table `oauth_nonce`
--

CREATE TABLE `oauth_nonce` (
  `conskey` varchar(32) NOT NULL,
  `nonce` varchar(32) NOT NULL,
  `nonce_ts` bigint(20) DEFAULT NULL,
  PRIMARY KEY (`conskey`,`nonce`),
  KEY `oauth_nonce_keyts` (`conskey`,`nonce_ts`)
) ENGINE=InnoDB DEFAULT CHARSET=utf8 COLLATE=utf8_general_ci;

--
-- Dumping data for table `oauth_nonce`
--


--
-- Table structure for table `oauth_tokens`
--

CREATE TABLE `oauth_tokens` (
  `id` char(36) NOT NULL,
  `secret` varchar(32) DEFAULT NULL,
  `tstate` varchar(1) DEFAULT NULL,
  `consumer` char(36) NOT NULL,
  `token_ts` bigint(20) DEFAULT NULL,
  `verify` varchar(32) DEFAULT NULL,
  `deleted` tinyint(1) NOT NULL DEFAULT 0,
  `callback_url` varchar(255) DEFAULT NULL,
  `assigned_user_id` char(36) DEFAULT NULL,
  PRIMARY KEY (`id`,`deleted`),
  KEY `oauth_state_ts` (`tstate`,`token_ts`),
  KEY `constoken_key` (`consumer`)
) ENGINE=InnoDB DEFAULT CHARSET=utf8 COLLATE=utf8_general_ci;

--
-- Dumping data for table `oauth_tokens`
--


--
-- Table structure for table `opportunities`
--

CREATE TABLE `opportunities` (
  `id` char(36) NOT NULL,
  `name` varchar(50) DEFAULT NULL,
  `date_entered` datetime DEFAULT NULL,
  `date_modified` datetime DEFAULT NULL,
  `modified_user_id` char(36) DEFAULT NULL,
  `created_by` char(36) DEFAULT NULL,
  `description` text DEFAULT NULL,
  `deleted` tinyint(1) DEFAULT 0,
  `assigned_user_id` char(36) DEFAULT NULL,
  `opportunity_type` varchar(255) DEFAULT NULL,
  `campaign_id` char(36) DEFAULT NULL,
  `lead_source` varchar(50) DEFAULT NULL,
  `amount` double DEFAULT NULL,
  `amount_usdollar` double DEFAULT NULL,
  `currency_id` char(36) DEFAULT NULL,
  `date_closed` date DEFAULT NULL,
  `next_step` varchar(100) DEFAULT NULL,
  `sales_stage` varchar(255) DEFAULT NULL,
  `probability` double DEFAULT NULL,
  PRIMARY KEY (`id`),
  KEY `idx_opp_name` (`name`),
  KEY `idx_opp_assigned` (`assigned_user_id`),
  KEY `idx_opp_id_deleted` (`id`,`deleted`)
) ENGINE=InnoDB DEFAULT CHARSET=utf8 COLLATE=utf8_general_ci;

--
-- Dumping data for table `opportunities`
--

INSERT INTO `opportunities` VALUES ('15b73118-ec27-0d10-0886-6802b5370b59','5D Investments - 7500 units','2024-11-03 18:00:00','2025-04-18 20:27:09','1','1',NULL,0,'seed_chris_id','',NULL,'Self Generated',75000,75000,'-99','2025-07-25',NULL,'Prospecting',10),('17d10f26-fb10-8d81-4ea3-6802b55a2947','Kringle Bell IncK.A. Tower & Co - 500 units','2020-12-26 09:00:00','2025-04-18 20:27:09','1','1',NULL,0,'seed_max_id','New Business',NULL,'Trade Show',5000,5000,'-99','2020-07-06',NULL,'Closed Lost',0),('183c1fac-5614-70ca-1108-6802b55e7066','5D Investments - 2500 units','2023-10-15 11:00:00','2025-04-18 20:27:09','1','1',NULL,0,'seed_chris_id','New Business',NULL,'',25000,25000,'-99','2023-06-06',NULL,'Closed Won',100),('1bb470a7-4664-5359-5415-6802b51f4733','Kaos Trading Ltd - 10000 units','2025-01-28 09:00:00','2025-04-18 20:27:09','1','1',NULL,0,'seed_max_id','Existing Business',NULL,'Employee',100000,100000,'-99','2025-07-05',NULL,'Value Proposition',30),('1ea46139-1b0f-05b6-c907-6802b595bac9','Kaos Trading Ltd - 2500 units','2022-05-26 19:15:00','2025-04-18 20:27:09','1','1',NULL,0,'seed_max_id','Existing Business',NULL,'Employee',25000,25000,'-99','2025-09-25',NULL,'Negotiation/Review',80),('209168bd-bd0d-ea1e-9487-6802b5f44d3e','Dirt Mining Ltd - 1000 units','2024-11-14 07:00:00','2025-04-18 20:27:09','1','1',NULL,0,'seed_chris_id','Existing Business',NULL,'Conference',10000,10000,'-99','2024-05-26',NULL,'Closed Lost',0),('2157081c-151d-3165-5587-6802b5a3c3c5','International Art Inc - 500 units','2024-07-24 09:30:00','2025-04-18 20:27:09','1','1',NULL,0,'seed_chris_id','',NULL,'Self Generated',5000,5000,'-99','2025-09-01',NULL,'Perception Analysis',50),('2335f192-6dba-a732-1a2f-6802b540f411','Airline Maintenance Co - 5000 units','2025-01-16 18:30:00','2025-04-18 20:27:09','1','1',NULL,0,'seed_chris_id','',NULL,'Public Relations',50000,50000,'-99','2025-09-13',NULL,'Value Proposition',30),('23569d28-0994-5c44-ce78-6802b53614b7','Dirt Mining Ltd - 2500 units','2022-09-03 10:00:00','2025-04-18 20:27:09','1','1',NULL,0,'seed_chris_id','New Business',NULL,'Employee',25000,25000,'-99','2025-09-25',NULL,'Negotiation/Review',80),('23f22cca-cf5f-6ea4-a3cc-6802b59bdd2c','International Art Inc - 10000 units','2022-12-16 14:00:00','2025-04-18 20:27:09','1','1',NULL,0,'seed_chris_id','New Business',NULL,'',100000,100000,'-99','2023-03-13',NULL,'Closed Won',100),('25d88b28-1d31-6a29-f9a7-6802b5434080','Airline Maintenance Co - 1000 units','2023-07-08 10:15:00','2025-04-18 20:27:09','1','1',NULL,0,'seed_chris_id','',NULL,'',10000,10000,'-99','2025-10-04',NULL,'Proposal/Price Quote',65),('26148cc8-02b5-fa9c-f46c-6802b55eafac','Dirt Mining Ltd - 2500 units','2021-04-18 15:15:00','2025-04-18 20:27:09','1','1',NULL,0,'seed_chris_id','',NULL,'Partner',25000,25000,'-99','2020-09-22',NULL,'Closed Won',100),('27dedc32-49b5-6808-2800-6802b5dddd01','Bay Funding Co - 10000 units','2024-04-18 11:00:00','2025-04-18 20:27:09','1','1',NULL,0,'seed_chris_id','',NULL,'Other',100000,100000,'-99','2025-02-10',NULL,'Closed Lost',0),('2ab5fa66-a824-d84b-615a-6802b5731db2','Bay Funding Co - 5000 units','2023-02-06 11:45:00','2025-04-18 20:27:09','1','1',NULL,0,'seed_chris_id','New Business',NULL,'Cold Call',50000,50000,'-99','2026-02-12',NULL,'Proposal/Price Quote',65),('2eeb9721-e25d-ae80-e389-6802b5c57599','Aim Capital Inc - 2500 units','2025-03-30 12:30:00','2025-04-18 20:27:09','1','1',NULL,0,'seed_sally_id','',NULL,'Employee',25000,25000,'-99','2025-08-23',NULL,'Qualification',20),('3209ddf9-932a-536c-a053-6802b53d5962','Aim Capital Inc - 500 units','2022-04-27 06:00:00','2025-04-18 20:27:09','1','1',NULL,0,'seed_sally_id','New Business',NULL,'Public Relations',5000,5000,'-99','2025-06-30',NULL,'Negotiation/Review',80),('34e88cdd-d1d0-b446-c35f-6802b502bf57','Aim Capital Inc - 2500 units','2020-11-07 09:15:00','2025-04-18 20:27:09','1','1',NULL,0,'seed_sally_id','New Business',NULL,'Employee',25000,25000,'-99','2020-05-24',NULL,'Closed Lost',0),('36f80450-57a9-5710-2a4a-6802b55326de','Kings Royalty Trust - 2500 units','2024-09-13 12:15:00','2025-04-18 20:27:09','1','1',NULL,0,'seed_will_id','Existing Business',NULL,'Public Relations',25000,25000,'-99','2024-09-19',NULL,'Closed Won',100),('3bceffc1-c57a-5943-3e2d-6802b5d89ae4','Ink Conglomerate Inc - 10000 units','2025-01-09 16:00:00','2025-04-18 20:27:09','1','1',NULL,0,'seed_sally_id','New Business',NULL,'Conference',100000,100000,'-99','2025-12-31',NULL,'Proposal/Price Quote',65),('3d581a6e-b916-487e-df82-6802b5a3803e','Hollywood Diner Ltd - 7500 units','2024-06-27 14:15:00','2025-04-18 20:27:09','1','1',NULL,0,'seed_max_id','New Business',NULL,'Email',75000,75000,'-99','2025-11-17',NULL,'Qualification',20),('3d7e61bf-3880-2a43-2fdd-6802b57e99ca','Air Safety Inc - 7500 units','2024-11-02 07:15:00','2025-04-18 20:27:09','1','1',NULL,0,'seed_sally_id','',NULL,'Existing Customer',75000,75000,'-99','2025-05-04',NULL,'Id. Decision Makers',40),('3eee7576-acc5-a32a-7d41-6802b545d5a4','Ink Conglomerate Inc - 1000 units','2023-01-28 13:15:00','2025-04-18 20:27:09','1','1',NULL,0,'seed_sally_id','Existing Business',NULL,'',10000,10000,'-99','2025-04-29',NULL,'Negotiation/Review',80),('4041cbec-6b1d-36f8-0a75-6802b549298c','Air Safety Inc - 10000 units','2022-08-04 14:00:00','2025-04-18 20:27:09','1','1',NULL,0,'seed_sally_id','New Business',NULL,'Conference',100000,100000,'-99','2026-04-11',NULL,'Negotiation/Review',80),('406de273-3ee3-57bd-4c88-6802b56f6367','Hollywood Diner Ltd - 2500 units','2023-01-12 17:15:00','2025-04-18 20:27:09','1','1',NULL,0,'seed_max_id','Existing Business',NULL,'Campaign',25000,25000,'-99','2023-02-04',NULL,'Closed Won',100),('4291c4d0-b82d-7705-e609-6802b5e73ad3','Nelson Inc - 500 units','2024-05-24 10:15:00','2025-04-18 20:27:09','1','1',NULL,0,'seed_sally_id','Existing Business',NULL,'Conference',5000,5000,'-99','2025-07-19',NULL,'Proposal/Price Quote',65),('42eb0ff4-408c-9289-9f55-6802b59a20a6','DD Furniture Inc - 10000 units','2024-10-28 16:45:00','2025-04-18 20:27:09','1','1',NULL,0,'seed_sarah_id','',NULL,'Partner',100000,100000,'-99','2026-03-25',NULL,'Value Proposition',30),('42fe52dd-71ba-5240-8c91-6802b5ab7a33','Air Safety Inc - 7500 units','2020-06-14 06:00:00','2025-04-18 20:27:09','1','1',NULL,0,'seed_sally_id','Existing Business',NULL,'Self Generated',75000,75000,'-99','2020-06-19',NULL,'Closed Lost',0),('45589663-883d-e4b4-23c4-6802b518ef1a','Nelson Inc - 1000 units','2023-03-10 15:00:00','2025-04-18 20:27:09','1','1',NULL,0,'seed_sally_id','Existing Business',NULL,'Trade Show',10000,10000,'-99','2022-05-12',NULL,'Closed Won',100),('47c28fc7-db5f-b906-27ac-6802b5a355fb','Nelson Inc - 5000 units','2020-05-31 17:30:00','2025-04-18 20:27:09','1','1',NULL,0,'seed_sally_id','',NULL,'Conference',50000,50000,'-99','2020-09-17',NULL,'Closed Won',100),('55e301ee-e3f4-e4f6-f0f0-6802b598c144','Income Free Investing LP - 2500 units','2025-03-27 16:30:00','2025-04-18 20:27:09','1','1',NULL,0,'seed_sarah_id','New Business',NULL,'Word of mouth',25000,25000,'-99','2025-07-20',NULL,'Prospecting',10),('5782b849-7a46-7d80-b887-6802b522b5e1','Davenport Investing - 1000 units','2025-01-14 08:45:00','2025-04-18 20:27:09','1','1',NULL,0,'seed_sally_id','',NULL,'Email',10000,10000,'-99','2025-07-06',NULL,'Negotiation/Review',80),('598ab7bd-64dd-a02d-b27e-6802b54e68df','Anytime Air Support Inc - 500 units','2025-01-12 18:00:00','2025-04-18 20:27:09','1','1',NULL,0,'seed_sally_id','',NULL,'Conference',5000,5000,'-99','2025-05-30',NULL,'Qualification',20),('5a4a1c18-b4cc-2948-6112-6802b5bc9173','AB Drivers Limited - 10000 units','2024-08-18 13:15:00','2025-04-18 20:27:09','1','1',NULL,0,'seed_sally_id','New Business',NULL,'Trade Show',100000,100000,'-99','2025-03-14',NULL,'Closed Won',100),('5a8bbaa3-c908-6aad-3868-6802b5097044','Davenport Investing - 1000 units','2022-12-16 12:45:00','2025-04-18 20:27:09','1','1',NULL,0,'seed_sally_id','New Business',NULL,'Direct Mail',10000,10000,'-99','2023-02-07',NULL,'Closed Won',100),('5c430fb7-1f0a-de15-8e87-6802b56476e1','Anytime Air Support Inc - 7500 units','2023-01-18 12:00:00','2025-04-18 20:27:09','1','1',NULL,0,'seed_sally_id','Existing Business',NULL,'Self Generated',75000,75000,'-99','2025-12-02',NULL,'Proposal/Price Quote',65),('5d37701c-5ef3-eceb-46b3-6802b5f78db1','AB Drivers Limited - 10000 units','2022-08-08 09:45:00','2025-04-18 20:27:09','1','1',NULL,0,'seed_sally_id','Existing Business',NULL,'Email',100000,100000,'-99','2025-09-12',NULL,'Negotiation/Review',80),('5eb175f6-4ff7-443e-ec62-6802b5dfb134','Calm Sailing Inc - 7500 units','2024-09-01 12:00:00','2025-04-18 20:27:09','1','1',NULL,0,'seed_sally_id','Existing Business',NULL,'Direct Mail',75000,75000,'-99','2025-09-24',NULL,'Prospecting',10),('601966b2-1e07-33f4-ea99-6802b5b43507','AB Drivers Limited - 1000 units','2020-09-17 15:45:00','2025-04-18 20:27:09','1','1',NULL,0,'seed_sally_id','New Business',NULL,'Direct Mail',10000,10000,'-99','2020-07-13',NULL,'Closed Lost',0),('6072a98b-52d0-9b97-1c68-6802b5e4646f','J.K.M. Corp (HA) - 500 units','2024-05-26 08:30:00','2025-04-18 20:27:09','1','1',NULL,0,'seed_sarah_id','Existing Business',NULL,'Word of mouth',5000,5000,'-99','2025-09-19',NULL,'Needs Analysis',25),('63137aad-4511-7bab-6f3f-6802b540e1b0','J.K.M. Corp (HA) - 7500 units','2023-01-28 13:15:00','2025-04-18 20:27:09','1','1',NULL,0,'seed_sarah_id','Existing Business',NULL,'Other',75000,75000,'-99','2025-08-19',NULL,'Negotiation/Review',80),('657895a7-cb43-3a5b-f880-6802b5c9d95c','J.K.M. Corp (HA) - 1000 units','2020-09-02 18:45:00','2025-04-18 20:27:09','1','1',NULL,0,'seed_sarah_id','',NULL,'Trade Show',10000,10000,'-99','2020-12-03',NULL,'Closed Won',100),('6aba06a2-766e-bf41-478b-6802b5b25adf','DD Furniture Inc - 10000 units','2022-10-31 06:15:00','2025-04-18 20:27:09','1','1',NULL,0,'seed_sarah_id','',NULL,'Direct Mail',100000,100000,'-99','2025-06-15',NULL,'Proposal/Price Quote',65),('71d508f1-3a52-1a17-f1e8-6802b59a1326','Avery Software Co - 1000 units','2024-11-20 06:15:00','2025-04-18 20:27:09','1','1',NULL,0,'seed_sally_id','New Business',NULL,'Partner',10000,10000,'-99','2025-08-19',NULL,'Negotiation/Review',80),('72728ff4-fba4-2b1f-3616-6802b5d272b8','Draft Diversified Energy Inc - 500 units','2024-08-09 09:30:00','2025-04-18 20:27:09','1','1',NULL,0,'seed_will_id','New Business',NULL,'Partner',5000,5000,'-99','2025-11-19',NULL,'Perception Analysis',50),('74638451-1ba1-82f1-d730-6802b5b9c6cc','Coolview Net Ltd - 500 units','2024-08-17 14:45:00','2025-04-18 20:27:09','1','1',NULL,0,'seed_chris_id','',NULL,'Other',5000,5000,'-99','2024-06-08',NULL,'Closed Won',100),('75306c8f-14ee-7ba8-5355-6802b5ed5905','Chandler Logistics Inc - 7500 units','2024-11-29 11:30:00','2025-04-18 20:27:09','1','1',NULL,0,'seed_chris_id','',NULL,'Word of mouth',75000,75000,'-99','2026-01-09',NULL,'Proposal/Price Quote',65),('754b9d0f-5740-fc8e-5e6c-6802b5978425','Draft Diversified Energy Inc - 10000 units','2022-05-21 14:15:00','2025-04-18 20:27:09','1','1',NULL,0,'seed_will_id','New Business',NULL,'Other',100000,100000,'-99','2025-06-02',NULL,'Negotiation/Review',80),('76ff4235-cf3e-6113-d531-6802b5632622','Coolview Net Ltd - 1000 units','2023-11-17 13:15:00','2025-04-18 20:27:09','1','1',NULL,0,'seed_chris_id','Existing Business',NULL,'',10000,10000,'-99','2026-04-08',NULL,'Proposal/Price Quote',65),('779e8753-9119-e3da-6103-6802b5af7316','Hammer Group Inc - 500 units','2025-04-18 09:00:00','2025-04-18 20:27:09','1','1',NULL,0,'seed_chris_id','New Business',NULL,'Self Generated',5000,5000,'-99','2025-11-16',NULL,'Proposal/Price Quote',65),('77de368a-15d3-2529-333c-6802b52f61d5','Draft Diversified Energy Inc - 2500 units','2021-04-09 18:45:00','2025-04-18 20:27:09','1','1',NULL,0,'seed_will_id','',NULL,'Other',25000,25000,'-99','2020-08-01',NULL,'Closed Won',100),('7a844c1d-e02b-d272-a889-6802b52d340b','Hammer Group Inc - 1000 units','2022-10-23 09:15:00','2025-04-18 20:27:09','1','1',NULL,0,'seed_chris_id','New Business',NULL,'Public Relations',10000,10000,'-99','2025-05-15',NULL,'Negotiation/Review',80),('7d08f17d-9e98-72a8-c36b-6802b5796659','JAB Funds Ltd. - 10000 units','2025-02-13 08:15:00','2025-04-18 20:27:09','1','1',NULL,0,'seed_will_id','Existing Business',NULL,'Partner',100000,100000,'-99','2025-08-24',NULL,'Value Proposition',30),('7fd91429-7bd3-9ea7-0c2e-6802b5ff319d','JAB Funds Ltd. - 5000 units','2022-06-05 16:45:00','2025-04-18 20:27:09','1','1',NULL,0,'seed_will_id','',NULL,'Direct Mail',50000,50000,'-99','2022-10-04',NULL,'Closed Won',100),('82c2a463-c592-bbc7-a4e6-6802b5022fc1','JAB Funds Ltd. - 500 units','2020-05-10 17:00:00','2025-04-18 20:27:09','1','1',NULL,0,'seed_will_id','New Business',NULL,'Web Site',5000,5000,'-99','2021-03-11',NULL,'Closed Won',100),('82cd04d7-81ff-96eb-14b3-6802b5ede689','Income Free Investing LP - 7500 units','2022-10-15 17:30:00','2025-04-18 20:27:09','1','1',NULL,0,'seed_sarah_id','Existing Business',NULL,'Cold Call',75000,75000,'-99','2025-08-16',NULL,'Negotiation/Review',80),('8bc2ae0a-b0a2-48d8-2a45-6802b53002e2','Cloud Cover Trust - 1000 units','2024-12-16 18:15:00','2025-04-18 20:27:09','1','1',NULL,0,'seed_sally_id','Existing Business',NULL,'Direct Mail',10000,10000,'-99','2026-01-22',NULL,'Value Proposition',30),('8e882b99-7017-e8dc-94f9-6802b5a9f102','Cloud Cover Trust - 7500 units','2022-05-22 16:15:00','2025-04-18 20:27:09','1','1',NULL,0,'seed_sally_id','New Business',NULL,'Self Generated',75000,75000,'-99','2026-03-19',NULL,'Proposal/Price Quote',65),('8f5e4cbe-9b69-2191-ee7e-6802b5698b5e','Rubble Group Inc - 5000 units','2025-01-12 13:30:00','2025-04-18 20:27:09','1','1',NULL,0,'seed_max_id','Existing Business',NULL,'Self Generated',50000,50000,'-99','2025-12-10',NULL,'Value Proposition',30),('8fd5f8d4-5d0e-017c-4bdd-6802b55c39f0','First National S/B - 500 units','2024-10-01 19:45:00','2025-04-18 20:27:09','1','1',NULL,0,'seed_sally_id','Existing Business',NULL,'Email',5000,5000,'-99','2025-10-11',NULL,'Id. Decision Makers',40),('9263ea6f-70c0-d814-5643-6802b5fbc464','Rubble Group Inc - 7500 units','2022-11-02 12:30:00','2025-04-18 20:27:09','1','1',NULL,0,'seed_max_id','Existing Business',NULL,'Word of mouth',75000,75000,'-99','2026-01-28',NULL,'Negotiation/Review',80),('92a78e03-166f-d567-7b3e-6802b564cfae','Arts & Crafts Inc - 500 units','2025-01-11 09:30:00','2025-04-18 20:27:09','1','1',NULL,0,'seed_max_id','Existing Business',NULL,'Existing Customer',5000,5000,'-99','2024-05-20',NULL,'Closed Won',100),('952108b7-0637-2e04-f492-6802b53ce22a','Rubble Group Inc - 2500 units','2020-11-28 07:30:00','2025-04-18 20:27:09','1','1',NULL,0,'seed_max_id','New Business',NULL,'Existing Customer',25000,25000,'-99','2020-07-01',NULL,'Closed Lost',0),('96bf051e-d0d6-7af9-2c63-6802b5e41bf8','DD Furniture Inc - 7500 units','2020-12-20 11:45:00','2025-04-18 20:27:09','1','1',NULL,0,'seed_sarah_id','Existing Business',NULL,'Web Site',75000,75000,'-99','2020-06-10',NULL,'Closed Lost',0),('9a68976e-ee3c-1742-11c5-6802b55d8903','JBC Banking Inc - 5000 units','2024-05-19 19:30:00','2025-04-18 20:27:09','1','1',NULL,0,'seed_sarah_id','',NULL,'Public Relations',50000,50000,'-99','2025-09-23',NULL,'Qualification',20),('9c9a7e3a-49f9-517e-938b-6802b5cdf3af','24/7 Couriers - 7500 units','2024-09-18 13:45:00','2025-04-18 20:27:09','1','1',NULL,0,'seed_sally_id','',NULL,'Conference',75000,75000,'-99','2024-12-29',NULL,'Closed Won',100),('9d5909be-6b00-19aa-11c7-6802b5e1477d','JBC Banking Inc - 10000 units','2022-04-20 12:15:00','2025-04-18 20:27:09','1','1',NULL,0,'seed_sarah_id','Existing Business',NULL,'Direct Mail',100000,100000,'-99','2025-07-20',NULL,'Negotiation/Review',80),('9f4a9696-f64e-657f-d593-6802b584bdbd','24/7 Couriers - 500 units','2022-08-11 15:00:00','2025-04-18 20:27:09','1','1',NULL,0,'seed_sally_id','New Business',NULL,'Cold Call',5000,5000,'-99','2025-09-15',NULL,'Proposal/Price Quote',65),('a73e0839-8f3c-544c-93f9-6802b5b38b19','Avery Software Co - 1000 units','2022-05-14 17:45:00','2025-04-18 20:27:09','1','1',NULL,0,'seed_sally_id','New Business',NULL,'Direct Mail',10000,10000,'-99','2026-02-27',NULL,'Proposal/Price Quote',65),('a753084c-c435-1370-5593-6802b5c5950f','Complete Holding - 2500 units','2024-05-08 10:45:00','2025-04-18 20:27:09','1','1',NULL,0,'seed_max_id','Existing Business',NULL,'Direct Mail',25000,25000,'-99','2025-10-10',NULL,'Negotiation/Review',80),('a78991bf-ac56-872f-f3ec-6802b5fc027f','Gifted Holdings AG - 500 units','2025-04-15 14:15:00','2025-04-18 20:27:09','1','1',NULL,0,'seed_sally_id','Existing Business',NULL,'Web Site',5000,5000,'-99','2025-05-17',NULL,'Negotiation/Review',80),('a9ce235c-eafc-2298-5783-6802b5d78b0f','A.D. Importing Company Inc - 5000 units','2024-05-17 16:00:00','2025-04-18 20:27:09','1','1',NULL,0,'seed_sarah_id','Existing Business',NULL,'Self Generated',50000,50000,'-99','2024-05-18',NULL,'Closed Lost',0),('aa791bac-bd9c-2d34-f035-6802b52daf5a','Gifted Holdings AG - 1000 units','2022-11-15 11:30:00','2025-04-18 20:27:09','1','1',NULL,0,'seed_sally_id','Existing Business',NULL,'Email',10000,10000,'-99','2025-07-06',NULL,'Negotiation/Review',80),('ab1c82da-8d9b-efad-5445-6802b5020cff','Complete Holding - 7500 units','2023-01-31 12:15:00','2025-04-18 20:27:09','1','1',NULL,0,'seed_max_id','Existing Business',NULL,'Web Site',75000,75000,'-99','2025-09-01',NULL,'Negotiation/Review',80),('ac5dfdd9-0707-1f82-206d-6802b5528490','B.C. Investing International - 7500 units','2025-01-04 12:15:00','2025-04-18 20:27:09','1','1',NULL,0,'seed_max_id','Existing Business',NULL,'Employee',75000,75000,'-99','2026-02-21',NULL,'Needs Analysis',25),('accb3fa6-93d9-cd5a-f29b-6802b57021f6','A.D. Importing Company Inc - 2500 units','2022-12-21 09:45:00','2025-04-18 20:27:09','1','1',NULL,0,'seed_sarah_id','Existing Business',NULL,'Existing Customer',25000,25000,'-99','2022-12-14',NULL,'Closed Won',100),('ad087c2b-d218-4fc0-90b1-6802b57c54fb','Gifted Holdings AG - 1000 units','2020-12-05 17:15:00','2025-04-18 20:27:09','1','1',NULL,0,'seed_sally_id','',NULL,'Self Generated',10000,10000,'-99','2020-07-23',NULL,'Closed Won',100),('aed1d56d-d241-b873-4503-6802b5f9e4c4','B.C. Investing International - 2500 units','2022-08-16 09:15:00','2025-04-18 20:27:09','1','1',NULL,0,'seed_max_id','New Business',NULL,'',25000,25000,'-99','2025-05-23',NULL,'Proposal/Price Quote',65),('af85ca2b-9733-662d-ef8f-6802b561d378','A.D. Importing Company Inc - 2500 units','2020-09-22 06:15:00','2025-04-18 20:27:09','1','1',NULL,0,'seed_sarah_id','Existing Business',NULL,'Self Generated',25000,25000,'-99','2020-06-05',NULL,'Closed Lost',0),('b197b2e8-3549-dd80-a6a4-6802b587079c','B.C. Investing International - 10000 units','2020-11-28 18:00:00','2025-04-18 20:27:09','1','1',NULL,0,'seed_max_id','New Business',NULL,'Campaign',100000,100000,'-99','2020-05-27',NULL,'Closed Lost',0),('b645ca62-763e-9b07-64ea-6802b5662bdc','JJ Resources Inc - 2500 units','2024-08-31 07:45:00','2025-04-18 20:27:09','1','1',NULL,0,'seed_max_id','',NULL,'Campaign',25000,25000,'-99','2026-01-04',NULL,'Perception Analysis',50),('b6b4905e-2f5a-fdf9-abd2-6802b5067802','Sandeon Consolidation Corp - 2500 units','2024-12-30 12:15:00','2025-04-18 20:27:09','1','1',NULL,0,'seed_will_id','Existing Business',NULL,'Direct Mail',25000,25000,'-99','2025-03-23',NULL,'Closed Lost',0),('b9292ac4-9704-77de-6d72-6802b57d7f7a','JJ Resources Inc - 7500 units','2022-05-02 17:30:00','2025-04-18 20:27:09','1','1',NULL,0,'seed_max_id','New Business',NULL,'Trade Show',75000,75000,'-99','2022-09-15',NULL,'Closed Won',100),('b9775056-e020-91c5-f67f-6802b50bbc00','Sandeon Consolidation Corp - 1000 units','2023-07-15 06:30:00','2025-04-18 20:27:09','1','1',NULL,0,'seed_will_id','Existing Business',NULL,'Direct Mail',10000,10000,'-99','2025-09-23',NULL,'Negotiation/Review',80),('c4b04cba-8f22-33db-38d6-6802b5985fed','Constrata Trust LLC - 7500 units','2024-09-10 16:00:00','2025-04-18 20:27:09','1','1',NULL,0,'seed_chris_id','Existing Business',NULL,'Word of mouth',75000,75000,'-99','2026-01-29',NULL,'Qualification',20),('c548ce25-ffb4-993a-c427-6802b5837757','Green Tractor Group Limited - 1000 units','2025-01-23 14:30:00','2025-04-18 20:27:09','1','1',NULL,0,'seed_will_id','New Business',NULL,'Self Generated',10000,10000,'-99','2025-09-10',NULL,'Needs Analysis',25),('c6715a97-9468-7ed4-d163-6802b5172dd4','A.G. Parr PLC - 10000 units','2024-05-14 10:00:00','2025-04-18 20:27:09','1','1',NULL,0,'seed_will_id','',NULL,'Word of mouth',100000,100000,'-99','2025-11-08',NULL,'Id. Decision Makers',40),('c74cb5b9-94dd-1a53-1178-6802b50672f3','Constrata Trust LLC - 2500 units','2023-01-23 09:00:00','2025-04-18 20:27:09','1','1',NULL,0,'seed_chris_id','',NULL,'Public Relations',25000,25000,'-99','2023-03-11',NULL,'Closed Won',100),('c7cde910-47d9-dcb1-0aa3-6802b501e30c','Green Tractor Group Limited - 5000 units','2022-07-16 19:30:00','2025-04-18 20:27:09','1','1',NULL,0,'seed_will_id','',NULL,'Campaign',50000,50000,'-99','2022-05-06',NULL,'Closed Won',100),('c8e8aeac-c1e6-fdac-efec-6802b5446e02','A.G. Parr PLC - 1000 units','2023-04-06 07:15:00','2025-04-18 20:27:09','1','1',NULL,0,'seed_will_id','',NULL,'Direct Mail',10000,10000,'-99','2025-09-04',NULL,'Negotiation/Review',80),('c949f5fe-ec03-7827-00d5-6802b55c9cd3','Sunyvale Reporting Ltd - 1000 units','2025-01-15 17:45:00','2025-04-18 20:27:09','1','1',NULL,0,'seed_will_id','Existing Business',NULL,'Trade Show',10000,10000,'-99','2025-10-06',NULL,'Value Proposition',30),('cbd1eb18-0113-0c1d-6384-6802b5f1afa1','Sunyvale Reporting Ltd - 5000 units','2022-09-22 11:45:00','2025-04-18 20:27:09','1','1',NULL,0,'seed_will_id','',NULL,'Conference',50000,50000,'-99','2026-04-14',NULL,'Proposal/Price Quote',65),('cf8801cd-69d6-4290-66b6-6802b5f56d72','Insight Marketing Inc - 1000 units','2025-01-04 07:00:00','2025-04-18 20:27:09','1','1',NULL,0,'seed_sally_id','New Business',NULL,'Cold Call',10000,10000,'-99','2025-08-20',NULL,'Qualification',20),('d05ca938-9798-336f-3836-6802b5791a0b','360 Vacations - 5000 units','2024-07-12 15:45:00','2025-04-18 20:27:09','1','1',NULL,0,'seed_sally_id','',NULL,'Employee',50000,50000,'-99','2025-03-21',NULL,'Closed Lost',0),('d30a1e3b-c090-1d50-ad20-6802b57c03fe','360 Vacations - 1000 units','2022-12-27 07:45:00','2025-04-18 20:27:09','1','1',NULL,0,'seed_sally_id','',NULL,'Web Site',10000,10000,'-99','2025-09-25',NULL,'Proposal/Price Quote',65),('d3fd25a8-f62d-f8f4-5304-6802b51f0d69','Jungle Systems Inc - 500 units','2024-09-14 13:30:00','2025-04-18 20:27:09','1','1',NULL,0,'seed_chris_id','New Business',NULL,'Public Relations',5000,5000,'-99','2025-06-20',NULL,'Negotiation/Review',80),('d6cfd359-22ff-b340-1240-6802b5ef9680','Jungle Systems Inc - 10000 units','2023-02-05 11:45:00','2025-04-18 20:27:09','1','1',NULL,0,'seed_chris_id','New Business',NULL,'Direct Mail',100000,100000,'-99','2022-11-10',NULL,'Closed Won',100),('de371129-0682-4cc3-8524-6802b5257c11','Cumberland Trails Inc - 5000 units','2025-03-15 16:45:00','2025-04-18 20:27:09','1','1',NULL,0,'seed_sally_id','New Business',NULL,'Trade Show',50000,50000,'-99','2026-03-04',NULL,'Qualification',20),('deefc57b-7b14-1a6d-fb05-6802b58d6db5','Grow-Fast Inc - 5000 units','2024-11-08 17:15:00','2025-04-18 20:27:09','1','1',NULL,0,'seed_sarah_id','Existing Business',NULL,'Other',50000,50000,'-99','2024-09-16',NULL,'Closed Lost',0),('e037152b-82af-4bd3-1c2a-6802b5ee9c5c','AtoZ Co Ltd - 1000 units','2024-09-23 12:45:00','2025-04-18 20:27:09','1','1',NULL,0,'seed_max_id','New Business',NULL,'Campaign',10000,10000,'-99','2025-04-21',NULL,'Value Proposition',30),('e10cb7de-7639-2fb2-36c7-6802b56aa97c','Cumberland Trails Inc - 500 units','2024-03-23 12:15:00','2025-04-18 20:27:09','1','1',NULL,0,'seed_sally_id','Existing Business',NULL,'Trade Show',5000,5000,'-99','2026-03-16',NULL,'Proposal/Price Quote',65),('e21a59ec-0124-6b97-9ae2-6802b5be60a9','Grow-Fast Inc - 2500 units','2023-10-06 16:30:00','2025-04-18 20:27:09','1','1',NULL,0,'seed_sarah_id','New Business',NULL,'Partner',25000,25000,'-99','2026-02-11',NULL,'Negotiation/Review',80),('e2b64220-cdfd-7d9f-2dd5-6802b53c99ec','AtoZ Co Ltd - 7500 units','2023-07-04 08:45:00','2025-04-18 20:27:09','1','1',NULL,0,'seed_max_id','',NULL,'Existing Customer',75000,75000,'-99','2025-10-10',NULL,'Negotiation/Review',80),('e3039b42-6024-e81b-0132-6802b56873f4','B.H. Edwards Inc - 500 units','2024-06-11 19:45:00','2025-04-18 20:27:09','1','1',NULL,0,'seed_max_id','',NULL,'Trade Show',5000,5000,'-99','2026-03-04',NULL,'Negotiation/Review',80),('e5f2cc4b-cd7f-11b6-cdc3-6802b5011f02','B.H. Edwards Inc - 500 units','2022-08-04 15:00:00','2025-04-18 20:27:09','1','1',NULL,0,'seed_max_id','New Business',NULL,'Employee',5000,5000,'-99','2025-07-07',NULL,'Negotiation/Review',80),('e8cb1c46-b8fe-c611-be75-6802b5eb84fd','B.H. Edwards Inc - 7500 units','2020-04-21 15:00:00','2025-04-18 20:27:09','1','1',NULL,0,'seed_max_id','',NULL,'Word of mouth',75000,75000,'-99','2020-07-30',NULL,'Closed Lost',0),('eb3f9526-876c-feb9-3196-6802b5688b13','Powell Funding - 5000 units','2025-02-04 15:30:00','2025-04-18 20:27:09','1','1',NULL,0,'seed_sarah_id','',NULL,'Public Relations',50000,50000,'-99','2025-07-27',NULL,'Qualification',20),('ee074cf8-e5ce-7ab2-9c58-6802b509e5cd','Powell Funding - 5000 units','2022-12-31 12:15:00','2025-04-18 20:27:09','1','1',NULL,0,'seed_sarah_id','New Business',NULL,'Existing Customer',50000,50000,'-99','2023-04-18',NULL,'Closed Won',100),('ef6cc521-f82b-9ccc-069d-6802b5bc610f','Kringle Bell IncK.A. Tower & Co - 1000 units','2024-10-07 10:00:00','2025-04-18 20:27:09','1','1',NULL,0,'seed_max_id','Existing Business',NULL,'Direct Mail',10000,10000,'-99','2026-03-18',NULL,'Id. Decision Makers',40),('f0d7fcff-8158-3ce5-4bd7-6802b5f29534','Powell Funding - 10000 units','2020-12-19 10:30:00','2025-04-18 20:27:09','1','1',NULL,0,'seed_sarah_id','New Business',NULL,'Public Relations',100000,100000,'-99','2020-05-13',NULL,'Closed Lost',0),('f24906a8-d4c2-4b41-9585-6802b58e8874','Kringle Bell IncK.A. Tower & Co - 7500 units','2023-03-12 09:30:00','2025-04-18 20:27:09','1','1',NULL,0,'seed_max_id','Existing Business',NULL,'Public Relations',75000,75000,'-99','2025-05-10',NULL,'Proposal/Price Quote',65),('ffc408cf-3db3-cac7-1ff6-6802b510650a','Insight Marketing Inc - 2500 units','2023-11-25 13:00:00','2025-04-18 20:27:09','1','1',NULL,0,'seed_sally_id','',NULL,'Cold Call',25000,25000,'-99','2025-11-08',NULL,'Proposal/Price Quote',65);

--
-- Table structure for table `opportunities_audit`
--

CREATE TABLE `opportunities_audit` (
  `id` char(36) NOT NULL,
  `parent_id` char(36) NOT NULL,
  `date_created` datetime DEFAULT NULL,
  `created_by` varchar(36) DEFAULT NULL,
  `field_name` varchar(100) DEFAULT NULL,
  `data_type` varchar(100) DEFAULT NULL,
  `before_value_string` varchar(255) DEFAULT NULL,
  `after_value_string` varchar(255) DEFAULT NULL,
  `before_value_text` text DEFAULT NULL,
  `after_value_text` text DEFAULT NULL,
  PRIMARY KEY (`id`),
  KEY `idx_opportunities_parent_id` (`parent_id`)
) ENGINE=InnoDB DEFAULT CHARSET=utf8 COLLATE=utf8_general_ci;

--
-- Dumping data for table `opportunities_audit`
--


--
-- Table structure for table `opportunities_contacts`
--

CREATE TABLE `opportunities_contacts` (
  `id` varchar(36) NOT NULL,
  `contact_id` varchar(36) DEFAULT NULL,
  `opportunity_id` varchar(36) DEFAULT NULL,
  `contact_role` varchar(50) DEFAULT NULL,
  `date_modified` datetime DEFAULT NULL,
  `deleted` tinyint(1) DEFAULT 0,
  PRIMARY KEY (`id`),
  KEY `idx_con_opp_con` (`contact_id`),
  KEY `idx_con_opp_opp` (`opportunity_id`),
  KEY `idx_opportunities_contacts` (`opportunity_id`,`contact_id`)
) ENGINE=InnoDB DEFAULT CHARSET=utf8 COLLATE=utf8_general_ci;

--
-- Dumping data for table `opportunities_contacts`
--

INSERT INTO `opportunities_contacts` VALUES ('122c29df-2b39-4d6f-5d48-6802b5bc8b99','b38108b4-d4c6-4361-77b3-6802b5fac257','3bceffc1-c57a-5943-3e2d-6802b5d89ae4','Business Decision Maker','2025-04-18 20:27:09',0),('1497676a-ea42-fa7e-bbec-6802b536f99a','dcff0128-4128-5b68-2494-6802b5d3b2b6','aed1d56d-d241-b873-4503-6802b5f9e4c4','Business Decision Maker','2025-04-18 20:27:09',0),('156e8c03-4588-f95b-7f7e-6802b5a0e0dd','e8f601ef-c912-c30a-c5e1-6802b5f9471a','15b73118-ec27-0d10-0886-6802b5370b59','Technical Evaluator','2025-04-18 20:27:09',0),('18911bbb-b54e-fc1c-aec3-6802b5d2cce5','11ee5073-26ed-230e-965b-6802b58bba1d','c6715a97-9468-7ed4-d163-6802b5172dd4','Primary Decision Maker','2025-04-18 20:27:09',0),('1a95bdf6-cfae-270d-3e59-6802b5d9200a','13cf6664-ed06-62ce-5a1a-6802b5bd7faa','42eb0ff4-408c-9289-9f55-6802b59a20a6','Influencer','2025-04-18 20:27:09',0),('1b775e9e-ede3-b9ee-38bf-6802b524313a','14ab1766-f7aa-302c-cab9-6802b55e016a','27dedc32-49b5-6808-2800-6802b5dddd01','Primary Decision Maker','2025-04-18 20:27:09',0),('1bdcfafe-f3c1-b935-e0bf-6802b58babcb','156b93bd-994f-dfd6-cbfc-6802b5f38403','9a68976e-ee3c-1742-11c5-6802b55d8903','Primary Decision Maker','2025-04-18 20:27:09',0),('1c6cf3bc-71b1-327b-f066-6802b574c5f2','15869f2d-60e1-62d4-91ad-6802b53c74b8','e3039b42-6024-e81b-0132-6802b56873f4','Primary Decision Maker','2025-04-18 20:27:09',0),('1c7aebf6-710a-ce51-2a11-6802b5ac1010','15be29d2-7bad-e88b-0c92-6802b5f89043','76ff4235-cf3e-6113-d531-6802b5632622','Technical Evaluator','2025-04-18 20:27:09',0),('1ce40b94-e933-5348-6db3-6802b5593bd0','1620708a-e542-4d02-29a6-6802b5b5bf65','406de273-3ee3-57bd-4c88-6802b56f6367','Primary Decision Maker','2025-04-18 20:27:09',0),('1d9be4ae-35bc-4a7f-6457-6802b592e838','16fd7e26-0f79-f65c-2453-6802b55ddd3f','d3fd25a8-f62d-f8f4-5304-6802b51f0d69','Primary Decision Maker','2025-04-18 20:27:09',0),('1e204781-190e-50bc-5bdb-6802b5ea3594','17508038-2c41-ce07-09e0-6802b5e1ebf2','72728ff4-fba4-2b1f-3616-6802b5d272b8','Primary Decision Maker','2025-04-18 20:27:09',0),('1e706dc8-e0f6-5958-189e-6802b51a523f','17812e4a-6aa9-47bd-754b-6802b56ccf16','82cd04d7-81ff-96eb-14b3-6802b5ede689','Other','2025-04-18 20:27:09',0),('20620931-12cf-e27d-9651-6802b5dd89f8','19999c46-bb6d-8bb0-035a-6802b5341a42','a9ce235c-eafc-2298-5783-6802b5d78b0f','Primary Decision Maker','2025-04-18 20:27:09',0),('2252414a-3e49-e670-e5fc-6802b5e6d50c','1b989298-dcd0-79ae-163a-6802b5e3579b','d05ca938-9798-336f-3836-6802b5791a0b','Executive Sponsor','2025-04-18 20:27:09',0),('2327eebd-e8a5-1d9d-3c01-6802b5007ad4','1c54dd85-744b-8825-7e8c-6802b55eebd1','c74cb5b9-94dd-1a53-1178-6802b50672f3','Business Evaluator','2025-04-18 20:27:09',0),('26ba9d55-9488-15ac-103d-6802b53e4c85','20363b96-d4d9-ca69-ef58-6802b56eefb5','7a844c1d-e02b-d272-a889-6802b52d340b','Executive Sponsor','2025-04-18 20:27:09',0),('274a9b5e-9aa3-4832-de42-6802b5b733ba','2051fe27-4d05-ba57-cc02-6802b5ee6472','63137aad-4511-7bab-6f3f-6802b540e1b0','Other','2025-04-18 20:27:09',0),('29b2a3c7-21ea-9bdc-0fca-6802b51b9da1','229b19af-d82a-4610-d4bf-6802b574175a','cbd1eb18-0113-0c1d-6384-6802b5f1afa1','Influencer','2025-04-18 20:27:09',0),('2abc8d8c-4a7f-006e-8a6f-6802b5c426fc','243d15f3-a809-ae61-a919-6802b5ab74fb','34e88cdd-d1d0-b446-c35f-6802b502bf57','Technical Evaluator','2025-04-18 20:27:09',0),('2cdce9e1-e9a4-e4c4-c74b-6802b50e410d','262188ed-9bc7-9acc-0b2a-6802b5fc84a3','e2b64220-cdfd-7d9f-2dd5-6802b53c99ec','Primary Decision Maker','2025-04-18 20:27:09',0),('303a474c-b29c-d467-4a0f-6802b506b919','29f4dff9-22aa-312f-ce79-6802b58eab9f','b9292ac4-9704-77de-6d72-6802b57d7f7a','Primary Decision Maker','2025-04-18 20:27:09',0),('30757a07-6ef0-e281-20b0-6802b5ab39d0','29cadd5d-91ed-c5e6-7c75-6802b5541a9e','47c28fc7-db5f-b906-27ac-6802b5a355fb','Primary Decision Maker','2025-04-18 20:27:09',0),('3090e997-4f6b-72ca-3e93-6802b5e1d591','29b799a7-7989-034c-0dce-6802b5080802','209168bd-bd0d-ea1e-9487-6802b5f44d3e','Technical Decision Maker','2025-04-18 20:27:09',0),('30fa371a-f5bc-0d1e-c037-6802b56a364e','2a6eaa5d-87d6-a378-c75a-6802b5eb5c06','952108b7-0637-2e04-f492-6802b53ce22a','Business Decision Maker','2025-04-18 20:27:09',0),('30fee1af-8565-305b-0bf6-6802b5abd0df','2a885807-9139-a182-e804-6802b546df53','ffc408cf-3db3-cac7-1ff6-6802b510650a','Primary Decision Maker','2025-04-18 20:27:09',0),('31778fd7-a807-29f6-2c41-6802b58700bb','2aea7c9e-bd15-ca57-9ba1-6802b5ff4272','5782b849-7a46-7d80-b887-6802b522b5e1','Primary Decision Maker','2025-04-18 20:27:09',0),('31867893-d9b3-a063-985a-6802b5ee9572','2b26c118-fcba-6d8a-a7c9-6802b5ee2a39','17d10f26-fb10-8d81-4ea3-6802b55a2947','Primary Decision Maker','2025-04-18 20:27:09',0),('319f2792-9b65-b880-1ccd-6802b54f4f96','2b3a7abb-ac7d-4470-f6ec-6802b5751528','8fd5f8d4-5d0e-017c-4bdd-6802b55c39f0','Primary Decision Maker','2025-04-18 20:27:09',0),('33f0bf09-3a35-bb4d-5f10-6802b5891579','2d02aab0-d4d6-50cf-625d-6802b58d5b19','23f22cca-cf5f-6ea4-a3cc-6802b59bdd2c','Other','2025-04-18 20:27:09',0),('3495a8ee-3a53-e944-6473-6802b568e38b','2db58ec2-5f8e-8145-a4f3-6802b53b695a','c6715a97-9468-7ed4-d163-6802b5172dd4','Business Decision Maker','2025-04-18 20:27:09',0),('3796b993-3e67-e79e-b53f-6802b5f425eb','303af428-967e-7275-fcb2-6802b5ddbcd7','f0d7fcff-8158-3ce5-4bd7-6802b5f29534','Technical Decision Maker','2025-04-18 20:27:09',0),('38542db5-5135-b89d-3015-6802b5f1b131','31689dc5-e725-8921-66e2-6802b5a6a07c','de371129-0682-4cc3-8524-6802b5257c11','Business Evaluator','2025-04-18 20:27:09',0),('3ae0e2c5-4d07-ee2c-e836-6802b5592b5f','347ae0f7-6a88-a397-3b2d-6802b515f603','92a78e03-166f-d567-7b3e-6802b564cfae','Executive Sponsor','2025-04-18 20:27:09',0),('3b3f84f9-6048-5be3-b41c-6802b581c68d','34b8ab9f-8946-202d-225f-6802b528b645','7d08f17d-9e98-72a8-c36b-6802b5796659','Business Evaluator','2025-04-18 20:27:09',0),('3def0f66-29dc-6338-b185-6802b5fc612b','f0a54d14-46fd-f76a-06d8-6802b5bf14b3','accb3fa6-93d9-cd5a-f29b-6802b57021f6','Primary Decision Maker','2025-04-18 20:27:09',0),('3f4cc5e7-ef1c-da37-3856-6802b516db70','38d4d1dd-81fa-0051-2df7-6802b5bccfe6','9c9a7e3a-49f9-517e-938b-6802b5cdf3af','Primary Decision Maker','2025-04-18 20:27:09',0),('3f5675f4-b6f8-cc6e-2ed9-6802b52402ff','38c05c55-fc9d-6a15-f938-6802b51a88e0','5a4a1c18-b4cc-2948-6112-6802b5bc9173','Business Decision Maker','2025-04-18 20:27:09',0),('3ffdc13f-c9e8-9270-18c9-6802b53e6af6','38006e96-aab4-5c09-375e-6802b5fce556','e5f2cc4b-cd7f-11b6-cdc3-6802b5011f02','Primary Decision Maker','2025-04-18 20:27:09',0),('41680339-da0c-62c4-dbd9-6802b5b944eb','3aed5bd3-240b-f4ac-5460-6802b5e81791','71d508f1-3a52-1a17-f1e8-6802b59a1326','Primary Decision Maker','2025-04-18 20:27:09',0),('446d3a57-fc6b-b86b-f44f-6802b53aee14','3df9a50b-0698-196c-1364-6802b5a1fac7','d6cfd359-22ff-b340-1240-6802b5ef9680','Influencer','2025-04-18 20:27:09',0),('44e3c7ee-2170-a536-f61f-6802b5e49131','3def7388-1633-2db4-7111-6802b5486674','5eb175f6-4ff7-443e-ec62-6802b5dfb134','Primary Decision Maker','2025-04-18 20:27:09',0),('455c8a2b-ba70-75a2-7e16-6802b51926d3','3ed44f03-5973-d0a3-1bf9-6802b5ec20ec','1bb470a7-4664-5359-5415-6802b51f4733','Primary Decision Maker','2025-04-18 20:27:09',0),('45b89b4c-fc74-0487-73db-6802b51682a7','3f518b19-8348-0522-0ffb-6802b509e6a0','77de368a-15d3-2529-333c-6802b52f61d5','Influencer','2025-04-18 20:27:09',0),('45c39a82-96fb-7425-24aa-6802b57ded4b','3f4c86a4-4447-6b13-1ee6-6802b590c410','406de273-3ee3-57bd-4c88-6802b56f6367','Technical Decision Maker','2025-04-18 20:27:09',0),('45e1d54d-0186-07f8-b076-6802b52462be','3f5bf6f2-aad3-5dec-276c-6802b5ac08e0','a78991bf-ac56-872f-f3ec-6802b5fc027f','Primary Decision Maker','2025-04-18 20:27:09',0),('45e87d5d-9e78-f0fb-2799-6802b5667453','3f0edfad-9512-20ec-b9a0-6802b50dc74b','b197b2e8-3549-dd80-a6a4-6802b587079c','Business Decision Maker','2025-04-18 20:27:09',0),('464a8414-b75f-456c-07ad-6802b5d37c6c','3fc984dd-39d5-a275-2c29-6802b580a009','27dedc32-49b5-6808-2800-6802b5dddd01','Executive Sponsor','2025-04-18 20:27:09',0),('484fbfb8-d0fa-6ee7-8395-6802b53a95d6','417705c1-62a2-5200-86dc-6802b53b50f8','3bceffc1-c57a-5943-3e2d-6802b5d89ae4','Other','2025-04-18 20:27:09',0),('49505ba1-14f4-7b3c-ba02-6802b523ef4c','42a2f9a4-097a-6719-c11d-6802b593e6f4','e037152b-82af-4bd3-1c2a-6802b5ee9c5c','Primary Decision Maker','2025-04-18 20:27:09',0),('4cb5f616-c197-b04d-cbcf-6802b5003690','462539fc-278f-6fce-7b29-6802b54b7842','6aba06a2-766e-bf41-478b-6802b5b25adf','Influencer','2025-04-18 20:27:09',0),('4ed0b1e4-5fde-41c9-4d17-6802b5017625','4848459f-c8d2-b64d-488a-6802b5760d65','af85ca2b-9733-662d-ef8f-6802b561d378','Influencer','2025-04-18 20:27:09',0),('4efd7cfa-ef57-955f-34f7-6802b525ed1a','4877c19a-ff91-62b8-9bc2-6802b5d8ae2b','9a68976e-ee3c-1742-11c5-6802b55d8903','Business Decision Maker','2025-04-18 20:27:09',0),('5365b25f-8708-3688-7862-6802b5786973','4d0ce9d9-5899-e375-10cc-6802b50c5db2','7a844c1d-e02b-d272-a889-6802b52d340b','Business Evaluator','2025-04-18 20:27:09',0),('54e1b22e-2457-1333-1398-6802b5e9d97c','4e701b0c-7275-f677-8ef8-6802b5eb6555','b6b4905e-2f5a-fdf9-abd2-6802b5067802','Primary Decision Maker','2025-04-18 20:27:09',0),('5575c622-f90f-6e63-b12c-6802b51d77a8','4e2c79fa-2ca2-c390-a47c-6802b5454464','ffc408cf-3db3-cac7-1ff6-6802b510650a','Technical Decision Maker','2025-04-18 20:27:09',0),('562acdac-f417-92f1-7439-6802b52b9b16','4f39e997-9246-3450-9dfb-6802b5b69d12','2335f192-6dba-a732-1a2f-6802b540f411','Primary Decision Maker','2025-04-18 20:27:09',0),('58669304-44ca-97d8-e2b9-6802b5adeb89','51ee9a0d-53a4-cbe2-de8f-6802b530b8c0','ef6cc521-f82b-9ccc-069d-6802b5bc610f','Primary Decision Maker','2025-04-18 20:27:09',0),('58f30a11-6d48-1c56-cb70-6802b58760f1','f2c192e8-9ac7-15db-010b-6802b59deb20','de371129-0682-4cc3-8524-6802b5257c11','Other','2025-04-18 20:27:09',0),('59798f3c-0ba1-8375-4e83-6802b5e2a1f3','530df09f-64fd-1a03-7d05-6802b5ff7349','9f4a9696-f64e-657f-d593-6802b584bdbd','Primary Decision Maker','2025-04-18 20:27:09',0),('597c5294-0e7f-b3e5-8594-6802b5a19e72','525b9804-be5b-bd3c-00c0-6802b5cf8705','75306c8f-14ee-7ba8-5355-6802b5ed5905','Primary Decision Maker','2025-04-18 20:27:09',0),('59e77adb-40fa-a62e-3781-6802b55e60e5','536ac7aa-833d-e219-c7b6-6802b50a1a95','c548ce25-ffb4-993a-c427-6802b5837757','Primary Decision Maker','2025-04-18 20:27:09',0),('5a05f5c7-bd15-47be-1a9f-6802b51be181','53aa7de2-c910-b5a6-514d-6802b567da55','4291c4d0-b82d-7705-e609-6802b5e73ad3','Primary Decision Maker','2025-04-18 20:27:09',0),('5a637913-4e8f-c54e-2065-6802b5a28231','53285091-3611-d46d-473d-6802b5e26463','8fd5f8d4-5d0e-017c-4bdd-6802b55c39f0','Executive Sponsor','2025-04-18 20:27:09',0),('5a8809e5-32f0-899d-34bb-6802b5a98ae2','53b600ae-d3b6-c7ee-5ef5-6802b5cec079','5782b849-7a46-7d80-b887-6802b522b5e1','Technical Decision Maker','2025-04-18 20:27:09',0),('5b3759cd-cc3e-10e4-c52c-6802b597178a','540bc4e3-d441-4a55-c083-6802b504a1cf','cbd1eb18-0113-0c1d-6384-6802b5f1afa1','Other','2025-04-18 20:27:09',0),('5ce3c84f-aa4b-ed44-161d-6802b548b2da','562cb417-b205-3682-b568-6802b5ace8a5','657895a7-cb43-3a5b-f880-6802b5c9d95c','Other','2025-04-18 20:27:09',0),('5d81f6ff-cd38-1e03-cf9f-6802b5f8b21f','56ac4f49-af78-6509-ab29-6802b50387c5','a73e0839-8f3c-544c-93f9-6802b5b38b19','Primary Decision Maker','2025-04-18 20:27:09',0),('6265f35b-f6cb-332c-b0e4-6802b58e5eec','5b83ad50-290c-2572-5bdb-6802b59bcec3','26148cc8-02b5-fa9c-f46c-6802b55eafac','Technical Decision Maker','2025-04-18 20:27:09',0),('62c16f0d-e213-41fa-0411-6802b5bbd6c9','5c5c2b45-6de2-c00d-dbec-6802b5d70bd2','c8e8aeac-c1e6-fdac-efec-6802b5446e02','Business Decision Maker','2025-04-18 20:27:09',0),('63f26d3c-6ff9-02a1-1040-6802b5944805','5d55c52b-1ff1-054e-d958-6802b5dd9b25','b9292ac4-9704-77de-6d72-6802b57d7f7a','Business Decision Maker','2025-04-18 20:27:09',0),('64b405a0-697a-66c9-4893-6802b53b6f41','f3a1e107-0a9f-1f1d-448e-6802b57e2d3c','cf8801cd-69d6-4290-66b6-6802b5f56d72','Primary Decision Maker','2025-04-18 20:27:09',0),('64df078e-f897-b98d-4dc9-6802b5c706f3','f2ca38bc-e621-e552-c6b0-6802b5c0f685','c949f5fe-ec03-7827-00d5-6802b55c9cd3','Influencer','2025-04-18 20:27:09',0),('6798af12-951e-104c-144b-6802b524ff58','610fe734-575d-39e3-e967-6802b52a3fd2','92a78e03-166f-d567-7b3e-6802b564cfae','Business Evaluator','2025-04-18 20:27:09',0),('695e6750-0540-8fe3-a162-6802b52d51be','63073866-3c27-11bc-a212-6802b5e84966','d30a1e3b-c090-1d50-ad20-6802b57c03fe','Primary Decision Maker','2025-04-18 20:27:09',0),('6a9ba6ab-3142-0e85-de97-6802b5ab1791','63261f2a-19e3-3f85-8999-6802b5e00c3a','2ab5fa66-a824-d84b-615a-6802b5731db2','Executive Sponsor','2025-04-18 20:27:09',0),('6ac19e08-0eef-7bfc-f22b-6802b5094c9c','63d62ee0-8068-0346-29b2-6802b5bc67f9','3d7e61bf-3880-2a43-2fdd-6802b57e99ca','Primary Decision Maker','2025-04-18 20:27:09',0),('6c9f9059-72c0-d66b-9fc2-6802b5e8b849','66633001-3b14-658d-3d40-6802b5363394','1ea46139-1b0f-05b6-c907-6802b595bac9','Primary Decision Maker','2025-04-18 20:27:09',0),('6d9f2a87-9940-6d7b-928d-6802b5cf9ff1','67349f54-20e3-ba61-1ea9-6802b580e859','5eb175f6-4ff7-443e-ec62-6802b5dfb134','Executive Sponsor','2025-04-18 20:27:09',0),('6dd8ee5c-4118-68b0-0502-6802b5308869','67a14bf4-0082-9688-dc30-6802b55b8a7e','deefc57b-7b14-1a6d-fb05-6802b58d6db5','Primary Decision Maker','2025-04-18 20:27:09',0),('6e0911cb-3fe7-a10d-2d61-6802b5812d57','678dbb27-18f8-b58f-7eb7-6802b5494a1d','b9775056-e020-91c5-f67f-6802b50bbc00','Business Decision Maker','2025-04-18 20:27:09',0),('6e585220-22c4-903b-fb2c-6802b5e88358','679ac88f-51d9-b483-ee3a-6802b59cbc51','8e882b99-7017-e8dc-94f9-6802b5a9f102','Primary Decision Maker','2025-04-18 20:27:09',0),('6f09004a-4f86-a97d-6a50-6802b5cc7e28','78900ead-cb67-3985-391f-6802b592399b','7fd91429-7bd3-9ea7-0c2e-6802b5ff319d','Business Evaluator','2025-04-18 20:27:09',0),('6f22f9e7-ab21-e21f-d009-6802b586dc7f','688d24b5-c1a7-4d71-62b4-6802b559f3e3','aa791bac-bd9c-2d34-f035-6802b52daf5a','Primary Decision Maker','2025-04-18 20:27:09',0),('6f756f44-f82e-7558-2e8c-6802b53b517a','68e9e34e-e49e-6d64-943e-6802b5cbd9a0','72728ff4-fba4-2b1f-3616-6802b5d272b8','Influencer','2025-04-18 20:27:09',0),('704c9095-af0d-d7e5-323a-6802b5adefa4','69a22867-7f44-20da-7890-6802b5ddc3cd','e5f2cc4b-cd7f-11b6-cdc3-6802b5011f02','Technical Decision Maker','2025-04-18 20:27:09',0),('719ae923-9005-dccf-79e3-6802b5b1201c','6b05344d-9823-fbe6-53f3-6802b596045b','82c2a463-c592-bbc7-a4e6-6802b5022fc1','Business Evaluator','2025-04-18 20:27:09',0),('74470949-826b-c4b8-00f8-6802b5694a62','a0f007ad-d717-1202-2dc1-6802b59a282f','23569d28-0994-5c44-ce78-6802b53614b7','Technical Decision Maker','2025-04-18 20:27:09',0),('77686aa1-631d-b10a-fa3e-6802b5f2b6cc','70bbbd21-4280-ab82-fe06-6802b53ae890','e037152b-82af-4bd3-1c2a-6802b5ee9c5c','Executive Sponsor','2025-04-18 20:27:09',0),('77eb2b16-3a15-0623-d863-6802b535ccf2','7140829e-8390-d9d9-98a9-6802b5915a74','406de273-3ee3-57bd-4c88-6802b56f6367','Technical Evaluator','2025-04-18 20:27:09',0),('78616640-464e-40aa-4f7b-6802b5e13a53','7188170a-f6d7-dbf5-f810-6802b51435c0','d3fd25a8-f62d-f8f4-5304-6802b51f0d69','Influencer','2025-04-18 20:27:09',0),('7a9c0801-70e7-b971-479b-6802b5910c12','bc500927-4489-2e94-3709-6802b50e7ff7','5c430fb7-1f0a-de15-8e87-6802b56476e1','Executive Sponsor','2025-04-18 20:27:09',0),('7be579e6-b6cc-92d3-81a1-6802b53a55b6','7543c9d1-9caa-bc32-65fe-6802b5c130b3','a9ce235c-eafc-2298-5783-6802b5d78b0f','Influencer','2025-04-18 20:27:09',0),('7d4f90eb-bedd-f1f6-0154-6802b5df231c','76e506f0-a509-a33f-56fd-6802b58965aa','ee074cf8-e5ce-7ab2-9c58-6802b509e5cd','Primary Decision Maker','2025-04-18 20:27:09',0),('7eb4df59-6e81-a08c-7007-6802b56ae937','7852d458-104d-381b-d405-6802b5ef5237','45589663-883d-e4b4-23c4-6802b518ef1a','Primary Decision Maker','2025-04-18 20:27:09',0),('7f267178-0a67-42b0-79f7-6802b56f6474','783d1ef6-1d56-d0cd-250f-6802b570a6de','598ab7bd-64dd-a02d-b27e-6802b54e68df','Primary Decision Maker','2025-04-18 20:27:09',0),('7f995413-135e-78db-cc56-6802b568b5cc','794d0c68-2975-aa64-1f9d-6802b5d2bc85','25d88b28-1d31-6a29-f9a7-6802b5434080','Technical Evaluator','2025-04-18 20:27:09',0),('8033d512-714d-645e-b370-6802b5ffe440','79cac7d8-0c3c-cf08-ce09-6802b51c1c7e','9f4a9696-f64e-657f-d593-6802b584bdbd','Other','2025-04-18 20:27:09',0),('80890251-def5-c3c9-1465-6802b5da0a33','915007cd-fd10-1f56-609f-6802b57c4e33','601966b2-1e07-33f4-ea99-6802b5b43507','Business Decision Maker','2025-04-18 20:27:09',0),('81f660e4-3a0a-c8ed-7a48-6802b530c3c1','7b751e78-bce3-2975-4813-6802b5ae4219','75306c8f-14ee-7ba8-5355-6802b5ed5905','Technical Decision Maker','2025-04-18 20:27:09',0),('82111136-c261-f802-096d-6802b55001fe','7b850249-8118-1e87-9df0-6802b526e02f','55e301ee-e3f4-e4f6-f0f0-6802b598c144','Primary Decision Maker','2025-04-18 20:27:09',0),('833de972-b132-7913-f774-6802b5553558','7c8c3f2f-8439-74e0-a8d6-6802b5922b2b','ab1c82da-8d9b-efad-5445-6802b5020cff','Primary Decision Maker','2025-04-18 20:27:09',0),('8391fef1-5bc6-7dc6-9f7c-6802b5552f91','7c4cbce4-382b-1705-b65f-6802b5805798','d05ca938-9798-336f-3836-6802b5791a0b','Primary Decision Maker','2025-04-18 20:27:09',0),('83b6486d-6845-3aca-4bc3-6802b52be997','7ccca188-3ea2-8599-983c-6802b5b65b13','c7cde910-47d9-dcb1-0aa3-6802b501e30c','Technical Evaluator','2025-04-18 20:27:09',0),('84911370-b0fc-6701-6e51-6802b544fd75','7d10f890-5077-76ea-2868-6802b551208b','8fd5f8d4-5d0e-017c-4bdd-6802b55c39f0','Executive Sponsor','2025-04-18 20:27:09',0),('84e90198-10f3-c58e-d81d-6802b5e1c13f','7e2a9e96-d721-cd0f-8673-6802b5875b8d','ffc408cf-3db3-cac7-1ff6-6802b510650a','Business Evaluator','2025-04-18 20:27:09',0),('86347a78-a0c6-26ff-342c-6802b557b45c','7f1c0222-0d89-96c2-8503-6802b58f9e34','9a68976e-ee3c-1742-11c5-6802b55d8903','Influencer','2025-04-18 20:27:09',0),('8c408346-f53c-f78f-1575-6802b554e206','85661c63-8715-7c42-ba0d-6802b5de5f89','a73e0839-8f3c-544c-93f9-6802b5b38b19','Other','2025-04-18 20:27:09',0),('8ce335a3-00f7-4308-25a0-6802b51c4738','8655bcd0-5243-01d5-648b-6802b590ba2d','f24906a8-d4c2-4b41-9585-6802b58e8874','Primary Decision Maker','2025-04-18 20:27:09',0),('8d7af057-0be3-9542-2ce7-6802b5a418a1','86b89264-7b4e-7957-cbb9-6802b5b16b05','5782b849-7a46-7d80-b887-6802b522b5e1','Other','2025-04-18 20:27:09',0),('8fe95b92-7a81-fd81-9470-6802b5e22bb0','897e2f2f-4754-e022-5e47-6802b56cfd02','c8e8aeac-c1e6-fdac-efec-6802b5446e02','Business Evaluator','2025-04-18 20:27:09',0),('8fea01da-2cfc-7f72-214f-6802b53590da','22060685-e128-77a4-7d06-6802b5e36843','e21a59ec-0124-6b97-9ae2-6802b5be60a9','Influencer','2025-04-18 20:27:09',0),('91fa6021-49c9-6aa4-c5c2-6802b5bd0500','8b664df1-6532-229c-5bd3-6802b5ec078b','183c1fac-5614-70ca-1108-6802b55e7066','Primary Decision Maker','2025-04-18 20:27:09',0),('932b7b7d-8bf9-cb11-b9f2-6802b563321b','8c958938-9ed0-c022-d18f-6802b56462b0','5eb175f6-4ff7-443e-ec62-6802b5dfb134','Other','2025-04-18 20:27:09',0),('93c811f2-0523-31aa-3892-6802b564b6ac','8d2965af-fed8-2912-5078-6802b58b6b25','74638451-1ba1-82f1-d730-6802b5b9c6cc','Primary Decision Maker','2025-04-18 20:27:09',0),('942053b0-3929-16d6-486e-6802b56aa192','8ddc429b-f17a-9f01-aedf-6802b5c8af61','b6b4905e-2f5a-fdf9-abd2-6802b5067802','Business Decision Maker','2025-04-18 20:27:09',0),('94930327-3341-4add-4e14-6802b5d598c4','27550e46-7208-735a-064d-6802b510a63d','b645ca62-763e-9b07-64ea-6802b5662bdc','Primary Decision Maker','2025-04-18 20:27:09',0),('94c55362-2f28-3389-7ee9-6802b52160b4','8e61bcd8-2771-845b-d464-6802b50fc3d5','4041cbec-6b1d-36f8-0a75-6802b549298c','Primary Decision Maker','2025-04-18 20:27:09',0),('96734a8a-c852-0236-a9ff-6802b5c0e0a6','8fddb06f-46f4-a03e-9a0f-6802b5e1f72f','8bc2ae0a-b0a2-48d8-2a45-6802b53002e2','Primary Decision Maker','2025-04-18 20:27:09',0),('976235e8-3798-af21-6058-6802b527240e','9118e97b-9e90-93bc-85c0-6802b518e821','c74cb5b9-94dd-1a53-1178-6802b50672f3','Primary Decision Maker','2025-04-18 20:27:09',0),('97959813-2cba-ea5f-7c68-6802b5b8586c','90fdb260-2c9b-bfc6-424d-6802b556295b','e21a59ec-0124-6b97-9ae2-6802b5be60a9','Primary Decision Maker','2025-04-18 20:27:09',0),('97bbb5b7-e753-28ce-e393-6802b576d1da','915acefd-e2bb-9ed9-fea6-6802b543dda4','2157081c-151d-3165-5587-6802b5a3c3c5','Primary Decision Maker','2025-04-18 20:27:09',0),('985ef426-0fbf-1abc-4b61-6802b5e6ec4b','91dadd01-de8a-c1ca-08ae-6802b54721d6','eb3f9526-876c-feb9-3196-6802b5688b13','Primary Decision Maker','2025-04-18 20:27:09',0),('99b7171c-220f-96f4-25bf-6802b5f9d2df','92f72a85-57e7-bdb7-14ab-6802b56544ba','ad087c2b-d218-4fc0-90b1-6802b57c54fb','Business Decision Maker','2025-04-18 20:27:09',0),('9a1bf88b-faf6-6fff-4641-6802b581547a','9364a42b-86f4-c42d-d5fa-6802b5a67fb0','2ab5fa66-a824-d84b-615a-6802b5731db2','Executive Sponsor','2025-04-18 20:27:09',0),('9be4c925-e855-3b1d-7103-6802b511adb2','9549350e-65ef-2691-f506-6802b55b89d7','b9292ac4-9704-77de-6d72-6802b57d7f7a','Business Decision Maker','2025-04-18 20:27:09',0),('9d70030a-2596-e63f-18aa-6802b546f24c','2b480aac-d16d-fbd1-2afd-6802b529deae','5a8bbaa3-c908-6aad-3868-6802b5097044','Primary Decision Maker','2025-04-18 20:27:09',0),('a0a48c28-fcfc-4466-a28c-6802b5f967e4','99efa180-585b-a6f1-9b17-6802b51298e2','2335f192-6dba-a732-1a2f-6802b540f411','Technical Evaluator','2025-04-18 20:27:09',0),('a1983df0-83fe-5670-ecf3-6802b5084359','9b295046-0998-6d52-df41-6802b5025323','754b9d0f-5740-fc8e-5e6c-6802b5978425','Influencer','2025-04-18 20:27:09',0),('a1cafe1b-fdae-8291-1de6-6802b5049253','9b23ea6f-12ae-c827-0879-6802b528e7f6','1ea46139-1b0f-05b6-c907-6802b595bac9','Business Evaluator','2025-04-18 20:27:09',0),('a4298d79-69eb-901c-b146-6802b58c9bc8','9da0791d-70cc-2cdc-3649-6802b56608de','e037152b-82af-4bd3-1c2a-6802b5ee9c5c','Technical Evaluator','2025-04-18 20:27:09',0),('a6c7fa64-9ba5-026b-4e84-6802b59e0029','a025c695-4a7b-bba8-aa92-6802b5bea58c','2eeb9721-e25d-ae80-e389-6802b5c57599','Primary Decision Maker','2025-04-18 20:27:09',0),('a7d06a20-be91-0d9a-d5ed-6802b54ef340','a1786ade-a432-964e-8912-6802b5fa25f4','9263ea6f-70c0-d814-5643-6802b5fbc464','Primary Decision Maker','2025-04-18 20:27:09',0),('a7e1079d-b2ab-87aa-020a-6802b5b02516','a16ea8f4-dcb1-b4fb-6445-6802b53b1556','75306c8f-14ee-7ba8-5355-6802b5ed5905','Business Decision Maker','2025-04-18 20:27:09',0),('a8a6a20b-8760-76e7-74c7-6802b53ae303','a1da0b99-3304-a9cc-3bce-6802b55cbf58','d05ca938-9798-336f-3836-6802b5791a0b','Technical Evaluator','2025-04-18 20:27:09',0),('aaafb01a-a34b-4169-5300-6802b5e686ae','a3a943e2-890c-7d19-09aa-6802b5f406c6','5c430fb7-1f0a-de15-8e87-6802b56476e1','Primary Decision Maker','2025-04-18 20:27:09',0),('ab01748a-80c0-4dee-c875-6802b51f5148','a4503b2e-2d2c-811f-708a-6802b51437f8','a753084c-c435-1370-5593-6802b5c5950f','Primary Decision Maker','2025-04-18 20:27:09',0),('ab92ca49-0c08-54ce-c8ef-6802b536c489','a4f731ef-0c6f-2c58-bf48-6802b5257e0d','3eee7576-acc5-a32a-7d41-6802b545d5a4','Primary Decision Maker','2025-04-18 20:27:09',0),('abaf8aca-df44-22a3-c79b-6802b5c061b0','a53482f8-06bb-4be8-23fa-6802b5c32a98','e10cb7de-7639-2fb2-36c7-6802b56aa97c','Primary Decision Maker','2025-04-18 20:27:09',0),('ac63f695-4fab-355f-7c07-6802b5ee92a6','a5a8490c-ad15-32ee-8a47-6802b539aca7','82cd04d7-81ff-96eb-14b3-6802b5ede689','Primary Decision Maker','2025-04-18 20:27:09',0),('ad8685f8-c8fe-e5bf-f49d-6802b57456b8','a71eb8ac-5121-822c-f69b-6802b58a4440','183c1fac-5614-70ca-1108-6802b55e7066','Technical Decision Maker','2025-04-18 20:27:09',0),('adbb188d-bab3-01bb-dc08-6802b55b336c','a6d41d56-eb1c-0c63-a0c8-6802b57476b7','c548ce25-ffb4-993a-c427-6802b5837757','Technical Evaluator','2025-04-18 20:27:09',0),('aeabf43b-df28-84f2-3ed1-6802b5db3d8b','a7fea007-3650-e5bd-1a92-6802b5339b8c','45589663-883d-e4b4-23c4-6802b518ef1a','Other','2025-04-18 20:27:09',0),('b0551465-143b-4895-9c91-6802b59ecbe8','a9ba87de-913c-e545-92c8-6802b5c1d755','d3fd25a8-f62d-f8f4-5304-6802b51f0d69','Technical Evaluator','2025-04-18 20:27:09',0),('b53acf52-6b53-02e6-abe5-6802b506c694','aea9e591-720b-9a60-0f6c-6802b51688c6','42fe52dd-71ba-5240-8c91-6802b5ab7a33','Primary Decision Maker','2025-04-18 20:27:09',0),('b636d3b0-0dd1-9d39-ea42-6802b54f24aa','af913b22-f3e8-ad26-3f39-6802b5e8f22a','9f4a9696-f64e-657f-d593-6802b584bdbd','Technical Decision Maker','2025-04-18 20:27:09',0),('b66407d8-a900-0f99-c8d8-6802b523f2c0','4afa0313-c4a4-9162-d2b7-6802b5aeb8a2','92a78e03-166f-d567-7b3e-6802b564cfae','Business Decision Maker','2025-04-18 20:27:09',0),('b6d178a2-0d13-d3a0-4394-6802b5d3d679','af6988f7-faa1-53f4-7caa-6802b5d4f5b1','8fd5f8d4-5d0e-017c-4bdd-6802b55c39f0','Executive Sponsor','2025-04-18 20:27:09',0),('b8479a85-b065-d9aa-2321-6802b56a697c','b1cbda3a-b558-7fad-fc73-6802b5800e8c','a73e0839-8f3c-544c-93f9-6802b5b38b19','Other','2025-04-18 20:27:09',0),('bace9991-c886-8b43-0231-6802b5bc407b','b42297c9-0051-54fa-2446-6802b5fee58a','5d37701c-5ef3-eceb-46b3-6802b5f78db1','Primary Decision Maker','2025-04-18 20:27:09',0),('bb83b138-16ad-450e-8c47-6802b53f6885','b4f929ad-3f8b-e569-34b6-6802b54c544c','8bc2ae0a-b0a2-48d8-2a45-6802b53002e2','Other','2025-04-18 20:27:09',0),('bbdcfe71-2961-b4e0-7ef9-6802b569a4b2','b568e9f5-86c2-2066-f4c1-6802b55818ff','ac5dfdd9-0707-1f82-206d-6802b5528490','Primary Decision Maker','2025-04-18 20:27:09',0),('bd83a6eb-e71a-50af-5933-6802b5d04826','b6fd41d5-1b0e-3348-4591-6802b55b5da9','eb3f9526-876c-feb9-3196-6802b5688b13','Technical Evaluator','2025-04-18 20:27:09',0),('be58bd8c-ee4d-514f-e9f4-6802b54bbd77','b83678a7-066d-bf66-8c65-6802b517884c','74638451-1ba1-82f1-d730-6802b5b9c6cc','Other','2025-04-18 20:27:09',0),('bebaa7d1-680a-c991-1587-6802b56fda95','b82422d2-f2d4-2dff-19c6-6802b5eb2eb2','c4b04cba-8f22-33db-38d6-6802b5985fed','Executive Sponsor','2025-04-18 20:27:09',0),('bf8d4d4d-ec7d-c477-01a6-6802b5cf3e72','b91a77bd-1311-5830-5429-6802b5e864b8','6072a98b-52d0-9b97-1c68-6802b5e4646f','Primary Decision Maker','2025-04-18 20:27:09',0),('bfa988a6-33a4-f523-894e-6802b5cf6ba9','b934645c-2359-c54e-65d7-6802b5db8a19','2157081c-151d-3165-5587-6802b5a3c3c5','Technical Decision Maker','2025-04-18 20:27:09',0),('bfa99102-84c0-e89c-aea2-6802b5604fcc','b909e97e-e269-346e-0b71-6802b5eaa107','96bf051e-d0d6-7af9-2c63-6802b5e41bf8','Primary Decision Maker','2025-04-18 20:27:09',0),('c224679f-4571-ab4b-a346-6802b598a9d0','bb8c6723-0ecf-1750-825e-6802b5302461','3209ddf9-932a-536c-a053-6802b53d5962','Primary Decision Maker','2025-04-18 20:27:09',0),('c2458a89-1b76-47aa-7907-6802b5e0a37b','bbabe40a-d646-e4bb-76da-6802b5f7836d','e21a59ec-0124-6b97-9ae2-6802b5be60a9','Other','2025-04-18 20:27:09',0),('c34b0622-2dd7-1be8-1549-6802b50728c3','bc21b771-c813-d8fa-70fa-6802b5ef8bd6','5eb175f6-4ff7-443e-ec62-6802b5dfb134','Business Decision Maker','2025-04-18 20:27:09',0),('c421fcb3-23cc-588e-cede-6802b5cedafd','bdae2319-2955-3e6f-9623-6802b5677215','f24906a8-d4c2-4b41-9585-6802b58e8874','Technical Evaluator','2025-04-18 20:27:09',0),('c94e8f75-8965-eac0-a2c5-6802b570e2eb','c2c66e93-5b22-5b8c-c969-6802b58996b6','5c430fb7-1f0a-de15-8e87-6802b56476e1','Business Evaluator','2025-04-18 20:27:09',0),('ca3409f5-147f-4c76-6372-6802b5b07d13','603a070d-a557-5564-5669-6802b53522c9','a753084c-c435-1370-5593-6802b5c5950f','Influencer','2025-04-18 20:27:09',0),('cac1c93e-0366-0863-e3ec-6802b51a6580','c42f998e-1d61-c979-520e-6802b59bbbb9','b6b4905e-2f5a-fdf9-abd2-6802b5067802','Other','2025-04-18 20:27:09',0),('cbd16cae-a629-0f11-d13b-6802b5bd1ac3','c56ef614-34e1-09bb-f7de-6802b5132f8d','aa791bac-bd9c-2d34-f035-6802b52daf5a','Business Decision Maker','2025-04-18 20:27:09',0),('ccdbcba1-5219-d6cd-0b71-6802b5e0e37f','c64a7909-68bc-30a4-cd39-6802b595e9ea','2335f192-6dba-a732-1a2f-6802b540f411','Other','2025-04-18 20:27:09',0),('ce945197-6664-8c82-a0f4-6802b58c6ef8','c7f4a2ca-89ca-2843-dfe3-6802b56bbdef','7a844c1d-e02b-d272-a889-6802b52d340b','Primary Decision Maker','2025-04-18 20:27:09',0),('cfa6bf0e-b8db-a3cf-52ae-6802b580a721','c9242356-bc57-fdfa-f478-6802b50b160f','a753084c-c435-1370-5593-6802b5c5950f','Business Evaluator','2025-04-18 20:27:09',0),('cfcb71cb-55cc-f27f-2aa4-6802b5853c6c','c94838c8-7240-364c-c90d-6802b5d60d31','c949f5fe-ec03-7827-00d5-6802b55c9cd3','Primary Decision Maker','2025-04-18 20:27:09',0),('d17b7d82-e655-fcd9-d569-6802b5bd0ba5','cb1efabe-56c5-dc76-79cc-6802b5b1685f','15b73118-ec27-0d10-0886-6802b5370b59','Technical Decision Maker','2025-04-18 20:27:09',0),('d1e26e73-392f-b82d-564f-6802b5211eeb','cb9fc6da-5c15-6b35-cb90-6802b590c6be','8f5e4cbe-9b69-2191-ee7e-6802b5698b5e','Primary Decision Maker','2025-04-18 20:27:09',0),('d270cd3e-cf8b-45e8-8700-6802b54f1b48','cbda7a70-7dab-0661-ff33-6802b5b1d533','de371129-0682-4cc3-8524-6802b5257c11','Primary Decision Maker','2025-04-18 20:27:09',0),('d2a16d4c-3f4f-c557-4f76-6802b52a3c92','cc1ae67b-e0a2-8083-a1b0-6802b5cf43d3','3bceffc1-c57a-5943-3e2d-6802b5d89ae4','Primary Decision Maker','2025-04-18 20:27:09',0),('d3abb6d7-9ba3-fde0-673c-6802b5412ddc','cd033e71-1764-e47b-22f8-6802b5c7784e','7d08f17d-9e98-72a8-c36b-6802b5796659','Primary Decision Maker','2025-04-18 20:27:09',0),('d4197f10-548b-a934-7fb1-6802b5de509f','cd99ff7a-219d-02b8-e0d6-6802b51335ba','209168bd-bd0d-ea1e-9487-6802b5f44d3e','Primary Decision Maker','2025-04-18 20:27:09',0),('d622b4de-bcde-2d01-6481-6802b54d434b','cfce9213-5af7-3956-3f9e-6802b5d1f511','601966b2-1e07-33f4-ea99-6802b5b43507','Primary Decision Maker','2025-04-18 20:27:09',0),('d77ae023-7e6c-4645-6be8-6802b50cfeeb','d0a7d1bc-fd13-b6db-3664-6802b52846bb','75306c8f-14ee-7ba8-5355-6802b5ed5905','Business Decision Maker','2025-04-18 20:27:09',0),('d8752794-6e54-d08a-9b68-6802b55c3e9b','d1325b7f-b73b-b069-a6ae-6802b5d5cc53','82cd04d7-81ff-96eb-14b3-6802b5ede689','Other','2025-04-18 20:27:09',0),('d8c56d83-168d-b191-8102-6802b5cc100c','d2071dd9-16d6-7151-657d-6802b556851f','1ea46139-1b0f-05b6-c907-6802b595bac9','Influencer','2025-04-18 20:27:09',0),('def815aa-606c-7401-a759-6802b50d13f6','d81d43ac-ab6b-d00b-6948-6802b5d1eb61','76ff4235-cf3e-6113-d531-6802b5632622','Other','2025-04-18 20:27:09',0),('df38839c-bb1e-064b-0deb-6802b592c638','d8b80fb6-c32a-b560-58d9-6802b5d2f697','d05ca938-9798-336f-3836-6802b5791a0b','Executive Sponsor','2025-04-18 20:27:09',0),('e2a9eb9f-b949-20ba-2edd-6802b50e416d','dc3f31b0-099e-bb42-c3bb-6802b5c7a648','92a78e03-166f-d567-7b3e-6802b564cfae','Primary Decision Maker','2025-04-18 20:27:09',0),('e49f72d1-0f9e-2f2c-6f6b-6802b527bc30','ddef63f0-8229-7cef-0cd3-6802b596940e','c74cb5b9-94dd-1a53-1178-6802b50672f3','Executive Sponsor','2025-04-18 20:27:09',0),('e51ceab3-9ed9-10b9-0c39-6802b52e5e17','deccda58-df50-3639-0ba2-6802b53f25b9','b197b2e8-3549-dd80-a6a4-6802b587079c','Primary Decision Maker','2025-04-18 20:27:09',0),('e5280803-767d-234c-b3ab-6802b52bbd33','6f190a17-5d23-e0b1-a920-6802b5984fef','b6b4905e-2f5a-fdf9-abd2-6802b5067802','Influencer','2025-04-18 20:27:09',0),('e56ba835-b0d7-f9cc-049d-6802b593284b','debef51e-785f-5d86-2552-6802b5e57a1e','e8cb1c46-b8fe-c611-be75-6802b5eb84fd','Primary Decision Maker','2025-04-18 20:27:09',0),('e5f34f9c-86e7-2116-5e4f-6802b5969d64','df499a4e-3e80-841d-ea98-6802b5a0e929','42eb0ff4-408c-9289-9f55-6802b59a20a6','Primary Decision Maker','2025-04-18 20:27:09',0),('e6fb7da3-266d-7e79-39b5-6802b5b3246e','e088d029-8b99-fef9-f9fb-6802b5b3dbfa','42fe52dd-71ba-5240-8c91-6802b5ab7a33','Business Decision Maker','2025-04-18 20:27:09',0),('e6fb8051-615c-20cb-8c98-6802b5c0ef17','dfb52fea-04c1-826a-f335-6802b521a08a','34e88cdd-d1d0-b446-c35f-6802b502bf57','Primary Decision Maker','2025-04-18 20:27:09',0),('e7190e17-c2d9-7163-6bef-6802b51d8cfa','e00eeacc-818b-d6e3-15c5-6802b52063e5','63137aad-4511-7bab-6f3f-6802b540e1b0','Primary Decision Maker','2025-04-18 20:27:09',0),('e7ba0411-c7cb-4a8c-703d-6802b52ea8dc','e1073cb1-f29a-40e4-3387-6802b5da8453','9d5909be-6b00-19aa-11c7-6802b5e1477d','Primary Decision Maker','2025-04-18 20:27:09',0),('e86935ca-7ca5-932e-f77b-6802b5f2ce58','d923152c-98a8-5b30-8f10-6802b5bc9f31','c548ce25-ffb4-993a-c427-6802b5837757','Business Decision Maker','2025-04-18 20:27:09',0),('e8fb71d5-b28b-0eac-48b1-6802b5c40745','e292d27a-ec8b-785d-11a5-6802b52df84e','3d581a6e-b916-487e-df82-6802b5a3803e','Primary Decision Maker','2025-04-18 20:27:09',0),('ea8b1a2f-1271-bbee-80aa-6802b54f6c3e','e3b37645-c439-870f-53d9-6802b5e184b5','779e8753-9119-e3da-6103-6802b5af7316','Executive Sponsor','2025-04-18 20:27:09',0),('ec500683-6404-7a03-8679-6802b5113024','e5eadd8e-c806-25d9-5ebc-6802b51eb843','8bc2ae0a-b0a2-48d8-2a45-6802b53002e2','Business Decision Maker','2025-04-18 20:27:09',0),('ed47f9cf-f2c1-c85b-0be3-6802b5173442','e6e62bd0-11a2-13a7-9a85-6802b510e69d','9f4a9696-f64e-657f-d593-6802b584bdbd','Business Decision Maker','2025-04-18 20:27:09',0),('eeba6e6e-2a48-ecf8-a415-6802b58f1db5','e73b78eb-f932-8675-26f7-6802b57c7df7','23f22cca-cf5f-6ea4-a3cc-6802b59bdd2c','Technical Decision Maker','2025-04-18 20:27:09',0),('f36ecae5-f684-683f-493d-6802b5e4ff0a','ece78692-b76e-7e53-aa62-6802b5faf664','f0d7fcff-8158-3ce5-4bd7-6802b5f29534','Technical Evaluator','2025-04-18 20:27:09',0),('f390181c-3828-a70c-81ff-6802b5483c86','ecf25df2-a9b6-3e34-794f-6802b5a20fda','952108b7-0637-2e04-f492-6802b53ce22a','Primary Decision Maker','2025-04-18 20:27:09',0);

--
-- Table structure for table `opportunities_cstm`
--

CREATE TABLE `opportunities_cstm` (
  `id_c` char(36) NOT NULL,
  `jjwg_maps_lng_c` float(11,8) DEFAULT 0.00000000,
  `jjwg_maps_lat_c` float(10,8) DEFAULT 0.00000000,
  `jjwg_maps_geocode_status_c` varchar(255) DEFAULT NULL,
  `jjwg_maps_address_c` varchar(255) DEFAULT NULL,
  PRIMARY KEY (`id_c`)
) ENGINE=InnoDB DEFAULT CHARSET=utf8 COLLATE=utf8_general_ci;

--
-- Dumping data for table `opportunities_cstm`
--


--
-- Table structure for table `outbound_email`
--

CREATE TABLE `outbound_email` (
  `id` char(36) NOT NULL,
  `name` varchar(255) DEFAULT NULL,
  `type` varchar(15) DEFAULT 'user',
  `user_id` char(36) DEFAULT NULL,
  `smtp_from_name` varchar(255) DEFAULT NULL,
  `smtp_from_addr` varchar(255) DEFAULT NULL,
  `reply_to_name` varchar(255) DEFAULT NULL,
  `reply_to_addr` varchar(255) DEFAULT NULL,
  `signature` text DEFAULT NULL,
  `mail_sendtype` varchar(8) DEFAULT 'SMTP',
  `mail_smtptype` varchar(20) DEFAULT 'other',
  `mail_smtpserver` varchar(100) DEFAULT NULL,
  `mail_smtpport` varchar(5) DEFAULT '25',
  `mail_smtpuser` varchar(100) DEFAULT NULL,
  `mail_smtppass` varchar(100) DEFAULT NULL,
  `mail_smtpauth_req` tinyint(1) DEFAULT 0,
  `mail_smtpssl` varchar(1) DEFAULT '0',
  `date_entered` datetime DEFAULT NULL,
  `date_modified` datetime DEFAULT NULL,
  `modified_user_id` char(36) DEFAULT NULL,
  `created_by` char(36) DEFAULT NULL,
  `deleted` tinyint(1) DEFAULT 0,
  `assigned_user_id` char(36) DEFAULT NULL,
  PRIMARY KEY (`id`)
) ENGINE=InnoDB DEFAULT CHARSET=utf8 COLLATE=utf8_general_ci;

--
-- Dumping data for table `outbound_email`
--

INSERT INTO `outbound_email` VALUES ('59f61696-8092-7431-95f0-6802b5b55d40','system','system','1','SuiteCRM','support@timelycrm.ai',NULL,NULL,NULL,'SMTP','gmail','smtp-relay.gmail.com','587','','',0,'2',NULL,NULL,NULL,NULL,0,NULL);

--
-- Table structure for table `outbound_email_audit`
--

CREATE TABLE `outbound_email_audit` (
  `id` char(36) NOT NULL,
  `parent_id` char(36) NOT NULL,
  `date_created` datetime DEFAULT NULL,
  `created_by` varchar(36) DEFAULT NULL,
  `field_name` varchar(100) DEFAULT NULL,
  `data_type` varchar(100) DEFAULT NULL,
  `before_value_string` varchar(255) DEFAULT NULL,
  `after_value_string` varchar(255) DEFAULT NULL,
  `before_value_text` text DEFAULT NULL,
  `after_value_text` text DEFAULT NULL,
  PRIMARY KEY (`id`),
  KEY `idx_outbound_email_parent_id` (`parent_id`)
) ENGINE=InnoDB DEFAULT CHARSET=utf8 COLLATE=utf8_general_ci;

--
-- Dumping data for table `outbound_email_audit`
--


--
-- Table structure for table `project`
--

CREATE TABLE `project` (
  `id` char(36) NOT NULL,
  `date_entered` datetime DEFAULT NULL,
  `date_modified` datetime DEFAULT NULL,
  `assigned_user_id` char(36) DEFAULT NULL,
  `modified_user_id` char(36) DEFAULT NULL,
  `created_by` char(36) DEFAULT NULL,
  `name` varchar(50) DEFAULT NULL,
  `description` text DEFAULT NULL,
  `deleted` tinyint(1) DEFAULT 0,
  `estimated_start_date` date DEFAULT NULL,
  `estimated_end_date` date DEFAULT NULL,
  `status` varchar(255) DEFAULT NULL,
  `priority` varchar(255) DEFAULT NULL,
  `override_business_hours` tinyint(1) DEFAULT 0,
  PRIMARY KEY (`id`)
) ENGINE=InnoDB DEFAULT CHARSET=utf8 COLLATE=utf8_general_ci;

--
-- Dumping data for table `project`
--

INSERT INTO `project` VALUES ('d8965fe9-f289-b6e1-9266-6802b50c8cd2','2025-04-18 20:27:09','2025-04-18 20:27:09','1','1','1','Create new plan for the annual audit','The annual audit is coming up next month.',0,'2010-11-01','2010-12-31','Draft','medium',0);

--
-- Table structure for table `project_contacts_1_c`
--

CREATE TABLE `project_contacts_1_c` (
  `id` varchar(36) NOT NULL,
  `date_modified` datetime DEFAULT NULL,
  `deleted` tinyint(1) DEFAULT 0,
  `project_contacts_1project_ida` varchar(36) DEFAULT NULL,
  `project_contacts_1contacts_idb` varchar(36) DEFAULT NULL,
  PRIMARY KEY (`id`),
  KEY `project_contacts_1_alt` (`project_contacts_1project_ida`,`project_contacts_1contacts_idb`)
) ENGINE=InnoDB DEFAULT CHARSET=utf8 COLLATE=utf8_general_ci;

--
-- Dumping data for table `project_contacts_1_c`
--


--
-- Table structure for table `project_cstm`
--

CREATE TABLE `project_cstm` (
  `id_c` char(36) NOT NULL,
  `jjwg_maps_lng_c` float(11,8) DEFAULT 0.00000000,
  `jjwg_maps_lat_c` float(10,8) DEFAULT 0.00000000,
  `jjwg_maps_geocode_status_c` varchar(255) DEFAULT NULL,
  `jjwg_maps_address_c` varchar(255) DEFAULT NULL,
  PRIMARY KEY (`id_c`)
) ENGINE=InnoDB DEFAULT CHARSET=utf8 COLLATE=utf8_general_ci;

--
-- Dumping data for table `project_cstm`
--


--
-- Table structure for table `project_task`
--

CREATE TABLE `project_task` (
  `id` char(36) NOT NULL,
  `date_entered` datetime DEFAULT NULL,
  `date_modified` datetime DEFAULT NULL,
  `project_id` char(36) NOT NULL,
  `project_task_id` int(11) DEFAULT NULL,
  `name` varchar(50) DEFAULT NULL,
  `status` varchar(255) DEFAULT NULL,
  `relationship_type` varchar(255) DEFAULT NULL,
  `description` text DEFAULT NULL,
  `predecessors` text DEFAULT NULL,
  `date_start` date DEFAULT NULL,
  `time_start` int(11) DEFAULT NULL,
  `time_finish` int(11) DEFAULT NULL,
  `date_finish` date DEFAULT NULL,
  `duration` int(11) DEFAULT NULL,
  `duration_unit` text DEFAULT NULL,
  `actual_duration` int(11) DEFAULT NULL,
  `percent_complete` int(11) DEFAULT NULL,
  `date_due` date DEFAULT NULL,
  `time_due` time DEFAULT NULL,
  `parent_task_id` int(11) DEFAULT NULL,
  `assigned_user_id` char(36) DEFAULT NULL,
  `modified_user_id` char(36) DEFAULT NULL,
  `priority` varchar(255) DEFAULT NULL,
  `created_by` char(36) DEFAULT NULL,
  `milestone_flag` tinyint(1) DEFAULT NULL,
  `order_number` int(11) DEFAULT 1,
  `task_number` int(11) DEFAULT NULL,
  `estimated_effort` int(11) DEFAULT NULL,
  `actual_effort` int(11) DEFAULT NULL,
  `deleted` tinyint(1) DEFAULT 0,
  `utilization` int(11) DEFAULT 100,
  PRIMARY KEY (`id`)
) ENGINE=InnoDB DEFAULT CHARSET=utf8 COLLATE=utf8_general_ci;

--
-- Dumping data for table `project_task`
--

INSERT INTO `project_task` VALUES ('db18a9f4-ae0a-4ccd-db13-6802b52a8620','2025-04-18 20:27:09','2025-04-18 20:27:09','d8965fe9-f289-b6e1-9266-6802b50c8cd2',1,'Communicate with internal stakeholders',NULL,NULL,'Schedule individual meetings with Will, Max, and Sarah.',NULL,NULL,NULL,NULL,NULL,6,'Days',NULL,100,NULL,NULL,NULL,'1','1',NULL,'1',NULL,1,NULL,NULL,NULL,0,100),('dddb2f22-cd04-86cd-c5e4-6802b523044a','2025-04-18 20:27:09','2025-04-18 20:27:09','d8965fe9-f289-b6e1-9266-6802b50c8cd2',2,'Create draft of the plan',NULL,NULL,'Start new plan document, including all of the information from the initial discussion meetings.',NULL,NULL,NULL,NULL,'2010-11-20',12,'Days',NULL,38,NULL,NULL,NULL,'1','1',NULL,'1',NULL,1,NULL,NULL,NULL,0,100),('e0947430-ef6c-c4f7-459f-6802b5e386cb','2025-04-18 20:27:09','2025-04-18 20:27:09','d8965fe9-f289-b6e1-9266-6802b50c8cd2',3,'Perform field studies to collect data',NULL,NULL,'Obtain approval from all stakeholders of the plan.',NULL,NULL,NULL,NULL,'2010-11-13',17,'Days',NULL,75,NULL,NULL,NULL,'1','1',NULL,'1',NULL,1,NULL,NULL,NULL,0,100),('e33743f1-c50a-ae01-f8c3-6802b5e30998','2025-04-18 20:27:09','2025-04-18 20:27:09','d8965fe9-f289-b6e1-9266-6802b50c8cd2',4,'Update draft of the plan',NULL,NULL,'Schedule a meeting with the heads of the business units to review the plan.',NULL,'2010-11-12',NULL,NULL,'2010-11-19',6,'Days',NULL,0,NULL,NULL,NULL,'1','1',NULL,'1',NULL,1,NULL,NULL,NULL,0,100),('e64f38b8-99de-2328-f58e-6802b50d6789','2025-04-18 20:27:09','2025-04-18 20:27:09','d8965fe9-f289-b6e1-9266-6802b50c8cd2',5,'Gather data from meetings',NULL,NULL,'Need to organize the data and create charts to represent the data.',NULL,'2010-11-20',NULL,NULL,'2010-11-20',1,'Days',NULL,0,NULL,NULL,NULL,'1','1',NULL,'1',NULL,1,NULL,NULL,NULL,0,100);

--
-- Table structure for table `project_task_audit`
--

CREATE TABLE `project_task_audit` (
  `id` char(36) NOT NULL,
  `parent_id` char(36) NOT NULL,
  `date_created` datetime DEFAULT NULL,
  `created_by` varchar(36) DEFAULT NULL,
  `field_name` varchar(100) DEFAULT NULL,
  `data_type` varchar(100) DEFAULT NULL,
  `before_value_string` varchar(255) DEFAULT NULL,
  `after_value_string` varchar(255) DEFAULT NULL,
  `before_value_text` text DEFAULT NULL,
  `after_value_text` text DEFAULT NULL,
  PRIMARY KEY (`id`),
  KEY `idx_project_task_parent_id` (`parent_id`)
) ENGINE=InnoDB DEFAULT CHARSET=utf8 COLLATE=utf8_general_ci;

--
-- Dumping data for table `project_task_audit`
--


--
-- Table structure for table `project_users_1_c`
--

CREATE TABLE `project_users_1_c` (
  `id` varchar(36) NOT NULL,
  `date_modified` datetime DEFAULT NULL,
  `deleted` tinyint(1) DEFAULT 0,
  `project_users_1project_ida` varchar(36) DEFAULT NULL,
  `project_users_1users_idb` varchar(36) DEFAULT NULL,
  PRIMARY KEY (`id`),
  KEY `project_users_1_alt` (`project_users_1project_ida`,`project_users_1users_idb`)
) ENGINE=InnoDB DEFAULT CHARSET=utf8 COLLATE=utf8_general_ci;

--
-- Dumping data for table `project_users_1_c`
--


--
-- Table structure for table `projects_accounts`
--

CREATE TABLE `projects_accounts` (
  `id` varchar(36) NOT NULL,
  `account_id` varchar(36) DEFAULT NULL,
  `project_id` varchar(36) DEFAULT NULL,
  `date_modified` datetime DEFAULT NULL,
  `deleted` tinyint(1) DEFAULT 0,
  PRIMARY KEY (`id`),
  KEY `idx_proj_acct_proj` (`project_id`),
  KEY `idx_proj_acct_acct` (`account_id`),
  KEY `projects_accounts_alt` (`project_id`,`account_id`)
) ENGINE=InnoDB DEFAULT CHARSET=utf8 COLLATE=utf8_general_ci;

--
-- Dumping data for table `projects_accounts`
--


--
-- Table structure for table `projects_bugs`
--

CREATE TABLE `projects_bugs` (
  `id` varchar(36) NOT NULL,
  `bug_id` varchar(36) DEFAULT NULL,
  `project_id` varchar(36) DEFAULT NULL,
  `date_modified` datetime DEFAULT NULL,
  `deleted` tinyint(1) DEFAULT 0,
  PRIMARY KEY (`id`),
  KEY `idx_proj_bug_proj` (`project_id`),
  KEY `idx_proj_bug_bug` (`bug_id`),
  KEY `projects_bugs_alt` (`project_id`,`bug_id`)
) ENGINE=InnoDB DEFAULT CHARSET=utf8 COLLATE=utf8_general_ci;

--
-- Dumping data for table `projects_bugs`
--


--
-- Table structure for table `projects_cases`
--

CREATE TABLE `projects_cases` (
  `id` varchar(36) NOT NULL,
  `case_id` varchar(36) DEFAULT NULL,
  `project_id` varchar(36) DEFAULT NULL,
  `date_modified` datetime DEFAULT NULL,
  `deleted` tinyint(1) DEFAULT 0,
  PRIMARY KEY (`id`),
  KEY `idx_proj_case_proj` (`project_id`),
  KEY `idx_proj_case_case` (`case_id`),
  KEY `projects_cases_alt` (`project_id`,`case_id`)
) ENGINE=InnoDB DEFAULT CHARSET=utf8 COLLATE=utf8_general_ci;

--
-- Dumping data for table `projects_cases`
--


--
-- Table structure for table `projects_contacts`
--

CREATE TABLE `projects_contacts` (
  `id` varchar(36) NOT NULL,
  `contact_id` varchar(36) DEFAULT NULL,
  `project_id` varchar(36) DEFAULT NULL,
  `date_modified` datetime DEFAULT NULL,
  `deleted` tinyint(1) DEFAULT 0,
  PRIMARY KEY (`id`),
  KEY `idx_proj_con_proj` (`project_id`),
  KEY `idx_proj_con_con` (`contact_id`),
  KEY `projects_contacts_alt` (`project_id`,`contact_id`)
) ENGINE=InnoDB DEFAULT CHARSET=utf8 COLLATE=utf8_general_ci;

--
-- Dumping data for table `projects_contacts`
--


--
-- Table structure for table `projects_opportunities`
--

CREATE TABLE `projects_opportunities` (
  `id` varchar(36) NOT NULL,
  `opportunity_id` varchar(36) DEFAULT NULL,
  `project_id` varchar(36) DEFAULT NULL,
  `date_modified` datetime DEFAULT NULL,
  `deleted` tinyint(1) DEFAULT 0,
  PRIMARY KEY (`id`),
  KEY `idx_proj_opp_proj` (`project_id`),
  KEY `idx_proj_opp_opp` (`opportunity_id`),
  KEY `projects_opportunities_alt` (`project_id`,`opportunity_id`)
) ENGINE=InnoDB DEFAULT CHARSET=utf8 COLLATE=utf8_general_ci;

--
-- Dumping data for table `projects_opportunities`
--


--
-- Table structure for table `projects_products`
--

CREATE TABLE `projects_products` (
  `id` varchar(36) NOT NULL,
  `product_id` varchar(36) DEFAULT NULL,
  `project_id` varchar(36) DEFAULT NULL,
  `date_modified` datetime DEFAULT NULL,
  `deleted` tinyint(1) DEFAULT 0,
  PRIMARY KEY (`id`),
  KEY `idx_proj_prod_project` (`project_id`),
  KEY `idx_proj_prod_product` (`product_id`),
  KEY `projects_products_alt` (`project_id`,`product_id`)
) ENGINE=InnoDB DEFAULT CHARSET=utf8 COLLATE=utf8_general_ci;

--
-- Dumping data for table `projects_products`
--


--
-- Table structure for table `prospect_list_campaigns`
--

CREATE TABLE `prospect_list_campaigns` (
  `id` varchar(36) NOT NULL,
  `prospect_list_id` varchar(36) DEFAULT NULL,
  `campaign_id` varchar(36) DEFAULT NULL,
  `date_modified` datetime DEFAULT NULL,
  `deleted` tinyint(1) DEFAULT 0,
  PRIMARY KEY (`id`),
  KEY `idx_pro_id` (`prospect_list_id`),
  KEY `idx_cam_id` (`campaign_id`),
  KEY `idx_prospect_list_campaigns` (`prospect_list_id`,`campaign_id`)
) ENGINE=InnoDB DEFAULT CHARSET=utf8 COLLATE=utf8_general_ci;

--
-- Dumping data for table `prospect_list_campaigns`
--


--
-- Table structure for table `prospect_lists`
--

CREATE TABLE `prospect_lists` (
  `assigned_user_id` char(36) DEFAULT NULL,
  `id` char(36) NOT NULL,
  `name` varchar(255) DEFAULT NULL,
  `list_type` varchar(100) DEFAULT NULL,
  `date_entered` datetime DEFAULT NULL,
  `date_modified` datetime DEFAULT NULL,
  `modified_user_id` char(36) DEFAULT NULL,
  `created_by` char(36) DEFAULT NULL,
  `deleted` tinyint(1) DEFAULT NULL,
  `description` text DEFAULT NULL,
  `domain_name` varchar(255) DEFAULT NULL,
  PRIMARY KEY (`id`),
  KEY `idx_prospect_list_name` (`name`)
) ENGINE=InnoDB DEFAULT CHARSET=utf8 COLLATE=utf8_general_ci;

--
-- Dumping data for table `prospect_lists`
--


--
-- Table structure for table `prospect_lists_prospects`
--

CREATE TABLE `prospect_lists_prospects` (
  `id` varchar(36) NOT NULL,
  `prospect_list_id` varchar(36) DEFAULT NULL,
  `related_id` varchar(36) DEFAULT NULL,
  `related_type` varchar(25) DEFAULT NULL,
  `date_modified` datetime DEFAULT NULL,
  `deleted` tinyint(1) DEFAULT 0,
  PRIMARY KEY (`id`),
  KEY `idx_plp_pro_id` (`prospect_list_id`,`deleted`),
  KEY `idx_plp_rel_id` (`related_id`,`related_type`,`prospect_list_id`)
) ENGINE=InnoDB DEFAULT CHARSET=utf8 COLLATE=utf8_general_ci;

--
-- Dumping data for table `prospect_lists_prospects`
--


--
-- Table structure for table `prospects`
--

CREATE TABLE `prospects` (
  `id` char(36) NOT NULL,
  `date_entered` datetime DEFAULT NULL,
  `date_modified` datetime DEFAULT NULL,
  `modified_user_id` char(36) DEFAULT NULL,
  `created_by` char(36) DEFAULT NULL,
  `description` text DEFAULT NULL,
  `deleted` tinyint(1) DEFAULT 0,
  `assigned_user_id` char(36) DEFAULT NULL,
  `salutation` varchar(255) DEFAULT NULL,
  `first_name` varchar(100) DEFAULT NULL,
  `last_name` varchar(100) DEFAULT NULL,
  `title` varchar(100) DEFAULT NULL,
  `photo` varchar(255) DEFAULT NULL,
  `department` varchar(255) DEFAULT NULL,
  `do_not_call` tinyint(1) DEFAULT 0,
  `phone_home` varchar(100) DEFAULT NULL,
  `phone_mobile` varchar(100) DEFAULT NULL,
  `phone_work` varchar(100) DEFAULT NULL,
  `phone_other` varchar(100) DEFAULT NULL,
  `phone_fax` varchar(100) DEFAULT NULL,
  `lawful_basis` text DEFAULT NULL,
  `date_reviewed` date DEFAULT NULL,
  `lawful_basis_source` varchar(100) DEFAULT NULL,
  `primary_address_street` varchar(150) DEFAULT NULL,
  `primary_address_city` varchar(100) DEFAULT NULL,
  `primary_address_state` varchar(100) DEFAULT NULL,
  `primary_address_postalcode` varchar(20) DEFAULT NULL,
  `primary_address_country` varchar(255) DEFAULT NULL,
  `alt_address_street` varchar(150) DEFAULT NULL,
  `alt_address_city` varchar(100) DEFAULT NULL,
  `alt_address_state` varchar(100) DEFAULT NULL,
  `alt_address_postalcode` varchar(20) DEFAULT NULL,
  `alt_address_country` varchar(255) DEFAULT NULL,
  `assistant` varchar(75) DEFAULT NULL,
  `assistant_phone` varchar(100) DEFAULT NULL,
  `tracker_key` int(11) NOT NULL AUTO_INCREMENT,
  `birthdate` date DEFAULT NULL,
  `lead_id` char(36) DEFAULT NULL,
  `account_name` varchar(150) DEFAULT NULL,
  `campaign_id` char(36) DEFAULT NULL,
  PRIMARY KEY (`id`),
  KEY `prospect_auto_tracker_key` (`tracker_key`),
  KEY `idx_prospects_last_first` (`last_name`,`first_name`,`deleted`),
  KEY `idx_prospecs_del_last` (`last_name`,`deleted`),
  KEY `idx_prospects_id_del` (`id`,`deleted`),
  KEY `idx_prospects_assigned` (`assigned_user_id`)
) ENGINE=InnoDB DEFAULT CHARSET=utf8 COLLATE=utf8_general_ci;

--
-- Dumping data for table `prospects`
--


--
-- Table structure for table `prospects_cstm`
--

CREATE TABLE `prospects_cstm` (
  `id_c` char(36) NOT NULL,
  `jjwg_maps_lng_c` float(11,8) DEFAULT 0.00000000,
  `jjwg_maps_lat_c` float(10,8) DEFAULT 0.00000000,
  `jjwg_maps_geocode_status_c` varchar(255) DEFAULT NULL,
  `jjwg_maps_address_c` varchar(255) DEFAULT NULL,
  PRIMARY KEY (`id_c`)
) ENGINE=InnoDB DEFAULT CHARSET=utf8 COLLATE=utf8_general_ci;

--
-- Dumping data for table `prospects_cstm`
--


--
-- Table structure for table `relationships`
--

CREATE TABLE `relationships` (
  `id` char(36) NOT NULL,
  `relationship_name` varchar(150) DEFAULT NULL,
  `lhs_module` varchar(100) DEFAULT NULL,
  `lhs_table` varchar(64) DEFAULT NULL,
  `lhs_key` varchar(64) DEFAULT NULL,
  `rhs_module` varchar(100) DEFAULT NULL,
  `rhs_table` varchar(64) DEFAULT NULL,
  `rhs_key` varchar(64) DEFAULT NULL,
  `join_table` varchar(64) DEFAULT NULL,
  `join_key_lhs` varchar(64) DEFAULT NULL,
  `join_key_rhs` varchar(64) DEFAULT NULL,
  `relationship_type` varchar(64) DEFAULT NULL,
  `relationship_role_column` varchar(64) DEFAULT NULL,
  `relationship_role_column_value` varchar(50) DEFAULT NULL,
  `reverse` tinyint(1) DEFAULT 0,
  `deleted` tinyint(1) DEFAULT 0,
  PRIMARY KEY (`id`),
  KEY `idx_rel_name` (`relationship_name`)
) ENGINE=InnoDB DEFAULT CHARSET=utf8 COLLATE=utf8_general_ci;

--
-- Dumping data for table `relationships`
--

INSERT INTO `relationships` VALUES ('103bde3a-fb0f-36aa-c09c-6802b5902c1b','aos_contracts_calls','AOS_Contracts','aos_contracts','id','Calls','calls','parent_id',NULL,NULL,NULL,'one-to-many','parent_type','AOS_Contracts',0,0),('1093b2c5-7c8d-c050-9884-6802b5471161','aos_contracts_aos_products_quotes','AOS_Contracts','aos_contracts','id','AOS_Products_Quotes','aos_products_quotes','parent_id',NULL,NULL,NULL,'one-to-many',NULL,NULL,0,0),('10ec9297-814f-7767-4e25-6802b5384546','aos_contracts_aos_line_item_groups','AOS_Contracts','aos_contracts','id','AOS_Line_Item_Groups','aos_line_item_groups','parent_id',NULL,NULL,NULL,'one-to-many',NULL,NULL,0,0),('118e4190-4c18-94a1-bf3e-6802b580a6c9','aos_invoices_modified_user','Users','users','id','AOS_Invoices','aos_invoices','modified_user_id',NULL,NULL,NULL,'one-to-many',NULL,NULL,0,0),('11eb6bbc-eb80-c643-6cb9-6802b567604a','aos_invoices_created_by','Users','users','id','AOS_Invoices','aos_invoices','created_by',NULL,NULL,NULL,'one-to-many',NULL,NULL,0,0),('12350148-0f04-48d6-78d4-6802b576586c','optimistic_locking',NULL,NULL,NULL,NULL,NULL,NULL,NULL,NULL,NULL,NULL,NULL,NULL,0,0),('1245966b-ac45-97f7-d009-6802b5f95fe1','aos_invoices_assigned_user','Users','users','id','AOS_Invoices','aos_invoices','assigned_user_id',NULL,NULL,NULL,'one-to-many',NULL,NULL,0,0),('129b258a-f261-d05e-f5ca-6802b5f56124','securitygroups_aos_invoices','SecurityGroups','securitygroups','id','AOS_Invoices','aos_invoices','id','securitygroups_records','securitygroup_id','record_id','many-to-many','module','AOS_Invoices',0,0),('12f44af2-2b5a-eefd-09f1-6802b52f7ef5','aos_invoices_aos_product_quotes','AOS_Invoices','aos_invoices','id','AOS_Products_Quotes','aos_products_quotes','parent_id',NULL,NULL,NULL,'one-to-many',NULL,NULL,0,0),('13500c05-e883-e8aa-182a-6802b50686ea','aos_invoices_aos_line_item_groups','AOS_Invoices','aos_invoices','id','AOS_Line_Item_Groups','aos_line_item_groups','parent_id',NULL,NULL,NULL,'one-to-many',NULL,NULL,0,0),('141fd912-7149-542e-fb30-6802b5d6d2a5','aos_pdf_templates_modified_user','Users','users','id','AOS_PDF_Templates','aos_pdf_templates','modified_user_id',NULL,NULL,NULL,'one-to-many',NULL,NULL,0,0),('147d8238-10cd-dc8b-1a7a-6802b5d2195a','aos_pdf_templates_created_by','Users','users','id','AOS_PDF_Templates','aos_pdf_templates','created_by',NULL,NULL,NULL,'one-to-many',NULL,NULL,0,0),('14db8ea5-ec70-c336-2922-6802b507e77a','aos_pdf_templates_assigned_user','Users','users','id','AOS_PDF_Templates','aos_pdf_templates','assigned_user_id',NULL,NULL,NULL,'one-to-many',NULL,NULL,0,0),('1535fa70-6b0c-648b-0d5a-6802b546fdf7','securitygroups_aos_pdf_templates','SecurityGroups','securitygroups','id','AOS_PDF_Templates','aos_pdf_templates','id','securitygroups_records','securitygroup_id','record_id','many-to-many','module','AOS_PDF_Templates',0,0),('15b54191-7ba9-58c7-bbb7-6802b5c8ca27','aos_product_categories_modified_user','Users','users','id','AOS_Product_Categories','aos_product_categories','modified_user_id',NULL,NULL,NULL,'one-to-many',NULL,NULL,0,0),('160f54a4-902e-8d42-cb33-6802b57c8ff3','aos_product_categories_created_by','Users','users','id','AOS_Product_Categories','aos_product_categories','created_by',NULL,NULL,NULL,'one-to-many',NULL,NULL,0,0),('16698fb6-fd5d-2c72-acb7-6802b5f301c9','aos_product_categories_assigned_user','Users','users','id','AOS_Product_Categories','aos_product_categories','assigned_user_id',NULL,NULL,NULL,'one-to-many',NULL,NULL,0,0),('16c0ca6a-bd58-7321-40b2-6802b568027a','securitygroups_aos_product_categories','SecurityGroups','securitygroups','id','AOS_Product_Categories','aos_product_categories','id','securitygroups_records','securitygroup_id','record_id','many-to-many','module','AOS_Product_Categories',0,0),('171bca9a-479b-6379-87cd-6802b5ce006e','sub_product_categories','AOS_Product_Categories','aos_product_categories','id','AOS_Product_Categories','aos_product_categories','parent_category_id',NULL,NULL,NULL,'one-to-many',NULL,NULL,0,0),('17a89158-982f-84f1-4cd1-6802b5022614','aos_products_modified_user','Users','users','id','AOS_Products','aos_products','modified_user_id',NULL,NULL,NULL,'one-to-many',NULL,NULL,0,0),('17ec0463-d8ec-f623-5321-6802b5a0342d','unified_search',NULL,NULL,NULL,NULL,NULL,NULL,NULL,NULL,NULL,NULL,NULL,NULL,0,0),('18019e00-d767-d5c9-1575-6802b5e29ff0','aos_products_created_by','Users','users','id','AOS_Products','aos_products','created_by',NULL,NULL,NULL,'one-to-many',NULL,NULL,0,0),('185e39af-38e5-30e0-fc06-6802b59cbff1','aos_products_assigned_user','Users','users','id','AOS_Products','aos_products','assigned_user_id',NULL,NULL,NULL,'one-to-many',NULL,NULL,0,0),('18b3236d-a934-f34c-81a1-6802b51faf4a','securitygroups_aos_products','SecurityGroups','securitygroups','id','AOS_Products','aos_products','id','securitygroups_records','securitygroup_id','record_id','many-to-many','module','AOS_Products',0,0),('19059b60-52af-f245-d9da-6802b5f65bf1','product_categories','AOS_Product_Categories','aos_product_categories','id','AOS_Products','aos_products','aos_product_category_id',NULL,NULL,NULL,'one-to-many',NULL,NULL,0,0),('1990ce45-2cb0-061d-ab0f-6802b5ff275d','aos_products_quotes_modified_user','Users','users','id','AOS_Products_Quotes','aos_products_quotes','modified_user_id',NULL,NULL,NULL,'one-to-many',NULL,NULL,0,0),('1a2d8587-e5c1-a9c5-795e-6802b51e37ad','aos_products_quotes_created_by','Users','users','id','AOS_Products_Quotes','aos_products_quotes','created_by',NULL,NULL,NULL,'one-to-many',NULL,NULL,0,0),('1a7e8087-34b4-ea62-b34b-6802b58c36ff','aos_products_quotes_assigned_user','Users','users','id','AOS_Products_Quotes','aos_products_quotes','assigned_user_id',NULL,NULL,NULL,'one-to-many',NULL,NULL,0,0),('1ad73f3e-de24-0427-8371-6802b50f6ee1','aos_product_quotes_aos_products','AOS_Products','aos_products','id','AOS_Products_Quotes','aos_products_quotes','product_id',NULL,NULL,NULL,'one-to-many',NULL,NULL,0,0),('1b5c7118-54a3-ffe7-66a1-6802b5f5b8ce','aos_line_item_groups_modified_user','Users','users','id','AOS_Line_Item_Groups','aos_line_item_groups','modified_user_id',NULL,NULL,NULL,'one-to-many',NULL,NULL,0,0),('1bbc383b-cc30-5873-6158-6802b57509a9','aos_line_item_groups_created_by','Users','users','id','AOS_Line_Item_Groups','aos_line_item_groups','created_by',NULL,NULL,NULL,'one-to-many',NULL,NULL,0,0),('1c610587-c875-ba0a-7532-6802b54309fb','aos_line_item_groups_assigned_user','Users','users','id','AOS_Line_Item_Groups','aos_line_item_groups','assigned_user_id',NULL,NULL,NULL,'one-to-many',NULL,NULL,0,0),('1cba40fe-0683-19f3-b635-6802b583d369','groups_aos_product_quotes','AOS_Line_Item_Groups','aos_line_item_groups','id','AOS_Products_Quotes','aos_products_quotes','group_id',NULL,NULL,NULL,'one-to-many',NULL,NULL,0,0),('1d5a56fe-566f-73d1-836b-6802b579c899','aos_quotes_modified_user','Users','users','id','AOS_Quotes','aos_quotes','modified_user_id',NULL,NULL,NULL,'one-to-many',NULL,NULL,0,0),('1db8ff40-93c6-b75f-e47b-6802b5e54313','aos_quotes_created_by','Users','users','id','AOS_Quotes','aos_quotes','created_by',NULL,NULL,NULL,'one-to-many',NULL,NULL,0,0),('1e127d92-7b85-7a3d-58c5-6802b5bcc483','aos_quotes_assigned_user','Users','users','id','AOS_Quotes','aos_quotes','assigned_user_id',NULL,NULL,NULL,'one-to-many',NULL,NULL,0,0),('1e694328-44e3-7b5b-dd07-6802b51dc4b3','securitygroups_aos_quotes','SecurityGroups','securitygroups','id','AOS_Quotes','aos_quotes','id','securitygroups_records','securitygroup_id','record_id','many-to-many','module','AOS_Quotes',0,0),('1ec36f8e-ad1b-8ceb-559c-6802b53aea7b','aos_quotes_aos_product_quotes','AOS_Quotes','aos_quotes','id','AOS_Products_Quotes','aos_products_quotes','parent_id',NULL,NULL,NULL,'one-to-many',NULL,NULL,0,0),('1f1be5ba-26b6-9ef6-96a8-6802b57b5dec','aos_quotes_aos_line_item_groups','AOS_Quotes','aos_quotes','id','AOS_Line_Item_Groups','aos_line_item_groups','parent_id',NULL,NULL,NULL,'one-to-many',NULL,NULL,0,0),('1f969aca-98dd-c615-5f22-6802b5b1c7b0','aow_actions_modified_user','Users','users','id','AOW_Actions','aow_actions','modified_user_id',NULL,NULL,NULL,'one-to-many',NULL,NULL,0,0),('1fbd030a-5b01-ef40-8fa7-6802b5da4f50','aop_case_events_modified_user','Users','users','id','AOP_Case_Events','aop_case_events','modified_user_id',NULL,NULL,NULL,'one-to-many',NULL,NULL,0,0),('1fed7254-9d80-fd86-b1ba-6802b5d7d82a','aow_actions_created_by','Users','users','id','AOW_Actions','aow_actions','created_by',NULL,NULL,NULL,'one-to-many',NULL,NULL,0,0),('206f476b-3477-5f46-5fa3-6802b5ea0bf1','aow_workflow_modified_user','Users','users','id','AOW_WorkFlow','aow_workflow','modified_user_id',NULL,NULL,NULL,'one-to-many',NULL,NULL,0,0),('20c31e52-3db2-9dab-acd2-6802b5dc7639','aow_workflow_created_by','Users','users','id','AOW_WorkFlow','aow_workflow','created_by',NULL,NULL,NULL,'one-to-many',NULL,NULL,0,0),('2119dbc8-cd5d-05ec-1bfb-6802b5d938b1','aow_workflow_assigned_user','Users','users','id','AOW_WorkFlow','aow_workflow','assigned_user_id',NULL,NULL,NULL,'one-to-many',NULL,NULL,0,0),('21711b7b-c08f-146a-9441-6802b58ce631','securitygroups_aow_workflow','SecurityGroups','securitygroups','id','AOW_WorkFlow','aow_workflow','id','securitygroups_records','securitygroup_id','record_id','many-to-many','module','AOW_WorkFlow',0,0),('21c74b18-fbb1-8f09-d0a5-6802b56604d6','aow_workflow_aow_conditions','AOW_WorkFlow','aow_workflow','id','AOW_Conditions','aow_conditions','aow_workflow_id',NULL,NULL,NULL,'one-to-many',NULL,NULL,0,0),('221f94a3-6592-9fad-94da-6802b58e56a2','aow_workflow_aow_actions','AOW_WorkFlow','aow_workflow','id','AOW_Actions','aow_actions','aow_workflow_id',NULL,NULL,NULL,'one-to-many',NULL,NULL,0,0),('22c45638-3f8e-6eb7-a3fa-6802b59d3b54','aow_workflow_aow_processed','AOW_WorkFlow','aow_workflow','id','AOW_Processed','aow_processed','aow_workflow_id',NULL,NULL,NULL,'one-to-many',NULL,NULL,0,0),('23419677-8833-c588-c748-6802b5326afe','aow_processed_modified_user','Users','users','id','AOW_Processed','aow_processed','modified_user_id',NULL,NULL,NULL,'one-to-many',NULL,NULL,0,0),('2398fa54-9536-cc5a-cfc6-6802b5400ed6','aow_processed_created_by','Users','users','id','AOW_Processed','aow_processed','created_by',NULL,NULL,NULL,'one-to-many',NULL,NULL,0,0),('24102c08-bc44-99c4-3644-6802b5737548','aow_conditions_modified_user','Users','users','id','AOW_Conditions','aow_conditions','modified_user_id',NULL,NULL,NULL,'one-to-many',NULL,NULL,0,0),('246cf130-f8c3-1cf4-1dee-6802b5976928','aow_conditions_created_by','Users','users','id','AOW_Conditions','aow_conditions','created_by',NULL,NULL,NULL,'one-to-many',NULL,NULL,0,0),('25203507-9ffa-a7aa-3b22-6802b5454813','jjwg_maps_modified_user','Users','users','id','jjwg_Maps','jjwg_maps','modified_user_id',NULL,NULL,NULL,'one-to-many',NULL,NULL,0,0),('2578bd60-2acb-51ac-6af1-6802b528dd5f','jjwg_maps_created_by','Users','users','id','jjwg_Maps','jjwg_maps','created_by',NULL,NULL,NULL,'one-to-many',NULL,NULL,0,0),('25cce150-4570-2894-db83-6802b5a1b1ca','jjwg_maps_assigned_user','Users','users','id','jjwg_Maps','jjwg_maps','assigned_user_id',NULL,NULL,NULL,'one-to-many',NULL,NULL,0,0),('25eb009d-f830-8aaa-134e-6802b59c6f0f','aop_case_events_created_by','Users','users','id','AOP_Case_Events','aop_case_events','created_by',NULL,NULL,NULL,'one-to-many',NULL,NULL,0,0),('26257ca8-b581-de9c-ab0c-6802b5a496d8','securitygroups_jjwg_maps','SecurityGroups','securitygroups','id','jjwg_Maps','jjwg_maps','id','securitygroups_records','securitygroup_id','record_id','many-to-many','module','jjwg_Maps',0,0),('26789988-4866-6728-84db-6802b551f777','jjwg_Maps_accounts','jjwg_Maps','jjwg_Maps','parent_id','Accounts','accounts','id',NULL,NULL,NULL,'one-to-many','parent_type','Accounts',0,0),('26ce4b14-0cd5-7547-7682-6802b591ea9d','jjwg_Maps_contacts','jjwg_Maps','jjwg_Maps','parent_id','Contacts','contacts','id',NULL,NULL,NULL,'one-to-many','parent_type','Contacts',0,0),('2723f18a-1c2a-11fb-6103-6802b57945a6','jjwg_Maps_leads','jjwg_Maps','jjwg_Maps','parent_id','Leads','leads','id',NULL,NULL,NULL,'one-to-many','parent_type','Leads',0,0),('27793da7-7b5a-72e3-85b7-6802b51b81e9','jjwg_Maps_opportunities','jjwg_Maps','jjwg_Maps','parent_id','Opportunities','opportunities','id',NULL,NULL,NULL,'one-to-many','parent_type','Opportunities',0,0),('27cc1d2b-dc73-b9bf-3049-6802b5a73402','jjwg_Maps_cases','jjwg_Maps','jjwg_Maps','parent_id','Cases','cases','id',NULL,NULL,NULL,'one-to-many','parent_type','Cases',0,0),('281da774-8b4d-8ee9-7aa2-6802b53bef33','jjwg_Maps_projects','jjwg_Maps','jjwg_Maps','parent_id','Project','project','id',NULL,NULL,NULL,'one-to-many','parent_type','Project',0,0),('2871d4bb-9225-ffc1-c283-6802b53faf37','jjwg_Maps_meetings','jjwg_Maps','jjwg_Maps','parent_id','Meetings','meetings','id',NULL,NULL,NULL,'one-to-many','parent_type','Meetings',0,0),('28c79c69-9270-8962-2e5c-6802b53b40df','jjwg_Maps_prospects','jjwg_Maps','jjwg_Maps','parent_id','Prospects','prospects','id',NULL,NULL,NULL,'one-to-many','parent_type','Prospects',0,0),('29722fa2-8df5-5628-c213-6802b5d98dce','jjwg_markers_modified_user','Users','users','id','jjwg_Markers','jjwg_markers','modified_user_id',NULL,NULL,NULL,'one-to-many',NULL,NULL,0,0),('29c74cd6-a59f-b8b7-c727-6802b5e93503','jjwg_markers_created_by','Users','users','id','jjwg_Markers','jjwg_markers','created_by',NULL,NULL,NULL,'one-to-many',NULL,NULL,0,0),('2a658f78-4a9e-6548-ceeb-6802b55ea1d7','jjwg_markers_assigned_user','Users','users','id','jjwg_Markers','jjwg_markers','assigned_user_id',NULL,NULL,NULL,'one-to-many',NULL,NULL,0,0),('2ab45d9e-2ff0-e97d-1531-6802b53fef5c','securitygroups_jjwg_markers','SecurityGroups','securitygroups','id','jjwg_Markers','jjwg_markers','id','securitygroups_records','securitygroup_id','record_id','many-to-many','module','jjwg_Markers',0,0),('2b5bbc4f-3c93-1a92-4f94-6802b5861b0f','jjwg_areas_modified_user','Users','users','id','jjwg_Areas','jjwg_areas','modified_user_id',NULL,NULL,NULL,'one-to-many',NULL,NULL,0,0),('2b670725-598b-605e-c1bb-6802b56536fc','aop_case_events_assigned_user','Users','users','id','AOP_Case_Events','aop_case_events','assigned_user_id',NULL,NULL,NULL,'one-to-many',NULL,NULL,0,0),('2bad0c7b-bb5d-6ee1-0040-6802b558e72c','jjwg_areas_created_by','Users','users','id','jjwg_Areas','jjwg_areas','created_by',NULL,NULL,NULL,'one-to-many',NULL,NULL,0,0),('2bfd6163-b145-d42c-1e7e-6802b5e6f5ba','jjwg_areas_assigned_user','Users','users','id','jjwg_Areas','jjwg_areas','assigned_user_id',NULL,NULL,NULL,'one-to-many',NULL,NULL,0,0),('2c54f38c-81bf-2788-af74-6802b5fd7a55','securitygroups_jjwg_areas','SecurityGroups','securitygroups','id','jjwg_Areas','jjwg_areas','id','securitygroups_records','securitygroup_id','record_id','many-to-many','module','jjwg_Areas',0,0),('2cf8f82b-3923-c68c-1bd2-6802b5c2eacc','jjwg_address_cache_modified_user','Users','users','id','jjwg_Address_Cache','jjwg_address_cache','modified_user_id',NULL,NULL,NULL,'one-to-many',NULL,NULL,0,0),('2d4bcf25-a62f-ccdc-4aa4-6802b5637abd','jjwg_address_cache_created_by','Users','users','id','jjwg_Address_Cache','jjwg_address_cache','created_by',NULL,NULL,NULL,'one-to-many',NULL,NULL,0,0),('2da239cc-cd27-0fdf-6fb6-6802b55d5f0e','jjwg_address_cache_assigned_user','Users','users','id','jjwg_Address_Cache','jjwg_address_cache','assigned_user_id',NULL,NULL,NULL,'one-to-many',NULL,NULL,0,0),('2e17ed48-6823-a0f7-f1fa-6802b563392f','calls_reschedule_modified_user','Users','users','id','Calls_Reschedule','calls_reschedule','modified_user_id',NULL,NULL,NULL,'one-to-many',NULL,NULL,0,0),('2e702a9d-76b8-0263-3d02-6802b5c5721c','calls_reschedule_created_by','Users','users','id','Calls_Reschedule','calls_reschedule','created_by',NULL,NULL,NULL,'one-to-many',NULL,NULL,0,0),('2ec9f99c-7f17-fa10-bc20-6802b55da7e9','calls_reschedule_assigned_user','Users','users','id','Calls_Reschedule','calls_reschedule','assigned_user_id',NULL,NULL,NULL,'one-to-many',NULL,NULL,0,0),('2f4c62e8-a0a1-9d7b-a319-6802b5856025','securitygroups_modified_user','Users','users','id','SecurityGroups','securitygroups','modified_user_id',NULL,NULL,NULL,'one-to-many',NULL,NULL,0,0),('2faab3a7-dbb1-0a67-de4d-6802b5467782','securitygroups_created_by','Users','users','id','SecurityGroups','securitygroups','created_by',NULL,NULL,NULL,'one-to-many',NULL,NULL,0,0),('3002f881-1eb7-aac6-a65c-6802b5a5cbff','securitygroups_assigned_user','Users','users','id','SecurityGroups','securitygroups','assigned_user_id',NULL,NULL,NULL,'one-to-many',NULL,NULL,0,0),('309068c8-0ce7-5b1d-8765-6802b5b71171','securitygroups_outboundemailaccounts','SecurityGroups','securitygroups','id','OutboundEmailAccounts','outbound_email','id','securitygroups_records','securitygroup_id','record_id','many-to-many','module','OutboundEmailAccounts',0,0),('31160e4d-c081-97a9-02bc-6802b5d1fc1e','cases_aop_case_events','Cases','cases','id','AOP_Case_Events','aop_case_events','case_id',NULL,NULL,NULL,'one-to-many',NULL,NULL,0,0),('31382860-591f-4eab-9378-6802b581aa2a','outbound_email_owner_user','Users','users','id','OutboundEmailAccounts','outbound_email','user_id',NULL,NULL,NULL,'one-to-many',NULL,NULL,0,0),('3191752d-e054-23c5-7235-6802b571c76a','outbound_email_modified_user','Users','users','id','OutboundEmailAccounts','outbound_email','modified_user_id',NULL,NULL,NULL,'one-to-many',NULL,NULL,0,0),('31e80056-eb67-5e05-11ef-6802b529d2bf','outbound_email_created_by','Users','users','id','OutboundEmailAccounts','outbound_email','created_by',NULL,NULL,NULL,'one-to-many',NULL,NULL,0,0),('323dca89-6582-6432-26f8-6802b52b394b','outbound_email_assigned_user','Users','users','id','OutboundEmailAccounts','outbound_email','assigned_user_id',NULL,NULL,NULL,'one-to-many',NULL,NULL,0,0),('32bbf5fb-ec1c-d840-7029-6802b54b111c','externaloauthconnection_modified_user','Users','users','id','ExternalOAuthConnection','external_oauth_connections','modified_user_id',NULL,NULL,NULL,'one-to-many',NULL,NULL,0,0),('3315cc85-d744-0cdc-7d48-6802b5973c61','externaloauthconnection_created_by','Users','users','id','ExternalOAuthConnection','external_oauth_connections','created_by',NULL,NULL,NULL,'one-to-many',NULL,NULL,0,0),('336ae792-fb1f-a88a-b95d-6802b5cb71a6','securitygroups_externaloauthconnection','SecurityGroups','securitygroups','id','ExternalOAuthConnection','external_oauth_connections','id','securitygroups_records','securitygroup_id','record_id','many-to-many','module','ExternalOAuthConnection',0,0),('34088b67-e36a-a0da-fc6b-6802b5ea7ce8','external_oauth_connections_external_oauth_providers','ExternalOAuthProvider','external_oauth_providers','id','ExternalOAuthConnection','external_oauth_connections','external_oauth_provider_id',NULL,NULL,NULL,'one-to-many',NULL,NULL,0,0),('348a70c1-cb41-8202-d11f-6802b5df7d8c','externaloauthprovider_modified_user','Users','users','id','ExternalOAuthProvider','external_oauth_providers','modified_user_id',NULL,NULL,NULL,'one-to-many',NULL,NULL,0,0),('34e2739f-be06-87ac-52cb-6802b5c73e94','externaloauthprovider_created_by','Users','users','id','ExternalOAuthProvider','external_oauth_providers','created_by',NULL,NULL,NULL,'one-to-many',NULL,NULL,0,0),('353db430-dcb1-f22a-acd0-6802b5c2eeb2','securitygroups_externaloauthprovider','SecurityGroups','securitygroups','id','ExternalOAuthProvider','external_oauth_providers','id','securitygroups_records','securitygroup_id','record_id','many-to-many','module','ExternalOAuthProvider',0,0),('35b04be1-3284-9fba-23d5-6802b562b56c','templatesectionline_modified_user','Users','users','id','TemplateSectionLine','templatesectionline','modified_user_id',NULL,NULL,NULL,'one-to-many',NULL,NULL,0,0),('360a9951-47ff-c62e-d1f1-6802b5862ed5','templatesectionline_created_by','Users','users','id','TemplateSectionLine','templatesectionline','created_by',NULL,NULL,NULL,'one-to-many',NULL,NULL,0,0),('3686c974-17ea-fc99-d4d7-6802b5e58677','oauth2tokens_modified_user','Users','users','id','OAuth2Tokens','oauth2tokens','modified_user_id',NULL,NULL,NULL,'one-to-many',NULL,NULL,0,0),('36de6bba-c0cf-4bcd-40c6-6802b5fdeb89','oauth2tokens_created_by','Users','users','id','OAuth2Tokens','oauth2tokens','created_by',NULL,NULL,NULL,'one-to-many',NULL,NULL,0,0),('3731131a-eb98-e176-8d21-6802b51249b2','oauth2tokens_assigned_user','Users','users','id','OAuth2Tokens','oauth2tokens','assigned_user_id',NULL,NULL,NULL,'one-to-many',NULL,NULL,0,0),('37a22af3-5079-a116-0060-6802b57f3b14','oauth2clients_modified_user','Users','users','id','OAuth2Clients','oauth2clients','modified_user_id',NULL,NULL,NULL,'one-to-many',NULL,NULL,0,0),('37f45243-2b61-307d-7007-6802b55e2d51','oauth2clients_created_by','Users','users','id','OAuth2Clients','oauth2clients','created_by',NULL,NULL,NULL,'one-to-many',NULL,NULL,0,0),('38424292-ac8a-09e0-5a44-6802b5a2a69e','oauth2clients_oauth2tokens','OAuth2Clients','oauth2clients','id','OAuth2Tokens','oauth2tokens','client',NULL,NULL,NULL,'one-to-many',NULL,NULL,0,0),('3894a290-c3af-8df1-bc94-6802b59a4be6','oauth2clients_assigned_user','Users','users','id','OAuth2Clients','oauth2clients','assigned_user_id',NULL,NULL,NULL,'one-to-many',NULL,NULL,0,0),('395d6fac-8d25-11ef-3e7b-6802b596e733','surveyresponses_modified_user','Users','users','id','SurveyResponses','surveyresponses','modified_user_id',NULL,NULL,NULL,'one-to-many',NULL,NULL,0,0),('39b1a6bf-f4df-493c-5248-6802b5953325','surveyresponses_created_by','Users','users','id','SurveyResponses','surveyresponses','created_by',NULL,NULL,NULL,'one-to-many',NULL,NULL,0,0),('3a043ebe-fe72-1481-2add-6802b52c026d','surveyresponses_assigned_user','Users','users','id','SurveyResponses','surveyresponses','assigned_user_id',NULL,NULL,NULL,'one-to-many',NULL,NULL,0,0),('3a59cbd7-040c-f136-1aae-6802b525bfdc','securitygroups_surveyresponses','SecurityGroups','securitygroups','id','SurveyResponses','surveyresponses','id','securitygroups_records','securitygroup_id','record_id','many-to-many','module','SurveyResponses',0,0),('3aad88dc-a509-933b-6227-6802b58fb874','surveyresponses_surveyquestionresponses','SurveyResponses','surveyresponses','id','SurveyQuestionResponses','surveyquestionresponses','surveyresponse_id',NULL,NULL,NULL,'one-to-many',NULL,NULL,0,0),('3b045126-c231-22b4-310f-6802b5b37115','surveyresponses_contacts','Contacts','contacts','id','SurveyResponses','surveyresponses','contact_id',NULL,NULL,NULL,'one-to-many',NULL,NULL,0,0),('3b5a5d8f-2302-944f-e9ee-6802b56efadf','surveyresponses_accounts','Accounts','accounts','id','SurveyResponses','surveyresponses','account_id',NULL,NULL,NULL,'one-to-many',NULL,NULL,0,0),('3bd37c7f-38f7-3ef5-6618-6802b59fdf0c','surveys_modified_user','Users','users','id','Surveys','surveys','modified_user_id',NULL,NULL,NULL,'one-to-many',NULL,NULL,0,0),('3c27605d-2347-cd21-fcdb-6802b57719e7','surveys_created_by','Users','users','id','Surveys','surveys','created_by',NULL,NULL,NULL,'one-to-many',NULL,NULL,0,0),('3c7a9f00-d589-2b95-e844-6802b5c598d6','surveys_assigned_user','Users','users','id','Surveys','surveys','assigned_user_id',NULL,NULL,NULL,'one-to-many',NULL,NULL,0,0),('3cccf56d-e4eb-7ab7-78a9-6802b57dfed2','securitygroups_surveys','SecurityGroups','securitygroups','id','Surveys','surveys','id','securitygroups_records','securitygroup_id','record_id','many-to-many','module','Surveys',0,0),('3d2295e9-31df-d9af-725c-6802b5f74519','surveys_surveyquestions','Surveys','surveys','id','SurveyQuestions','surveyquestions','survey_id',NULL,NULL,NULL,'one-to-many',NULL,NULL,0,0),('3d78c5a1-fa4f-c078-5fd9-6802b53075eb','surveys_surveyresponses','Surveys','surveys','id','SurveyResponses','surveyresponses','survey_id',NULL,NULL,NULL,'one-to-many',NULL,NULL,0,0),('3dcd1866-298b-cf73-58f1-6802b5d2d19f','surveys_campaigns','Surveys','surveys','id','Campaigns','campaigns','survey_id',NULL,NULL,NULL,'one-to-many',NULL,NULL,0,0),('3e2d0490-5206-ef14-6432-6802b5a04b9c','aop_case_updates_modified_user','Users','users','id','AOP_Case_Updates','aop_case_updates','modified_user_id',NULL,NULL,NULL,'one-to-many',NULL,NULL,0,0),('3e44a436-0284-f7c4-0cad-6802b5ce204f','surveyquestionresponses_modified_user','Users','users','id','SurveyQuestionResponses','surveyquestionresponses','modified_user_id',NULL,NULL,NULL,'one-to-many',NULL,NULL,0,0),('3e99f822-746c-d9d4-3e84-6802b5257f1b','surveyquestionresponses_created_by','Users','users','id','SurveyQuestionResponses','surveyquestionresponses','created_by',NULL,NULL,NULL,'one-to-many',NULL,NULL,0,0),('3ef4ec90-1ac1-c7f9-d279-6802b5eb9630','surveyquestionresponses_assigned_user','Users','users','id','SurveyQuestionResponses','surveyquestionresponses','assigned_user_id',NULL,NULL,NULL,'one-to-many',NULL,NULL,0,0),('3f49832d-bd73-7e2d-94f3-6802b51d1ed7','securitygroups_surveyquestionresponses','SecurityGroups','securitygroups','id','SurveyQuestionResponses','surveyquestionresponses','id','securitygroups_records','securitygroup_id','record_id','many-to-many','module','SurveyQuestionResponses',0,0),('4015570f-5b34-ad2e-16de-6802b54afff1','surveyquestions_modified_user','Users','users','id','SurveyQuestions','surveyquestions','modified_user_id',NULL,NULL,NULL,'one-to-many',NULL,NULL,0,0),('406eb36a-f9ed-19cc-7030-6802b5872923','surveyquestions_created_by','Users','users','id','SurveyQuestions','surveyquestions','created_by',NULL,NULL,NULL,'one-to-many',NULL,NULL,0,0),('40c350f4-fe58-116c-91ee-6802b5d0d2d0','surveyquestions_assigned_user','Users','users','id','SurveyQuestions','surveyquestions','assigned_user_id',NULL,NULL,NULL,'one-to-many',NULL,NULL,0,0),('4114da2d-da05-2863-08a5-6802b53958d3','securitygroups_surveyquestions','SecurityGroups','securitygroups','id','SurveyQuestions','surveyquestions','id','securitygroups_records','securitygroup_id','record_id','many-to-many','module','SurveyQuestions',0,0),('4167325d-28f1-abac-d944-6802b57739d7','surveyquestions_surveyquestionoptions','SurveyQuestions','surveyquestions','id','SurveyQuestionOptions','surveyquestionoptions','survey_question_id',NULL,NULL,NULL,'one-to-many',NULL,NULL,0,0),('41b7f65e-cf87-8a42-8afe-6802b56dcc19','surveyquestions_surveyquestionresponses','SurveyQuestions','surveyquestions','id','SurveyQuestionResponses','surveyquestionresponses','surveyquestion_id',NULL,NULL,NULL,'one-to-many',NULL,NULL,0,0),('422d63c0-27d0-5b2c-d82e-6802b52d8aa3','surveyquestionoptions_modified_user','Users','users','id','SurveyQuestionOptions','surveyquestionoptions','modified_user_id',NULL,NULL,NULL,'one-to-many',NULL,NULL,0,0),('4284a3ab-c91d-9be9-616e-6802b5796b37','surveyquestionoptions_created_by','Users','users','id','SurveyQuestionOptions','surveyquestionoptions','created_by',NULL,NULL,NULL,'one-to-many',NULL,NULL,0,0),('42d7ffac-b73a-102f-7897-6802b561ad97','surveyquestionoptions_assigned_user','Users','users','id','SurveyQuestionOptions','surveyquestionoptions','assigned_user_id',NULL,NULL,NULL,'one-to-many',NULL,NULL,0,0),('43296918-da66-3d00-978d-6802b5072171','securitygroups_surveyquestionoptions','SecurityGroups','securitygroups','id','SurveyQuestionOptions','surveyquestionoptions','id','securitygroups_records','securitygroup_id','record_id','many-to-many','module','SurveyQuestionOptions',0,0),('438b4e86-1946-171e-4b47-6802b57bb61e','accounts_bugs','Accounts','accounts','id','Bugs','bugs','id','accounts_bugs','account_id','bug_id','many-to-many',NULL,NULL,0,0),('43c80439-f2ae-7b84-0a4f-6802b5104c0f','aop_case_updates_created_by','Users','users','id','AOP_Case_Updates','aop_case_updates','created_by',NULL,NULL,NULL,'one-to-many',NULL,NULL,0,0),('43df671e-9124-6916-1f56-6802b57e64e5','accounts_contacts','Accounts','accounts','id','Contacts','contacts','id','accounts_contacts','account_id','contact_id','many-to-many',NULL,NULL,0,0),('44308b08-2cbf-372c-37c2-6802b575ab1f','accounts_opportunities','Accounts','accounts','id','Opportunities','opportunities','id','accounts_opportunities','account_id','opportunity_id','many-to-many',NULL,NULL,0,0),('4487e92b-2291-22aa-dc62-6802b501ff9b','calls_contacts','Calls','calls','id','Contacts','contacts','id','calls_contacts','call_id','contact_id','many-to-many',NULL,NULL,0,0),('44d9fdb2-0baa-b831-54e1-6802b5ab7050','calls_users','Calls','calls','id','Users','users','id','calls_users','call_id','user_id','many-to-many',NULL,NULL,0,0),('452a6558-0457-707f-f05a-6802b52e8565','calls_leads','Calls','calls','id','Leads','leads','id','calls_leads','call_id','lead_id','many-to-many',NULL,NULL,0,0),('457a81d8-0816-6373-c9cd-6802b5c390df','cases_bugs','Cases','cases','id','Bugs','bugs','id','cases_bugs','case_id','bug_id','many-to-many',NULL,NULL,0,0),('45cbb99d-badc-84f5-67c8-6802b57a13fe','contacts_bugs','Contacts','contacts','id','Bugs','bugs','id','contacts_bugs','contact_id','bug_id','many-to-many',NULL,NULL,0,0),('461ed92c-844f-6d71-2e71-6802b52dd62c','contacts_cases','Contacts','contacts','id','Cases','cases','id','contacts_cases','contact_id','case_id','many-to-many',NULL,NULL,0,0),('46bf6687-2030-65fc-3885-6802b545b010','contacts_users','Contacts','contacts','id','Users','users','id','contacts_users','contact_id','user_id','many-to-many',NULL,NULL,0,0),('47224969-bc83-f3a2-d529-6802b5032b67','emails_bugs_rel','Emails','emails','id','Bugs','bugs','id','emails_beans','email_id','bean_id','many-to-many','bean_module','Bugs',0,0),('477e2259-799b-78c8-a9fa-6802b5d72f3b','emails_cases_rel','Emails','emails','id','Cases','cases','id','emails_beans','email_id','bean_id','many-to-many','bean_module','Cases',0,0),('47f07faf-eb5f-8e00-10e8-6802b510196e','emails_opportunities_rel','Emails','emails','id','Opportunities','opportunities','id','emails_beans','email_id','bean_id','many-to-many','bean_module','Opportunities',0,0),('484b88a0-9f5f-bdad-1099-6802b5475793','emails_tasks_rel','Emails','emails','id','Tasks','tasks','id','emails_beans','email_id','bean_id','many-to-many','bean_module','Tasks',0,0),('48a27dbd-b879-fb9c-8abb-6802b57604df','emails_users_rel','Emails','emails','id','Users','users','id','emails_beans','email_id','bean_id','many-to-many','bean_module','Users',0,0),('4944d4fe-94b6-0ad5-ff7e-6802b5fe5d1a','emails_project_task_rel','Emails','emails','id','ProjectTask','project_task','id','emails_beans','email_id','bean_id','many-to-many','bean_module','ProjectTask',0,0),('4999a839-9006-e75a-ba94-6802b57fba44','emails_projects_rel','Emails','emails','id','Project','project','id','emails_beans','email_id','bean_id','many-to-many','bean_module','Project',0,0),('49f056c1-f033-ffbf-fd16-6802b598c7e0','emails_prospects_rel','Emails','emails','id','Prospects','prospects','id','emails_beans','email_id','bean_id','many-to-many','bean_module','Prospects',0,0),('4a4ae22e-a756-16a6-c67d-6802b5851335','meetings_contacts','Meetings','meetings','id','Contacts','contacts','id','meetings_contacts','meeting_id','contact_id','many-to-many',NULL,NULL,0,0),('4aa74e33-be2e-6c00-8900-6802b50d3351','meetings_users','Meetings','meetings','id','Users','users','id','meetings_users','meeting_id','user_id','many-to-many',NULL,NULL,0,0),('4b4e9b5a-2ec9-2285-51ac-6802b592a820','meetings_leads','Meetings','meetings','id','Leads','leads','id','meetings_leads','meeting_id','lead_id','many-to-many',NULL,NULL,0,0),('4ba61fc2-ee1e-928a-5236-6802b5aa03d2','opportunities_contacts','Opportunities','opportunities','id','Contacts','contacts','id','opportunities_contacts','opportunity_id','contact_id','many-to-many',NULL,NULL,0,0),('4bfef1d3-9083-9312-9b48-6802b5104717','prospect_list_campaigns','ProspectLists','prospect_lists','id','Campaigns','campaigns','id','prospect_list_campaigns','prospect_list_id','campaign_id','many-to-many',NULL,NULL,0,0),('4c58557b-cfb4-d423-aae1-6802b565ffa2','prospect_list_contacts','ProspectLists','prospect_lists','id','Contacts','contacts','id','prospect_lists_prospects','prospect_list_id','related_id','many-to-many','related_type','Contacts',0,0),('4cb1d488-ee37-7324-0386-6802b598c110','prospect_list_prospects','ProspectLists','prospect_lists','id','Prospects','prospects','id','prospect_lists_prospects','prospect_list_id','related_id','many-to-many','related_type','Prospects',0,0),('4d0524aa-0ba0-279d-16db-6802b50bb554','prospect_list_leads','ProspectLists','prospect_lists','id','Leads','leads','id','prospect_lists_prospects','prospect_list_id','related_id','many-to-many','related_type','Leads',0,0),('4da18e6f-24ef-9c65-cb4b-6802b5fcc9dc','prospect_list_users','ProspectLists','prospect_lists','id','Users','users','id','prospect_lists_prospects','prospect_list_id','related_id','many-to-many','related_type','Users',0,0),('4df240ed-a963-20c6-d89f-6802b50fd5a4','prospect_list_accounts','ProspectLists','prospect_lists','id','Accounts','accounts','id','prospect_lists_prospects','prospect_list_id','related_id','many-to-many','related_type','Accounts',0,0),('4e3b09b2-044d-4e1d-d098-6802b5843706','aop_case_updates_assigned_user','Users','users','id','AOP_Case_Updates','aop_case_updates','assigned_user_id',NULL,NULL,NULL,'one-to-many',NULL,NULL,0,0),('4e46490e-24d6-f8b4-362a-6802b50fa113','roles_users','Roles','roles','id','Users','users','id','roles_users','role_id','user_id','many-to-many',NULL,NULL,0,0),('4e9b5729-074a-4f61-502d-6802b5068f3c','projects_bugs','Project','project','id','Bugs','bugs','id','projects_bugs','project_id','bug_id','many-to-many',NULL,NULL,0,0),('4eee4136-2823-3e97-838b-6802b544d63f','projects_cases','Project','project','id','Cases','cases','id','projects_cases','project_id','case_id','many-to-many',NULL,NULL,0,0),('4f44603d-5173-c6a5-5103-6802b5793d80','projects_accounts','Project','project','id','Accounts','accounts','id','projects_accounts','project_id','account_id','many-to-many',NULL,NULL,0,0),('4f98cddd-bdeb-cc19-3e31-6802b5837c5e','projects_contacts','Project','project','id','Contacts','contacts','id','projects_contacts','project_id','contact_id','many-to-many',NULL,NULL,0,0),('4fee01f2-c1d9-9ba3-1705-6802b5775649','projects_opportunities','Project','project','id','Opportunities','opportunities','id','projects_opportunities','project_id','opportunity_id','many-to-many',NULL,NULL,0,0),('503fef82-7e08-f4a2-c14b-6802b5c19886','acl_roles_actions','ACLRoles','acl_roles','id','ACLActions','acl_actions','id','acl_roles_actions','role_id','action_id','many-to-many',NULL,NULL,0,0),('50933b98-172f-f177-89fc-6802b59e5ee2','acl_roles_users','ACLRoles','acl_roles','id','Users','users','id','acl_roles_users','role_id','user_id','many-to-many',NULL,NULL,0,0),('50ead064-55f6-d6b4-c7ec-6802b5d39b8b','email_marketing_prospect_lists','EmailMarketing','email_marketing','id','ProspectLists','prospect_lists','id','email_marketing_prospect_lists','email_marketing_id','prospect_list_id','many-to-many',NULL,NULL,0,0),('513f55da-a1fc-d129-5c2f-6802b5371f00','leads_documents','Leads','leads','id','Documents','documents','id','linked_documents','parent_id','document_id','many-to-many','parent_type','Leads',0,0),('5192a211-45d6-9e07-38bc-6802b530c66c','documents_accounts','Documents','documents','id','Accounts','accounts','id','documents_accounts','document_id','account_id','many-to-many',NULL,NULL,0,0),('51e3a2d9-d528-9972-1b04-6802b5492e4d','documents_contacts','Documents','documents','id','Contacts','contacts','id','documents_contacts','document_id','contact_id','many-to-many',NULL,NULL,0,0),('52355732-b2d2-3953-c18e-6802b5ccd32a','documents_opportunities','Documents','documents','id','Opportunities','opportunities','id','documents_opportunities','document_id','opportunity_id','many-to-many',NULL,NULL,0,0),('528ddcb1-6036-e2ef-2502-6802b517213c','documents_cases','Documents','documents','id','Cases','cases','id','documents_cases','document_id','case_id','many-to-many',NULL,NULL,0,0),('52e6d411-513a-06d7-2e4f-6802b5474034','documents_bugs','Documents','documents','id','Bugs','bugs','id','documents_bugs','document_id','bug_id','many-to-many',NULL,NULL,0,0),('533c0934-9065-2831-a572-6802b54bac4c','aok_knowledgebase_categories','AOK_KnowledgeBase','aok_knowledgebase','id','AOK_Knowledge_Base_Categories','aok_knowledge_base_categories','id','aok_knowledgebase_categories','aok_knowledgebase_id','aok_knowledge_base_categories_id','many-to-many',NULL,NULL,0,0),('53af04ca-23e2-149a-a3da-6802b521b158','cases_aop_case_updates','Cases','cases','id','AOP_Case_Updates','aop_case_updates','case_id',NULL,NULL,NULL,'one-to-many',NULL,NULL,0,0),('53e428d5-94d6-02ce-ff9b-6802b5118cd1','am_projecttemplates_project_1','AM_ProjectTemplates','am_projecttemplates','id','Project','project','id','am_projecttemplates_project_1_c','am_projecttemplates_project_1am_projecttemplates_ida','am_projecttemplates_project_1project_idb','many-to-many',NULL,NULL,0,0),('5438dc76-3ad7-982d-b7f6-6802b547d0e1','am_projecttemplates_contacts_1','AM_ProjectTemplates','am_projecttemplates','id','Contacts','contacts','id','am_projecttemplates_contacts_1_c','am_projecttemplates_ida','contacts_idb','many-to-many',NULL,NULL,0,0),('5492a9c2-1828-3a3d-638d-6802b54b1e9b','am_projecttemplates_users_1','AM_ProjectTemplates','am_projecttemplates','id','Users','users','id','am_projecttemplates_users_1_c','am_projecttemplates_ida','users_idb','many-to-many',NULL,NULL,0,0),('54e4e74b-4297-ffd8-a8d1-6802b5a8b81d','am_tasktemplates_am_projecttemplates','AM_ProjectTemplates','am_projecttemplates','id','AM_TaskTemplates','am_tasktemplates','id','am_tasktemplates_am_projecttemplates_c','am_tasktemplates_am_projecttemplatesam_projecttemplates_ida','am_tasktemplates_am_projecttemplatesam_tasktemplates_idb','many-to-many',NULL,NULL,0,0),('553d570f-037a-a67f-0933-6802b5818fa8','aos_contracts_documents','AOS_Contracts','aos_contracts','id','Documents','documents','id','aos_contracts_documents','aos_contracts_id','documents_id','many-to-many',NULL,NULL,0,0),('5595fc31-715b-53c9-3719-6802b560afbb','aos_quotes_aos_contracts','AOS_Quotes','aos_quotes','id','AOS_Contracts','aos_contracts','id','aos_quotes_os_contracts_c','aos_quotese81e_quotes_ida','aos_quotes4dc0ntracts_idb','many-to-many',NULL,NULL,0,0),('55efe5aa-0eba-c1a3-300b-6802b5f67330','aos_quotes_aos_invoices','AOS_Quotes','aos_quotes','id','AOS_Invoices','aos_invoices','id','aos_quotes_aos_invoices_c','aos_quotes77d9_quotes_ida','aos_quotes6b83nvoices_idb','many-to-many',NULL,NULL,0,0),('564ca2ae-3796-d682-e150-6802b5b3ed42','aos_quotes_project','AOS_Quotes','aos_quotes','id','Project','project','id','aos_quotes_project_c','aos_quotes1112_quotes_ida','aos_quotes7207project_idb','many-to-many',NULL,NULL,0,0),('56abc2de-8a75-0726-1520-6802b5f33eb7','aow_processed_aow_actions','AOW_Processed','aow_processed','id','AOW_Actions','aow_actions','id','aow_processed_aow_actions','aow_processed_id','aow_action_id','many-to-many',NULL,NULL,0,0),('5706e817-6577-4849-a41b-6802b54844ec','fp_event_locations_fp_events_1','FP_Event_Locations','fp_event_locations','id','FP_events','fp_events','id','fp_event_locations_fp_events_1_c','fp_event_locations_fp_events_1fp_event_locations_ida','fp_event_locations_fp_events_1fp_events_idb','many-to-many',NULL,NULL,0,0),('575cffb9-77c8-ace1-1413-6802b56a6d8e','fp_events_contacts','FP_events','fp_events','id','Contacts','contacts','id','fp_events_contacts_c','fp_events_contactsfp_events_ida','fp_events_contactscontacts_idb','many-to-many',NULL,NULL,0,0),('57b3fe45-215d-53bb-2787-6802b59a06ec','fp_events_fp_event_locations_1','FP_events','fp_events','id','FP_Event_Locations','fp_event_locations','id','fp_events_fp_event_locations_1_c','fp_events_fp_event_locations_1fp_events_ida','fp_events_fp_event_locations_1fp_event_locations_idb','many-to-many',NULL,NULL,0,0),('5812c718-0631-5d06-5d72-6802b5bec7df','fp_events_leads_1','FP_events','fp_events','id','Leads','leads','id','fp_events_leads_1_c','fp_events_leads_1fp_events_ida','fp_events_leads_1leads_idb','many-to-many',NULL,NULL,0,0),('586a6e43-97d0-19ac-48a8-6802b53bfcaa','fp_events_prospects_1','FP_events','fp_events','id','Prospects','prospects','id','fp_events_prospects_1_c','fp_events_prospects_1fp_events_ida','fp_events_prospects_1prospects_idb','many-to-many',NULL,NULL,0,0),('58c29d06-c8c8-a7fd-3692-6802b53d21f8','jjwg_maps_jjwg_areas','jjwg_Maps','jjwg_maps','id','jjwg_Areas','jjwg_areas','id','jjwg_maps_jjwg_areas_c','jjwg_maps_5304wg_maps_ida','jjwg_maps_41f2g_areas_idb','many-to-many',NULL,NULL,0,0),('591c740e-50f3-72c5-2655-6802b55b323f','jjwg_maps_jjwg_markers','jjwg_Maps','jjwg_maps','id','jjwg_Markers','jjwg_markers','id','jjwg_maps_jjwg_markers_c','jjwg_maps_b229wg_maps_ida','jjwg_maps_2e31markers_idb','many-to-many',NULL,NULL,0,0),('59741b71-0a96-8c23-70af-6802b59806dd','project_contacts_1','Project','project','id','Contacts','contacts','id','project_contacts_1_c','project_contacts_1project_ida','project_contacts_1contacts_idb','many-to-many',NULL,NULL,0,0),('5a132fd0-43cf-df02-cf91-6802b52f0c61','project_users_1','Project','project','id','Users','users','id','project_users_1_c','project_users_1project_ida','project_users_1users_idb','many-to-many',NULL,NULL,0,0),('5a440b81-897b-b7a5-5034-6802b5862ee7','aop_case_updates_notes','AOP_Case_Updates','aop_case_updates','id','Notes','notes','parent_id',NULL,NULL,NULL,'one-to-many','parent_type','AOP_Case_Updates',0,0),('5a6ac77c-34db-2de8-3019-6802b50f098c','securitygroups_acl_roles','SecurityGroups','securitygroups','id','ACLRoles','acl_roles','id','securitygroups_acl_roles','securitygroup_id','role_id','many-to-many',NULL,NULL,0,0),('5b5ef0dc-c20a-5781-f863-6802b5bd2106','securitygroups_project_task','SecurityGroups','securitygroups','id','ProjectTask','project_task','id','securitygroups_records','securitygroup_id','record_id','many-to-many','module','ProjectTask',0,0),('5bb6ff4e-c964-7d50-6441-6802b5685729','securitygroups_prospect_lists','SecurityGroups','securitygroups','id','ProspectLists','prospect_lists','id','securitygroups_records','securitygroup_id','record_id','many-to-many','module','ProspectLists',0,0),('5c25d5d2-deba-0371-bba3-6802b58a0682','securitygroups_users','SecurityGroups','securitygroups','id','Users','users','id','securitygroups_users','securitygroup_id','user_id','many-to-many',NULL,NULL,0,0),('5c79dfe3-3404-0a01-6b86-6802b50863b4','surveyquestionoptions_surveyquestionresponses','SurveyQuestionOptions','surveyquestionoptions','id','SurveyQuestionResponses','surveyquestionresponses','id','surveyquestionoptions_surveyquestionresponses','surveyq72c7options_ida','surveyq10d4sponses_idb','many-to-many',NULL,NULL,0,0),('6264037d-9674-24e1-ae9f-6802b54dcbcb','aor_reports_modified_user','Users','users','id','AOR_Reports','aor_reports','modified_user_id',NULL,NULL,NULL,'one-to-many',NULL,NULL,0,0),('680a0e44-4c7d-f28e-f0d7-6802b59ef5a7','aor_reports_created_by','Users','users','id','AOR_Reports','aor_reports','created_by',NULL,NULL,NULL,'one-to-many',NULL,NULL,0,0),('6d0703d8-578f-4d6d-74cf-6802b5512097','aor_reports_assigned_user','Users','users','id','AOR_Reports','aor_reports','assigned_user_id',NULL,NULL,NULL,'one-to-many',NULL,NULL,0,0),('74700090-887b-d085-0463-6802b5bd3760','securitygroups_fp_event_locations','SecurityGroups','securitygroups','id','FP_Event_Locations','fp_event_locations','id','securitygroups_records','securitygroup_id','record_id','many-to-many','module','FP_Event_Locations',0,0),('768f01d2-e1b4-4596-690b-6802b51126e9','securitygroups_aor_reports','SecurityGroups','securitygroups','id','AOR_Reports','aor_reports','id','securitygroups_records','securitygroup_id','record_id','many-to-many','module','AOR_Reports',0,0),('7c670a3f-2bb0-016d-69d8-6802b51bfe6c','aor_reports_aor_fields','AOR_Reports','aor_reports','id','AOR_Fields','aor_fields','aor_report_id',NULL,NULL,NULL,'one-to-many',NULL,NULL,0,0),('81c50838-d603-b26b-3822-6802b51b7666','aor_reports_aor_conditions','AOR_Reports','aor_reports','id','AOR_Conditions','aor_conditions','aor_report_id',NULL,NULL,NULL,'one-to-many',NULL,NULL,0,0),('86c30f28-8e87-42a8-d24f-6802b56adc0a','aor_scheduled_reports_aor_reports','AOR_Reports','aor_reports','id','AOR_Scheduled_Reports','aor_scheduled_reports','aor_report_id',NULL,NULL,NULL,'one-to-many',NULL,NULL,0,0),('8e6a0a1a-d8ff-73b4-5410-6802b5b69a6f','aor_fields_modified_user','Users','users','id','AOR_Fields','aor_fields','modified_user_id',NULL,NULL,NULL,'one-to-many',NULL,NULL,0,0),('90fd486f-521a-abd1-a1b4-6802b55d1622','leads_modified_user','Users','users','id','Leads','leads','modified_user_id',NULL,NULL,NULL,'one-to-many',NULL,NULL,0,0),('91cabcc3-3005-9633-790d-6802b5aee272','leads_created_by','Users','users','id','Leads','leads','created_by',NULL,NULL,NULL,'one-to-many',NULL,NULL,0,0),('922672c4-3fbe-5786-d9fc-6802b5e7842e','leads_assigned_user','Users','users','id','Leads','leads','assigned_user_id',NULL,NULL,NULL,'one-to-many',NULL,NULL,0,0),('927cb777-d88d-91fd-4e62-6802b53ec824','securitygroups_leads','SecurityGroups','securitygroups','id','Leads','leads','id','securitygroups_records','securitygroup_id','record_id','many-to-many','module','Leads',0,0),('92d610b2-6ff2-5062-a78d-6802b599a4c5','leads_email_addresses','Leads','leads','id','EmailAddresses','email_addresses','id','email_addr_bean_rel','bean_id','email_address_id','many-to-many','bean_module','Leads',0,0),('9331b237-cf6a-f2ec-5f68-6802b5245cd8','leads_email_addresses_primary','Leads','leads','id','EmailAddresses','email_addresses','id','email_addr_bean_rel','bean_id','email_address_id','many-to-many','primary_address','1',0,0),('93882ae0-1cb5-33f9-2e79-6802b58fcacf','lead_direct_reports','Leads','leads','id','Leads','leads','reports_to_id',NULL,NULL,NULL,'one-to-many',NULL,NULL,0,0),('93b603db-7e44-81de-d517-6802b5594166','aor_fields_created_by','Users','users','id','AOR_Fields','aor_fields','created_by',NULL,NULL,NULL,'one-to-many',NULL,NULL,0,0),('93e105dd-29a0-4907-92bf-6802b53e136f','lead_tasks','Leads','leads','id','Tasks','tasks','parent_id',NULL,NULL,NULL,'one-to-many','parent_type','Leads',0,0),('947d7ca6-97bf-b638-3086-6802b5cdcf78','lead_notes','Leads','leads','id','Notes','notes','parent_id',NULL,NULL,NULL,'one-to-many','parent_type','Leads',0,0),('94d0898f-065e-eb64-4e6b-6802b587e6ab','lead_meetings','Leads','leads','id','Meetings','meetings','parent_id',NULL,NULL,NULL,'one-to-many','parent_type','Leads',0,0),('9524a4b1-64c4-8c10-2a8a-6802b57be460','lead_calls','Leads','leads','id','Calls','calls','parent_id',NULL,NULL,NULL,'one-to-many','parent_type','Leads',0,0),('957acafc-97b6-6c9f-2fc7-6802b57f8d4b','lead_emails','Leads','leads','id','Emails','emails','parent_id',NULL,NULL,NULL,'one-to-many','parent_type','Leads',0,0),('95d2f7fd-e61b-6d91-0950-6802b50e6261','lead_campaign_log','Leads','leads','id','CampaignLog','campaign_log','target_id',NULL,NULL,NULL,'one-to-many','target_type','Leads',0,0),('970a368d-076c-7547-68d5-6802b5aa89a3','cases_modified_user','Users','users','id','Cases','cases','modified_user_id',NULL,NULL,NULL,'one-to-many',NULL,NULL,0,0),('97698ada-fe9b-7012-4c42-6802b5455485','cases_created_by','Users','users','id','Cases','cases','created_by',NULL,NULL,NULL,'one-to-many',NULL,NULL,0,0),('97be5c73-0d72-b6ed-dd28-6802b5041e5e','cases_assigned_user','Users','users','id','Cases','cases','assigned_user_id',NULL,NULL,NULL,'one-to-many',NULL,NULL,0,0),('9813375d-a719-834c-df14-6802b5f3d2b4','securitygroups_cases','SecurityGroups','securitygroups','id','Cases','cases','id','securitygroups_records','securitygroup_id','record_id','many-to-many','module','Cases',0,0),('98689777-f41c-8440-4ba6-6802b504199d','case_calls','Cases','cases','id','Calls','calls','parent_id',NULL,NULL,NULL,'one-to-many','parent_type','Cases',0,0),('98bd822a-3355-0786-d005-6802b520901f','case_tasks','Cases','cases','id','Tasks','tasks','parent_id',NULL,NULL,NULL,'one-to-many','parent_type','Cases',0,0),('99192e78-1797-8cda-1987-6802b5cc7192','case_notes','Cases','cases','id','Notes','notes','parent_id',NULL,NULL,NULL,'one-to-many','parent_type','Cases',0,0),('99701ae9-4ca9-2fe2-3010-6802b53e12bb','case_meetings','Cases','cases','id','Meetings','meetings','parent_id',NULL,NULL,NULL,'one-to-many','parent_type','Cases',0,0),('99c6bc71-eadb-c702-91c8-6802b501dc9a','case_emails','Cases','cases','id','Emails','emails','parent_id',NULL,NULL,NULL,'one-to-many','parent_type','Cases',0,0),('9a1de565-f213-8f6e-90b2-6802b508408b','cases_created_contact','Contacts','contacts','id','Cases','cases','contact_created_by_id',NULL,NULL,NULL,'one-to-many',NULL,NULL,0,0),('9ad3088f-042d-fbed-3b70-6802b527e543','aor_charts_modified_user','Users','users','id','AOR_Charts','aor_charts','modified_user_id',NULL,NULL,NULL,'one-to-many',NULL,NULL,0,0),('9b2a2d94-de20-a365-7ae6-6802b50f0d71','bugs_modified_user','Users','users','id','Bugs','bugs','modified_user_id',NULL,NULL,NULL,'one-to-many',NULL,NULL,0,0),('9b820287-daa9-8f4a-ba3b-6802b551efe6','bugs_created_by','Users','users','id','Bugs','bugs','created_by',NULL,NULL,NULL,'one-to-many',NULL,NULL,0,0),('9bd68d2e-e5e2-6148-996d-6802b513db6d','bugs_assigned_user','Users','users','id','Bugs','bugs','assigned_user_id',NULL,NULL,NULL,'one-to-many',NULL,NULL,0,0),('9c2b8c41-ef42-ac3f-6503-6802b57cc8f9','securitygroups_bugs','SecurityGroups','securitygroups','id','Bugs','bugs','id','securitygroups_records','securitygroup_id','record_id','many-to-many','module','Bugs',0,0),('9c7d99cb-5f5b-4412-8cb1-6802b5a8fcf8','bug_tasks','Bugs','bugs','id','Tasks','tasks','parent_id',NULL,NULL,NULL,'one-to-many','parent_type','Bugs',0,0),('9d1e0697-845c-fc50-011d-6802b527d8cf','bug_meetings','Bugs','bugs','id','Meetings','meetings','parent_id',NULL,NULL,NULL,'one-to-many','parent_type','Bugs',0,0),('9d6dfff6-1a32-4b74-f476-6802b5902963','bug_calls','Bugs','bugs','id','Calls','calls','parent_id',NULL,NULL,NULL,'one-to-many','parent_type','Bugs',0,0),('9dc2535f-86dc-ee5a-873c-6802b5e9b330','bug_emails','Bugs','bugs','id','Emails','emails','parent_id',NULL,NULL,NULL,'one-to-many','parent_type','Bugs',0,0),('9e16d745-e690-349d-e84a-6802b571c072','bug_notes','Bugs','bugs','id','Notes','notes','parent_id',NULL,NULL,NULL,'one-to-many','parent_type','Bugs',0,0),('9e66b5bc-6ba3-0ead-3054-6802b5149d53','bugs_release','Releases','releases','id','Bugs','bugs','found_in_release',NULL,NULL,NULL,'one-to-many',NULL,NULL,0,0),('9eba4e92-6740-ac71-4fb3-6802b54d1d6a','bugs_fixed_in_release','Releases','releases','id','Bugs','bugs','fixed_in_release',NULL,NULL,NULL,'one-to-many',NULL,NULL,0,0),('9f41ee4a-c70f-3585-84e9-6802b5940a24','user_direct_reports','Users','users','id','Users','users','reports_to_id',NULL,NULL,NULL,'one-to-many',NULL,NULL,0,0),('9f95e047-7a51-2ba5-37a0-6802b545848d','users_users_password_link','Users','users','id',NULL,'users_signatures','user_id',NULL,NULL,NULL,'one-to-many',NULL,NULL,0,0),('9fdf097f-830f-bd43-2e30-6802b5873f79','aor_charts_created_by','Users','users','id','AOR_Charts','aor_charts','created_by',NULL,NULL,NULL,'one-to-many',NULL,NULL,0,0),('9fe9b0b2-2f0a-c470-7c6d-6802b51547c6','users_email_addresses','Users','users','id','EmailAddresses','email_addresses','id','email_addr_bean_rel','bean_id','email_address_id','many-to-many','bean_module','Users',0,0),('a03d3e2b-ad6e-4e9f-595f-6802b5a9ae59','users_email_addresses_primary','Users','users','id','EmailAddresses','email_addresses','id','email_addr_bean_rel','bean_id','email_address_id','many-to-many','primary_address','1',0,0),('a0a9273a-d2f0-e6ad-97d5-6802b5b70318','campaignlog_contact','CampaignLog','campaign_log','related_id','Contacts','contacts','id',NULL,NULL,NULL,'one-to-many',NULL,NULL,0,0),('a100f6d9-fbbe-da3d-748d-6802b5538cea','campaignlog_lead','CampaignLog','campaign_log','related_id','Leads','leads','id',NULL,NULL,NULL,'one-to-many',NULL,NULL,0,0),('a1525d9c-d85d-bbe1-8378-6802b57a1e1d','campaignlog_created_opportunities','CampaignLog','campaign_log','related_id','Opportunities','opportunities','id',NULL,NULL,NULL,'one-to-many',NULL,NULL,0,0),('a1a5c15d-c37e-e1bc-7113-6802b51a8dde','campaignlog_targeted_users','CampaignLog','campaign_log','target_id','Users','users','id',NULL,NULL,NULL,'one-to-many',NULL,NULL,0,0),('a1f9ba7e-d4cd-41d7-4d9f-6802b55bf841','campaignlog_sent_emails','CampaignLog','campaign_log','related_id','Emails','emails','id',NULL,NULL,NULL,'one-to-many',NULL,NULL,0,0),('a274e906-9ec8-f7f3-4c76-6802b5b03af7','securitygroups_project','SecurityGroups','securitygroups','id','Project','project','id','securitygroups_records','securitygroup_id','record_id','many-to-many','module','Project',0,0),('a2ceeb58-69d3-9077-1a8b-6802b5b5261f','projects_notes','Project','project','id','Notes','notes','parent_id',NULL,NULL,NULL,'one-to-many','parent_type','Project',0,0),('a31fd420-944e-4bd8-0eee-6802b5f3bca3','projects_tasks','Project','project','id','Tasks','tasks','parent_id',NULL,NULL,NULL,'one-to-many','parent_type','Project',0,0),('a3763f19-7c88-197f-42ae-6802b530f041','projects_meetings','Project','project','id','Meetings','meetings','parent_id',NULL,NULL,NULL,'one-to-many','parent_type','Project',0,0),('a3cebfce-ad01-5f9d-f382-6802b5b6c0a2','projects_calls','Project','project','id','Calls','calls','parent_id',NULL,NULL,NULL,'one-to-many','parent_type','Project',0,0),('a46d9d30-9a57-7d96-0c8b-6802b5abee35','projects_emails','Project','project','id','Emails','emails','parent_id',NULL,NULL,NULL,'one-to-many','parent_type','Project',0,0),('a4cb845a-d598-266b-2637-6802b5a6092e','projects_project_tasks','Project','project','id','ProjectTask','project_task','project_id',NULL,NULL,NULL,'one-to-many',NULL,NULL,0,0),('a50608ea-1cb4-0d98-be01-6802b5df46e1','aor_charts_aor_reports','AOR_Reports','aor_reports','id','AOR_Charts','aor_charts','aor_report_id',NULL,NULL,NULL,'one-to-many',NULL,NULL,0,0),('a52297a7-43a7-e60f-663c-6802b55c1a94','projects_assigned_user','Users','users','id','Project','project','assigned_user_id',NULL,NULL,NULL,'one-to-many',NULL,NULL,0,0),('a57b9f93-f320-f345-42f2-6802b5308fa5','projects_modified_user','Users','users','id','Project','project','modified_user_id',NULL,NULL,NULL,'one-to-many',NULL,NULL,0,0),('a5d946e6-9e68-4e32-47c5-6802b5111f15','projects_created_by','Users','users','id','Project','project','created_by',NULL,NULL,NULL,'one-to-many',NULL,NULL,0,0),('a6eac726-cd52-c5cd-89fd-6802b567df17','securitygroups_projecttask','SecurityGroups','securitygroups','id','ProjectTask','project_task','id','securitygroups_records','securitygroup_id','record_id','many-to-many','module','ProjectTask',0,0),('a7462051-fa72-3557-ff52-6802b5a384c6','project_tasks_notes','ProjectTask','project_task','id','Notes','notes','parent_id',NULL,NULL,NULL,'one-to-many','parent_type','ProjectTask',0,0),('a7ac3fc7-ef80-0d51-1765-6802b5657ee4','project_tasks_tasks','ProjectTask','project_task','id','Tasks','tasks','parent_id',NULL,NULL,NULL,'one-to-many','parent_type','ProjectTask',0,0),('a80a2e05-7eac-4c2e-35e1-6802b5e0d083','project_tasks_meetings','ProjectTask','project_task','id','Meetings','meetings','parent_id',NULL,NULL,NULL,'one-to-many','parent_type','ProjectTask',0,0),('a867c115-925b-be46-23a2-6802b5b23e36','project_tasks_calls','ProjectTask','project_task','id','Calls','calls','parent_id',NULL,NULL,NULL,'one-to-many','parent_type','ProjectTask',0,0),('a8c181c1-0ba5-0f4b-4abf-6802b5d1c9c2','project_tasks_emails','ProjectTask','project_task','id','Emails','emails','parent_id',NULL,NULL,NULL,'one-to-many','parent_type','ProjectTask',0,0),('a91e075f-ef66-b370-2c81-6802b56e7d10','project_tasks_assigned_user','Users','users','id','ProjectTask','project_task','assigned_user_id',NULL,NULL,NULL,'one-to-many',NULL,NULL,0,0),('a97d3f7a-0952-08f9-f9a2-6802b541789a','project_tasks_modified_user','Users','users','id','ProjectTask','project_task','modified_user_id',NULL,NULL,NULL,'one-to-many',NULL,NULL,0,0),('a9da4e5c-f36d-4989-38de-6802b5bc19f4','project_tasks_created_by','Users','users','id','ProjectTask','project_task','created_by',NULL,NULL,NULL,'one-to-many',NULL,NULL,0,0),('aa755bcd-868f-3022-1b17-6802b51fa250','campaigns_modified_user','Users','users','id','Campaigns','campaigns','modified_user_id',NULL,NULL,NULL,'one-to-many',NULL,NULL,0,0),('aace58c0-7122-6b81-1e9b-6802b5e7a2b9','campaigns_created_by','Users','users','id','Campaigns','campaigns','created_by',NULL,NULL,NULL,'one-to-many',NULL,NULL,0,0),('ab285644-b19b-10d1-dac7-6802b53f9cfe','campaigns_assigned_user','Users','users','id','Campaigns','campaigns','assigned_user_id',NULL,NULL,NULL,'one-to-many',NULL,NULL,0,0),('ab81f23e-5435-c4bb-1603-6802b54b155d','securitygroups_campaigns','SecurityGroups','securitygroups','id','Campaigns','campaigns','id','securitygroups_records','securitygroup_id','record_id','many-to-many','module','Campaigns',0,0),('abdc4264-18e0-570c-d82e-6802b5c02496','campaign_accounts','Campaigns','campaigns','id','Accounts','accounts','campaign_id',NULL,NULL,NULL,'one-to-many',NULL,NULL,0,0),('ac060a0f-7d5b-90a5-0d30-6802b5368992','aor_conditions_modified_user','Users','users','id','AOR_Conditions','aor_conditions','modified_user_id',NULL,NULL,NULL,'one-to-many',NULL,NULL,0,0),('ac7bbbb3-22f6-6590-3529-6802b50b19dd','campaign_contacts','Campaigns','campaigns','id','Contacts','contacts','campaign_id',NULL,NULL,NULL,'one-to-many',NULL,NULL,0,0),('acd35172-590d-f56d-7d04-6802b56ebeb1','campaign_leads','Campaigns','campaigns','id','Leads','leads','campaign_id',NULL,NULL,NULL,'one-to-many',NULL,NULL,0,0),('ad2c401b-8212-47a6-7481-6802b5880e2b','campaign_prospects','Campaigns','campaigns','id','Prospects','prospects','campaign_id',NULL,NULL,NULL,'one-to-many',NULL,NULL,0,0),('ad86bb51-d99d-891d-f70d-6802b5dd5e09','campaign_opportunities','Campaigns','campaigns','id','Opportunities','opportunities','campaign_id',NULL,NULL,NULL,'one-to-many',NULL,NULL,0,0),('adeac1c8-9b1a-039a-bcb5-6802b547a23e','campaign_notes','Campaigns','campaigns','id','Notes','notes','parent_id',NULL,NULL,NULL,'one-to-many','parent_type','Campaigns',0,0),('ae46ca60-43dc-415a-a0bf-6802b573b904','campaign_email_marketing','Campaigns','campaigns','id','EmailMarketing','email_marketing','campaign_id',NULL,NULL,NULL,'one-to-many',NULL,NULL,0,0),('aeab5a99-6aea-c49f-e85c-6802b5ebc678','campaign_emailman','Campaigns','campaigns','id','EmailMan','emailman','campaign_id',NULL,NULL,NULL,'one-to-many',NULL,NULL,0,0),('af0900a8-1d5f-c529-6ca3-6802b55cae21','campaign_campaignlog','Campaigns','campaigns','id','CampaignLog','campaign_log','campaign_id',NULL,NULL,NULL,'one-to-many',NULL,NULL,0,0),('af686996-bdfa-5909-51ac-6802b578f870','campaign_assigned_user','Users','users','id','Campaigns','campaigns','assigned_user_id',NULL,NULL,NULL,'one-to-many',NULL,NULL,0,0),('afc411d8-370d-e687-5d66-6802b505272d','campaign_modified_user','Users','users','id','Campaigns','campaigns','modified_user_id',NULL,NULL,NULL,'one-to-many',NULL,NULL,0,0),('b01b6100-13a4-69b7-858e-6802b568e7e2','surveyresponses_campaigns','Campaigns','campaigns','id','SurveyResponses','surveyresponses','campaign_id',NULL,NULL,NULL,'one-to-many',NULL,NULL,0,0),('b0a23055-5652-b66c-5643-6802b5da020c','prospectlists_assigned_user','Users','users','id','ProspectLists','prospect_lists','assigned_user_id',NULL,NULL,NULL,'one-to-many',NULL,NULL,0,0),('b0ff84e0-7f24-f088-54cf-6802b536cf22','securitygroups_prospectlists','SecurityGroups','securitygroups','id','ProspectLists','prospect_lists','id','securitygroups_records','securitygroup_id','record_id','many-to-many','module','ProspectLists',0,0),('b14003e7-47c9-cb38-57f9-6802b51db25b','aor_conditions_created_by','Users','users','id','AOR_Conditions','aor_conditions','created_by',NULL,NULL,NULL,'one-to-many',NULL,NULL,0,0),('b1a70d68-14bc-3506-5935-6802b53282c7','prospects_modified_user','Users','users','id','Prospects','prospects','modified_user_id',NULL,NULL,NULL,'one-to-many',NULL,NULL,0,0),('b202b8c0-0617-c4e2-15af-6802b5a8b8e6','prospects_created_by','Users','users','id','Prospects','prospects','created_by',NULL,NULL,NULL,'one-to-many',NULL,NULL,0,0),('b2665d13-bb82-e737-1862-6802b525e8f2','prospects_assigned_user','Users','users','id','Prospects','prospects','assigned_user_id',NULL,NULL,NULL,'one-to-many',NULL,NULL,0,0),('b2c2b3db-07eb-f46d-b404-6802b5136d4e','securitygroups_prospects','SecurityGroups','securitygroups','id','Prospects','prospects','id','securitygroups_records','securitygroup_id','record_id','many-to-many','module','Prospects',0,0),('b3265317-649e-f16b-48cc-6802b59fecb4','prospects_email_addresses','Prospects','prospects','id','EmailAddresses','email_addresses','id','email_addr_bean_rel','bean_id','email_address_id','many-to-many','bean_module','Prospects',0,0),('b37f8ff1-2f5a-f9dc-2a9b-6802b504f286','prospects_email_addresses_primary','Prospects','prospects','id','EmailAddresses','email_addresses','id','email_addr_bean_rel','bean_id','email_address_id','many-to-many','primary_address','1',0,0),('b423993c-7f94-25f1-dabb-6802b5c25b47','prospect_tasks','Prospects','prospects','id','Tasks','tasks','parent_id',NULL,NULL,NULL,'one-to-many','parent_type','Prospects',0,0),('b4800985-7de6-ca3a-eae8-6802b56cf7b2','prospect_notes','Prospects','prospects','id','Notes','notes','parent_id',NULL,NULL,NULL,'one-to-many','parent_type','Prospects',0,0),('b4dc7c5d-a19d-7eeb-1404-6802b5e1f769','prospect_meetings','Prospects','prospects','id','Meetings','meetings','parent_id',NULL,NULL,NULL,'one-to-many','parent_type','Prospects',0,0),('b53d86ad-c883-3e8b-d5dc-6802b5e9f00c','prospect_calls','Prospects','prospects','id','Calls','calls','parent_id',NULL,NULL,NULL,'one-to-many','parent_type','Prospects',0,0),('b59b001d-4473-ceec-16c0-6802b5ee08c8','prospect_emails','Prospects','prospects','id','Emails','emails','parent_id',NULL,NULL,NULL,'one-to-many','parent_type','Prospects',0,0),('b5f5c9ba-e700-c8f3-9b7e-6802b56d3061','prospect_campaign_log','Prospects','prospects','id','CampaignLog','campaign_log','target_id',NULL,NULL,NULL,'one-to-many','target_type','Prospects',0,0),('b6fe316e-8fc3-b4aa-c7d7-6802b5c6df79','securitygroups_emailmarketing','SecurityGroups','securitygroups','id','EmailMarketing','email_marketing','id','securitygroups_records','securitygroup_id','record_id','many-to-many','module','EmailMarketing',0,0),('b757268c-032a-8077-2ade-6802b536ad23','email_template_email_marketings','EmailTemplates','email_templates','id','EmailMarketing','email_marketing','template_id',NULL,NULL,NULL,'one-to-many',NULL,NULL,0,0),('b7c6dc7e-8825-c67e-9baa-6802b54efab4','campaign_campaigntrakers','Campaigns','campaigns','id','CampaignTrackers','campaign_trkrs','campaign_id',NULL,NULL,NULL,'one-to-many',NULL,NULL,0,0),('b84bee40-2629-6985-4b63-6802b5a07f69','schedulers_created_by_rel','Users','users','id','Schedulers','schedulers','created_by',NULL,NULL,NULL,'one-to-one',NULL,NULL,0,0),('b8660a7f-db89-cda3-3ecb-6802b5050a52','aor_scheduled_reports_modified_user','Users','users','id','AOR_Scheduled_Reports','aor_scheduled_reports','modified_user_id',NULL,NULL,NULL,'one-to-many',NULL,NULL,0,0),('b8a6b4bd-b2f4-b8f5-8f66-6802b55a512c','schedulers_modified_user_id_rel','Users','users','id','Schedulers','schedulers','modified_user_id',NULL,NULL,NULL,'one-to-many',NULL,NULL,0,0),('b95582bd-5487-85de-da22-6802b5cd2cc4','schedulers_jobs_rel','Schedulers','schedulers','id','SchedulersJobs','job_queue','scheduler_id',NULL,NULL,NULL,'one-to-many',NULL,NULL,0,0),('b9caab4e-add4-e16e-12b7-6802b50e1a48','schedulersjobs_assigned_user','Users','users','id','SchedulersJobs','job_queue','assigned_user_id',NULL,NULL,NULL,'one-to-many',NULL,NULL,0,0),('ba7e2abc-00e7-2a65-5552-6802b52c0716','contacts_modified_user','Users','users','id','Contacts','contacts','modified_user_id',NULL,NULL,NULL,'one-to-many',NULL,NULL,0,0),('bad82c6d-88f9-0bd0-2dbe-6802b51649bd','contacts_created_by','Users','users','id','Contacts','contacts','created_by',NULL,NULL,NULL,'one-to-many',NULL,NULL,0,0),('bb2ace83-646b-90b7-8f7e-6802b54290db','contacts_assigned_user','Users','users','id','Contacts','contacts','assigned_user_id',NULL,NULL,NULL,'one-to-many',NULL,NULL,0,0),('bb85c9cd-f560-d77e-f67d-6802b5ee2c35','securitygroups_contacts','SecurityGroups','securitygroups','id','Contacts','contacts','id','securitygroups_records','securitygroup_id','record_id','many-to-many','module','Contacts',0,0),('bbdbcea1-1567-1cc0-d9cc-6802b5a6f944','contacts_email_addresses','Contacts','contacts','id','EmailAddresses','email_addresses','id','email_addr_bean_rel','bean_id','email_address_id','many-to-many','bean_module','Contacts',0,0),('bc38b5cd-442b-83f2-7ff3-6802b50428d1','contacts_email_addresses_primary','Contacts','contacts','id','EmailAddresses','email_addresses','id','email_addr_bean_rel','bean_id','email_address_id','many-to-many','primary_address','1',0,0),('bc97ec10-a44e-c26d-a812-6802b55eddfb','contact_direct_reports','Contacts','contacts','id','Contacts','contacts','reports_to_id',NULL,NULL,NULL,'one-to-many',NULL,NULL,0,0),('bcee1907-b498-04a9-cbef-6802b56721cb','contact_leads','Contacts','contacts','id','Leads','leads','contact_id',NULL,NULL,NULL,'one-to-many',NULL,NULL,0,0),('bd750eca-b6d0-8490-e267-6802b562905c','aor_scheduled_reports_created_by','Users','users','id','AOR_Scheduled_Reports','aor_scheduled_reports','created_by',NULL,NULL,NULL,'one-to-many',NULL,NULL,0,0),('bd9185a4-aea3-ad05-cec0-6802b5da8339','contact_notes','Contacts','contacts','id','Notes','notes','contact_id',NULL,NULL,NULL,'one-to-many',NULL,NULL,0,0),('bdea0638-1087-65af-8bc4-6802b5725621','contact_tasks','Contacts','contacts','id','Tasks','tasks','contact_id',NULL,NULL,NULL,'one-to-many',NULL,NULL,0,0),('be47abfe-47bb-a2df-1099-6802b54e8e81','contact_tasks_parent','Contacts','contacts','id','Tasks','tasks','parent_id',NULL,NULL,NULL,'one-to-many','parent_type','Contacts',0,0),('bea4a7d8-0abe-9e00-a174-6802b53ef704','contact_notes_parent','Contacts','contacts','id','Notes','notes','parent_id',NULL,NULL,NULL,'one-to-many','parent_type','Contacts',0,0),('bf00bc47-afd6-2d2e-c17d-6802b53147b3','contact_campaign_log','Contacts','contacts','id','CampaignLog','campaign_log','target_id',NULL,NULL,NULL,'one-to-many','target_type','Contacts',0,0),('bf603bfc-c406-27bb-b5f9-6802b5bce84c','contact_aos_quotes','Contacts','contacts','id','AOS_Quotes','aos_quotes','billing_contact_id',NULL,NULL,NULL,'one-to-many',NULL,NULL,0,0),('bfbbc214-8564-deea-60c3-6802b57cd147','contact_aos_invoices','Contacts','contacts','id','AOS_Invoices','aos_invoices','billing_contact_id',NULL,NULL,NULL,'one-to-many',NULL,NULL,0,0),('c015c0cd-a9b4-a433-3983-6802b5246c2e','contact_aos_contracts','Contacts','contacts','id','AOS_Contracts','aos_contracts','contact_id',NULL,NULL,NULL,'one-to-many',NULL,NULL,0,0),('c06c64d5-a0b2-8871-3628-6802b5eb08c1','contacts_aop_case_updates','Contacts','contacts','id','AOP_Case_Updates','aop_case_updates','contact_id',NULL,NULL,NULL,'one-to-many',NULL,NULL,0,0),('c1fa7e42-7635-df65-49f4-6802b57b0d63','accounts_modified_user','Users','users','id','Accounts','accounts','modified_user_id',NULL,NULL,NULL,'one-to-many',NULL,NULL,0,0),('c2595b79-0ded-01b4-d25f-6802b56b84dd','accounts_created_by','Users','users','id','Accounts','accounts','created_by',NULL,NULL,NULL,'one-to-many',NULL,NULL,0,0),('c2af095f-e6a7-721d-a7f7-6802b510a05f','accounts_assigned_user','Users','users','id','Accounts','accounts','assigned_user_id',NULL,NULL,NULL,'one-to-many',NULL,NULL,0,0),('c301722e-9828-dbf9-2c78-6802b505d5d2','securitygroups_accounts','SecurityGroups','securitygroups','id','Accounts','accounts','id','securitygroups_records','securitygroup_id','record_id','many-to-many','module','Accounts',0,0),('c3586756-7cc6-f567-104d-6802b5a70b55','accounts_email_addresses','Accounts','accounts','id','EmailAddresses','email_addresses','id','email_addr_bean_rel','bean_id','email_address_id','many-to-many','bean_module','Accounts',0,0),('c3b2163d-f6e8-5eb8-6606-6802b55c6cfa','accounts_email_addresses_primary','Accounts','accounts','id','EmailAddresses','email_addresses','id','email_addr_bean_rel','bean_id','email_address_id','many-to-many','primary_address','1',0,0),('c40d82ed-be32-f6c1-ae16-6802b57a1fcb','member_accounts','Accounts','accounts','id','Accounts','accounts','parent_id',NULL,NULL,NULL,'one-to-many',NULL,NULL,0,0),('c45f8bc4-3054-85f2-ab73-6802b512dac0','account_cases','Accounts','accounts','id','Cases','cases','account_id',NULL,NULL,NULL,'one-to-many',NULL,NULL,0,0),('c4b1e693-f65e-ea2c-9261-6802b54983e1','account_tasks','Accounts','accounts','id','Tasks','tasks','parent_id',NULL,NULL,NULL,'one-to-many','parent_type','Accounts',0,0),('c5063e9f-eb51-6e13-47b0-6802b59d96c9','account_notes','Accounts','accounts','id','Notes','notes','parent_id',NULL,NULL,NULL,'one-to-many','parent_type','Accounts',0,0),('c55873f3-24ab-4b48-e74e-6802b5e65fc2','account_meetings','Accounts','accounts','id','Meetings','meetings','parent_id',NULL,NULL,NULL,'one-to-many','parent_type','Accounts',0,0),('c5fe8475-05fe-81ae-f1f6-6802b5148f21','account_calls','Accounts','accounts','id','Calls','calls','parent_id',NULL,NULL,NULL,'one-to-many','parent_type','Accounts',0,0),('c64e54a9-9388-b752-41fb-6802b5e6eae8','account_emails','Accounts','accounts','id','Emails','emails','parent_id',NULL,NULL,NULL,'one-to-many','parent_type','Accounts',0,0),('c69fb0c2-a307-61dc-c46a-6802b5d1deec','account_leads','Accounts','accounts','id','Leads','leads','account_id',NULL,NULL,NULL,'one-to-many',NULL,NULL,0,0),('c6efb9ea-a63c-70eb-27d1-6802b55f0c2d','account_campaign_log','Accounts','accounts','id','CampaignLog','campaign_log','target_id',NULL,NULL,NULL,'one-to-many','target_type','Accounts',0,0),('c742fa89-595e-3bdc-3fd7-6802b5ffee5a','account_aos_quotes','Accounts','accounts','id','AOS_Quotes','aos_quotes','billing_account_id',NULL,NULL,NULL,'one-to-many',NULL,NULL,0,0),('c77a09cd-eedd-09a6-f45c-6802b591770c','securitygroups_aor_scheduled_reports','SecurityGroups','securitygroups','id','AOR_Scheduled_Reports','aor_scheduled_reports','id','securitygroups_records','securitygroup_id','record_id','many-to-many','module','AOR_Scheduled_Reports',0,0),('c793bc87-68b4-df53-db13-6802b50aabce','account_aos_invoices','Accounts','accounts','id','AOS_Invoices','aos_invoices','billing_account_id',NULL,NULL,NULL,'one-to-many',NULL,NULL,0,0),('c7ea070d-dc7e-fa04-a1af-6802b596a63c','account_aos_contracts','Accounts','accounts','id','AOS_Contracts','aos_contracts','contract_account_id',NULL,NULL,NULL,'one-to-many',NULL,NULL,0,0),('c935c349-d757-4711-d2ec-6802b5109a57','opportunities_modified_user','Users','users','id','Opportunities','opportunities','modified_user_id',NULL,NULL,NULL,'one-to-many',NULL,NULL,0,0),('c9903454-6b68-551c-1a8d-6802b5fce2d8','opportunities_created_by','Users','users','id','Opportunities','opportunities','created_by',NULL,NULL,NULL,'one-to-many',NULL,NULL,0,0),('c9e68374-b57e-52af-059f-6802b53cf924','opportunities_assigned_user','Users','users','id','Opportunities','opportunities','assigned_user_id',NULL,NULL,NULL,'one-to-many',NULL,NULL,0,0),('ca3def8f-2174-ea8a-0918-6802b599dd14','securitygroups_opportunities','SecurityGroups','securitygroups','id','Opportunities','opportunities','id','securitygroups_records','securitygroup_id','record_id','many-to-many','module','Opportunities',0,0),('ca8f10db-697e-93ec-86f8-6802b58d241d','opportunity_calls','Opportunities','opportunities','id','Calls','calls','parent_id',NULL,NULL,NULL,'one-to-many','parent_type','Opportunities',0,0),('cae0b8ff-b69e-a22f-1443-6802b524b4d4','opportunity_meetings','Opportunities','opportunities','id','Meetings','meetings','parent_id',NULL,NULL,NULL,'one-to-many','parent_type','Opportunities',0,0),('cb36eca4-ede9-526b-04e5-6802b58fa0cf','opportunity_tasks','Opportunities','opportunities','id','Tasks','tasks','parent_id',NULL,NULL,NULL,'one-to-many','parent_type','Opportunities',0,0),('cb8be1f0-3614-2383-2e29-6802b58f0674','opportunity_notes','Opportunities','opportunities','id','Notes','notes','parent_id',NULL,NULL,NULL,'one-to-many','parent_type','Opportunities',0,0),('cbe4e1b8-a018-86d4-c9eb-6802b52c44e1','opportunity_emails','Opportunities','opportunities','id','Emails','emails','parent_id',NULL,NULL,NULL,'one-to-many','parent_type','Opportunities',0,0),('cc375eb6-9e26-da52-b284-6802b5254e74','opportunity_leads','Opportunities','opportunities','id','Leads','leads','opportunity_id',NULL,NULL,NULL,'one-to-many',NULL,NULL,0,0),('cc88665d-36f9-d6e2-6f98-6802b553278c','opportunity_currencies','Opportunities','opportunities','currency_id','Currencies','currencies','id',NULL,NULL,NULL,'one-to-many',NULL,NULL,0,0),('cd283888-36f2-01f0-a320-6802b58cae20','opportunities_campaign','Campaigns','campaigns','id','Opportunities','opportunities','campaign_id',NULL,NULL,NULL,'one-to-many',NULL,NULL,0,0),('cd7eb6ba-53f0-ef67-bfe7-6802b58d1baf','opportunity_aos_quotes','Opportunities','opportunities','id','AOS_Quotes','aos_quotes','opportunity_id',NULL,NULL,NULL,'one-to-many',NULL,NULL,0,0),('cdd0eea5-b482-84a6-bf6e-6802b51af088','opportunity_aos_contracts','Opportunities','opportunities','id','AOS_Contracts','aos_contracts','opportunity_id',NULL,NULL,NULL,'one-to-many',NULL,NULL,0,0),('cee829a7-a9ec-8d52-821d-6802b53f1943','securitygroups_emailtemplates','SecurityGroups','securitygroups','id','EmailTemplates','email_templates','id','securitygroups_records','securitygroup_id','record_id','many-to-many','module','EmailTemplates',0,0),('cf3fca36-631e-57c6-2e29-6802b5f87175','emailtemplates_assigned_user','Users','users','id','EmailTemplates','email_templates','assigned_user_id',NULL,NULL,NULL,'one-to-many',NULL,NULL,0,0),('cfc6197f-dde3-a525-efbe-6802b5a52c46','notes_assigned_user','Users','users','id','Notes','notes','assigned_user_id',NULL,NULL,NULL,'one-to-many',NULL,NULL,0,0),('d01f9bd4-72d2-747e-ba3c-6802b54e50da','securitygroups_notes','SecurityGroups','securitygroups','id','Notes','notes','id','securitygroups_records','securitygroup_id','record_id','many-to-many','module','Notes',0,0),('d074e712-7985-bdb9-ccd2-6802b5622286','notes_modified_user','Users','users','id','Notes','notes','modified_user_id',NULL,NULL,NULL,'one-to-many',NULL,NULL,0,0),('d0c68d4a-c501-c564-e929-6802b5434764','notes_created_by','Users','users','id','Notes','notes','created_by',NULL,NULL,NULL,'one-to-many',NULL,NULL,0,0),('d15cc424-d264-7793-2ed9-6802b5b904e2','calls_modified_user','Users','users','id','Calls','calls','modified_user_id',NULL,NULL,NULL,'one-to-many',NULL,NULL,0,0),('d1b4e834-2ffc-1a59-264a-6802b58ce2c2','calls_created_by','Users','users','id','Calls','calls','created_by',NULL,NULL,NULL,'one-to-many',NULL,NULL,0,0),('d211770f-a6c4-00fd-953a-6802b54280f4','calls_assigned_user','Users','users','id','Calls','calls','assigned_user_id',NULL,NULL,NULL,'one-to-many',NULL,NULL,0,0),('d2720a12-20a1-069a-85bb-6802b5fcbfb1','securitygroups_calls','SecurityGroups','securitygroups','id','Calls','calls','id','securitygroups_records','securitygroup_id','record_id','many-to-many','module','Calls',0,0),('d2cd574b-7806-0f1b-91cf-6802b5d15cb0','calls_notes','Calls','calls','id','Notes','notes','parent_id',NULL,NULL,NULL,'one-to-many','parent_type','Calls',0,0),('d32df2a6-ef6c-9bd9-97fb-6802b5ab0f45','calls_reschedule','Calls','calls','id','Calls_Reschedule','calls_reschedule','call_id',NULL,NULL,NULL,'one-to-many',NULL,NULL,0,0),('d3dc7177-cbdd-231a-c838-6802b59c76fb','emails_modified_user','Users','users','id','Emails','emails','modified_user_id',NULL,NULL,NULL,'one-to-many',NULL,NULL,0,0),('d43b9de1-9dce-2acc-d795-6802b5f40a5b','emails_created_by','Users','users','id','Emails','emails','created_by',NULL,NULL,NULL,'one-to-many',NULL,NULL,0,0),('d4975b64-1100-54ce-b6c9-6802b5d87708','emails_assigned_user','Users','users','id','Emails','emails','assigned_user_id',NULL,NULL,NULL,'one-to-many',NULL,NULL,0,0),('d4f2026a-cd2b-8fed-b0ca-6802b525af3c','securitygroups_emails','SecurityGroups','securitygroups','id','Emails','emails','id','securitygroups_records','securitygroup_id','record_id','many-to-many','module','Emails',0,0),('d5941151-38ab-04e4-c624-6802b5b9ddc8','emails_notes_rel','Emails','emails','id','Notes','notes','parent_id',NULL,NULL,NULL,'one-to-many',NULL,NULL,0,0),('d5eeafe7-0266-3489-ce9a-6802b5930166','emails_contacts_rel','Emails','emails','id','Contacts','contacts','id','emails_beans','email_id','bean_id','many-to-many','bean_module','Contacts',0,0),('d6320db5-f137-6ff1-aa72-6802b55782d2','aos_contracts_modified_user','Users','users','id','AOS_Contracts','aos_contracts','modified_user_id',NULL,NULL,NULL,'one-to-many',NULL,NULL,0,0),('d648e38a-e0e5-d0a3-52e4-6802b5704838','emails_accounts_rel','Emails','emails','id','Accounts','accounts','id','emails_beans','email_id','bean_id','many-to-many','bean_module','Accounts',0,0),('d6a34ac8-3ef4-7267-3007-6802b547db4e','emails_leads_rel','Emails','emails','id','Leads','leads','id','emails_beans','email_id','bean_id','many-to-many','bean_module','Leads',0,0),('d7007c3c-03d7-0449-e453-6802b5e9f198','emails_aos_contracts_rel','Emails','emails','id','AOS_Contracts','aos_contracts','id','emails_beans','email_id','bean_id','many-to-many','bean_module','AOS_Contracts',0,0),('d7603f7f-2b76-2a72-2535-6802b5bc1689','emails_meetings_rel','Emails','emails','id','Meetings','meetings','id','emails_beans','email_id','bean_id','many-to-many','bean_module','Meetings',0,0),('d7f8a369-1b35-bd17-7987-6802b5a4d0b4','meetings_modified_user','Users','users','id','Meetings','meetings','modified_user_id',NULL,NULL,NULL,'one-to-many',NULL,NULL,0,0),('d854830f-84b5-3c5d-5e34-6802b53fb153','meetings_created_by','Users','users','id','Meetings','meetings','created_by',NULL,NULL,NULL,'one-to-many',NULL,NULL,0,0),('d8ac9b05-e4ca-274d-70ef-6802b56efd28','meetings_assigned_user','Users','users','id','Meetings','meetings','assigned_user_id',NULL,NULL,NULL,'one-to-many',NULL,NULL,0,0),('d9046f37-f057-80ec-2f7f-6802b5ae0c9a','securitygroups_meetings','SecurityGroups','securitygroups','id','Meetings','meetings','id','securitygroups_records','securitygroup_id','record_id','many-to-many','module','Meetings',0,0),('d95fdcff-cbf9-6cb0-b861-6802b5293010','meetings_notes','Meetings','meetings','id','Notes','notes','parent_id',NULL,NULL,NULL,'one-to-many','parent_type','Meetings',0,0),('da2c5125-aa8b-edf1-2592-6802b5d458b6','tasks_modified_user','Users','users','id','Tasks','tasks','modified_user_id',NULL,NULL,NULL,'one-to-many',NULL,NULL,0,0),('da823654-d89c-439c-3871-6802b5c66bdd','tasks_created_by','Users','users','id','Tasks','tasks','created_by',NULL,NULL,NULL,'one-to-many',NULL,NULL,0,0),('dad62b8b-33ea-62ac-6d1c-6802b50a6258','tasks_assigned_user','Users','users','id','Tasks','tasks','assigned_user_id',NULL,NULL,NULL,'one-to-many',NULL,NULL,0,0),('db2b78f8-2282-3a2f-6581-6802b59ad697','securitygroups_tasks','SecurityGroups','securitygroups','id','Tasks','tasks','id','securitygroups_records','securitygroup_id','record_id','many-to-many','module','Tasks',0,0),('db84b4fc-6e8b-eaf7-adbe-6802b526b131','tasks_notes','Tasks','tasks','id','Notes','notes','parent_id',NULL,NULL,NULL,'one-to-many',NULL,NULL,0,0),('dbc100a1-e288-d656-2dde-6802b5586452','aos_contracts_created_by','Users','users','id','AOS_Contracts','aos_contracts','created_by',NULL,NULL,NULL,'one-to-many',NULL,NULL,0,0),('dcd7ae2f-48d7-879b-ee05-6802b52517a3','alerts_modified_user','Users','users','id','Alerts','alerts','modified_user_id',NULL,NULL,NULL,'one-to-many',NULL,NULL,0,0),('dd3b201e-83b3-e936-ea63-6802b5229d9e','alerts_created_by','Users','users','id','Alerts','alerts','created_by',NULL,NULL,NULL,'one-to-many',NULL,NULL,0,0),('dd94aee8-bfaf-0d0f-7583-6802b55589fe','alerts_assigned_user','Users','users','id','Alerts','alerts','assigned_user_id',NULL,NULL,NULL,'one-to-many',NULL,NULL,0,0),('de266f50-e992-7070-d9c9-6802b5026632','documents_modified_user','Users','users','id','Documents','documents','modified_user_id',NULL,NULL,NULL,'one-to-many',NULL,NULL,0,0),('de7ca1eb-4c0f-1e35-9820-6802b548fc1b','documents_created_by','Users','users','id','Documents','documents','created_by',NULL,NULL,NULL,'one-to-many',NULL,NULL,0,0),('df17b1d1-fecb-46f5-055f-6802b5d0dd35','documents_assigned_user','Users','users','id','Documents','documents','assigned_user_id',NULL,NULL,NULL,'one-to-many',NULL,NULL,0,0),('df6d5889-7a52-d755-43f0-6802b532f88e','securitygroups_documents','SecurityGroups','securitygroups','id','Documents','documents','id','securitygroups_records','securitygroup_id','record_id','many-to-many','module','Documents',0,0),('dfc31b4c-e9f0-0141-ae70-6802b5298c63','document_revisions','Documents','documents','id','DocumentRevisions','document_revisions','document_id',NULL,NULL,NULL,'one-to-many',NULL,NULL,0,0),('e02ec25e-9b3a-8e5d-2e82-6802b5a0f805','revisions_created_by','Users','users','id','DocumentRevisions','document_revisions','created_by',NULL,NULL,NULL,'one-to-many',NULL,NULL,0,0),('e0d2187e-b4ed-9c1d-5bf8-6802b52d49b7','securitygroups_inboundemail','SecurityGroups','securitygroups','id','InboundEmail','inbound_email','id','securitygroups_records','securitygroup_id','record_id','many-to-many','module','InboundEmail',0,0),('e12e0c77-64cd-52b3-97f1-6802b52d6ded','inbound_emails_distribution_user','Users','users','id','InboundEmail','inbound_email','distribution_user_id',NULL,NULL,NULL,'one-to-many',NULL,NULL,0,0),('e18613fa-85ab-7ca8-1ec3-6802b51ec56b','inbound_emails_autoreply_email_templates','EmailTemplates','email_templates','id','InboundEmail','inbound_email','template_id',NULL,NULL,NULL,'one-to-many',NULL,NULL,0,0),('e1dff1e1-9617-2fe8-3086-6802b5b3777d','inbound_emails_case_email_templates','EmailTemplates','email_templates','id','InboundEmail','inbound_email','create_case_template_id',NULL,NULL,NULL,'one-to-many',NULL,NULL,0,0),('e2310bf4-67c8-57ac-0fd7-6802b51d9e0c','aos_contracts_assigned_user','Users','users','id','AOS_Contracts','aos_contracts','assigned_user_id',NULL,NULL,NULL,'one-to-many',NULL,NULL,0,0),('e2384a08-29af-5bad-6030-6802b521deb6','inbound_emails_external_oauth_connections','ExternalOAuthConnection','external_oauth_connections','id','InboundEmail','inbound_email','external_oauth_connection_id',NULL,NULL,NULL,'one-to-many',NULL,NULL,0,0),('e287aae8-4c53-668f-0c2c-6802b595f9dd','inbound_outbound_email_accounts','OutboundEmailAccounts','outbound_email','id','InboundEmail','inbound_email','outbound_email_id',NULL,NULL,NULL,'one-to-many',NULL,NULL,0,0),('e2dacd0b-1a81-f30b-16b4-6802b5007a94','inbound_email_created_by','Users','users','id','InboundEmail','inbound_email','created_by',NULL,NULL,NULL,'one-to-one',NULL,NULL,0,0),('e3336a46-411c-5514-3fde-6802b552065c','inbound_email_modified_user_id','Users','users','id','InboundEmail','inbound_email','modified_user_id',NULL,NULL,NULL,'one-to-one',NULL,NULL,0,0),('e39d8a64-3f55-d980-eea5-6802b5007b44','saved_search_assigned_user','Users','users','id','SavedSearch','saved_search','assigned_user_id',NULL,NULL,NULL,'one-to-many',NULL,NULL,0,0),('e421e53d-349b-3532-e122-6802b5e1e573','aobh_businesshours_modified_user','Users','users','id','AOBH_BusinessHours','aobh_businesshours','modified_user_id',NULL,NULL,NULL,'one-to-many',NULL,NULL,0,0),('e476646a-c2bc-a15a-c263-6802b5365564','aobh_businesshours_created_by','Users','users','id','AOBH_BusinessHours','aobh_businesshours','created_by',NULL,NULL,NULL,'one-to-many',NULL,NULL,0,0),('e4e982c4-b0cc-6c75-10e3-6802b5709040','sugarfeed_modified_user','Users','users','id','SugarFeed','sugarfeed','modified_user_id',NULL,NULL,NULL,'one-to-many',NULL,NULL,0,0),('e500074a-991d-fc75-8c0d-6802b5b59802','fp_event_locations_assigned_user','Users','users','id','FP_Event_Locations','fp_event_locations','assigned_user_id',NULL,NULL,NULL,'one-to-many',NULL,NULL,0,0),('e541cc6e-0f26-7c80-0b80-6802b522410b','sugarfeed_created_by','Users','users','id','SugarFeed','sugarfeed','created_by',NULL,NULL,NULL,'one-to-many',NULL,NULL,0,0),('e5969fe3-a8e5-55ea-8df9-6802b57872b1','sugarfeed_assigned_user','Users','users','id','SugarFeed','sugarfeed','assigned_user_id',NULL,NULL,NULL,'one-to-many',NULL,NULL,0,0),('e65aab7c-96ba-ead9-6aa3-6802b5f336b4','eapm_modified_user','Users','users','id','EAPM','eapm','modified_user_id',NULL,NULL,NULL,'one-to-many',NULL,NULL,0,0),('e6adf586-66f0-ec44-ff37-6802b58e1c2d','eapm_created_by','Users','users','id','EAPM','eapm','created_by',NULL,NULL,NULL,'one-to-many',NULL,NULL,0,0),('e7032851-6350-ba01-cc6d-6802b5b6814e','eapm_assigned_user','Users','users','id','EAPM','eapm','assigned_user_id',NULL,NULL,NULL,'one-to-many',NULL,NULL,0,0),('e7769fb6-02b4-cdd5-f4c9-6802b53028bf','oauthkeys_modified_user','Users','users','id','OAuthKeys','oauth_consumer','modified_user_id',NULL,NULL,NULL,'one-to-many',NULL,NULL,0,0),('e7cd87e5-efcb-8ec6-4792-6802b51a5eae','oauthkeys_created_by','Users','users','id','OAuthKeys','oauth_consumer','created_by',NULL,NULL,NULL,'one-to-many',NULL,NULL,0,0),('e7f10756-1c57-c9c7-3407-6802b5a200e7','securitygroups_aos_contracts','SecurityGroups','securitygroups','id','AOS_Contracts','aos_contracts','id','securitygroups_records','securitygroup_id','record_id','many-to-many','module','AOS_Contracts',0,0),('e8245fbc-f36e-7c84-f91f-6802b595cda1','oauthkeys_assigned_user','Users','users','id','OAuthKeys','oauth_consumer','assigned_user_id',NULL,NULL,NULL,'one-to-many',NULL,NULL,0,0),('e896456a-f217-3cbd-bc9d-6802b5ed91db','consumer_tokens','OAuthKeys','oauth_consumer','id','OAuthTokens','oauth_tokens','consumer',NULL,NULL,NULL,'one-to-many',NULL,NULL,0,0),('e8ef0aaa-ce1f-7442-1212-6802b547196a','oauthtokens_assigned_user','Users','users','id','OAuthTokens','oauth_tokens','assigned_user_id',NULL,NULL,NULL,'one-to-many',NULL,NULL,0,0),('e969ba3e-4de3-84b0-1ded-6802b51fad91','am_projecttemplates_modified_user','Users','users','id','AM_ProjectTemplates','am_projecttemplates','modified_user_id',NULL,NULL,NULL,'one-to-many',NULL,NULL,0,0),('e9bcbd53-66f0-6ab8-d3e7-6802b52805e9','am_projecttemplates_created_by','Users','users','id','AM_ProjectTemplates','am_projecttemplates','created_by',NULL,NULL,NULL,'one-to-many',NULL,NULL,0,0),('ea135929-0634-2176-529a-6802b54ecb92','am_projecttemplates_assigned_user','Users','users','id','AM_ProjectTemplates','am_projecttemplates','assigned_user_id',NULL,NULL,NULL,'one-to-many',NULL,NULL,0,0),('ea90a731-62ce-930f-797c-6802b5b5d472','am_tasktemplates_modified_user','Users','users','id','AM_TaskTemplates','am_tasktemplates','modified_user_id',NULL,NULL,NULL,'one-to-many',NULL,NULL,0,0),('eae0213f-5ba2-b3c2-e995-6802b5f9c59b','am_tasktemplates_created_by','Users','users','id','AM_TaskTemplates','am_tasktemplates','created_by',NULL,NULL,NULL,'one-to-many',NULL,NULL,0,0),('eb31f389-1018-dc7b-db19-6802b5a8fb49','am_tasktemplates_assigned_user','Users','users','id','AM_TaskTemplates','am_tasktemplates','assigned_user_id',NULL,NULL,NULL,'one-to-many',NULL,NULL,0,0),('eba1471e-321a-2a8c-a735-6802b5562e1c','favorites_modified_user','Users','users','id','Favorites','favorites','modified_user_id',NULL,NULL,NULL,'one-to-many',NULL,NULL,0,0),('ebf795c1-dfc0-9a83-bed8-6802b501ad3e','favorites_created_by','Users','users','id','Favorites','favorites','created_by',NULL,NULL,NULL,'one-to-many',NULL,NULL,0,0),('ec4b1270-aad7-1c6e-b0cc-6802b5a21d29','favorites_assigned_user','Users','users','id','Favorites','favorites','assigned_user_id',NULL,NULL,NULL,'one-to-many',NULL,NULL,0,0),('ecba94b8-50e9-cea8-3b4a-6802b59e0fb4','aok_knowledge_base_categories_modified_user','Users','users','id','AOK_Knowledge_Base_Categories','aok_knowledge_base_categories','modified_user_id',NULL,NULL,NULL,'one-to-many',NULL,NULL,0,0),('ed0fa15f-1607-6086-7b2c-6802b5d7206c','aok_knowledge_base_categories_created_by','Users','users','id','AOK_Knowledge_Base_Categories','aok_knowledge_base_categories','created_by',NULL,NULL,NULL,'one-to-many',NULL,NULL,0,0),('ed661c9a-e094-783b-912c-6802b50208ff','aok_knowledge_base_categories_assigned_user','Users','users','id','AOK_Knowledge_Base_Categories','aok_knowledge_base_categories','assigned_user_id',NULL,NULL,NULL,'one-to-many',NULL,NULL,0,0),('ed8c04ed-3c63-b8f6-afdb-6802b572bf73','aos_contracts_tasks','AOS_Contracts','aos_contracts','id','Tasks','tasks','parent_id',NULL,NULL,NULL,'one-to-many','parent_type','AOS_Contracts',0,0),('ee2c42e8-3378-6e49-9358-6802b55df7af','aok_knowledgebase_modified_user','Users','users','id','AOK_KnowledgeBase','aok_knowledgebase','modified_user_id',NULL,NULL,NULL,'one-to-many',NULL,NULL,0,0),('ee7f328c-28f2-9bb4-34f0-6802b5a161db','aok_knowledgebase_created_by','Users','users','id','AOK_KnowledgeBase','aok_knowledgebase','created_by',NULL,NULL,NULL,'one-to-many',NULL,NULL,0,0),('eed223a7-3537-de97-172b-6802b54a21ea','aok_knowledgebase_assigned_user','Users','users','id','AOK_KnowledgeBase','aok_knowledgebase','assigned_user_id',NULL,NULL,NULL,'one-to-many',NULL,NULL,0,0),('ef28e5a7-ef2b-d9bd-48ce-6802b56d0c7c','securitygroups_aok_knowledgebase','SecurityGroups','securitygroups','id','AOK_KnowledgeBase','aok_knowledgebase','id','securitygroups_records','securitygroup_id','record_id','many-to-many','module','AOK_KnowledgeBase',0,0),('efa8313f-2b03-e4f3-f371-6802b543fae5','reminders_modified_user','Users','users','id','Reminders','reminders','modified_user_id',NULL,NULL,NULL,'one-to-many',NULL,NULL,0,0),('f008409a-5eb9-af48-8b88-6802b5ea350a','reminders_created_by','Users','users','id','Reminders','reminders','created_by',NULL,NULL,NULL,'one-to-many',NULL,NULL,0,0),('f05d08c2-07e0-2d94-ba07-6802b5413369','reminders_assigned_user','Users','users','id','Reminders','reminders','assigned_user_id',NULL,NULL,NULL,'one-to-many',NULL,NULL,0,0),('f0d58825-0096-a6f2-5a0f-6802b5d69120','reminders_invitees_modified_user','Users','users','id','Reminders_Invitees','reminders_invitees','modified_user_id',NULL,NULL,NULL,'one-to-many',NULL,NULL,0,0),('f13232f6-f6d5-42c9-f915-6802b5abd5f0','reminders_invitees_created_by','Users','users','id','Reminders_Invitees','reminders_invitees','created_by',NULL,NULL,NULL,'one-to-many',NULL,NULL,0,0),('f1867aca-74cb-1527-56bc-6802b552ce36','reminders_invitees_assigned_user','Users','users','id','Reminders_Invitees','reminders_invitees','assigned_user_id',NULL,NULL,NULL,'one-to-many',NULL,NULL,0,0),('f2105789-42c1-8a52-7206-6802b583ba64','fp_events_modified_user','Users','users','id','FP_events','fp_events','modified_user_id',NULL,NULL,NULL,'one-to-many',NULL,NULL,0,0),('f2662b83-04f9-acfc-3000-6802b5a70096','fp_events_created_by','Users','users','id','FP_events','fp_events','created_by',NULL,NULL,NULL,'one-to-many',NULL,NULL,0,0),('f2bbb971-63d5-cdce-fae9-6802b5052a60','fp_events_assigned_user','Users','users','id','FP_events','fp_events','assigned_user_id',NULL,NULL,NULL,'one-to-many',NULL,NULL,0,0),('f312aae0-514c-cb90-54ac-6802b5ae86e5','securitygroups_fp_events','SecurityGroups','securitygroups','id','FP_events','fp_events','id','securitygroups_records','securitygroup_id','record_id','many-to-many','module','FP_events',0,0),('f38ee0b0-5fdc-f9c4-3d48-6802b5930a89','fp_event_locations_modified_user','Users','users','id','FP_Event_Locations','fp_event_locations','modified_user_id',NULL,NULL,NULL,'one-to-many',NULL,NULL,0,0),('f3dd1813-2592-1d15-5b35-6802b571aae2','fp_event_locations_created_by','Users','users','id','FP_Event_Locations','fp_event_locations','created_by',NULL,NULL,NULL,'one-to-many',NULL,NULL,0,0),('f7f00b35-46ef-b9bf-c394-6802b5e395a1','aos_contracts_notes','AOS_Contracts','aos_contracts','id','Notes','notes','parent_id',NULL,NULL,NULL,'one-to-many','parent_type','AOS_Contracts',0,0),('fd8d0366-da13-82c2-314a-6802b5b011dd','aos_contracts_meetings','AOS_Contracts','aos_contracts','id','Meetings','meetings','parent_id',NULL,NULL,NULL,'one-to-many','parent_type','AOS_Contracts',0,0);

--
-- Table structure for table `releases`
--

CREATE TABLE `releases` (
  `id` char(36) NOT NULL,
  `deleted` tinyint(1) DEFAULT NULL,
  `date_entered` datetime DEFAULT NULL,
  `date_modified` datetime DEFAULT NULL,
  `modified_user_id` char(36) DEFAULT NULL,
  `created_by` char(36) DEFAULT NULL,
  `name` varchar(50) DEFAULT NULL,
  `list_order` int(4) DEFAULT NULL,
  `status` varchar(100) DEFAULT NULL,
  PRIMARY KEY (`id`),
  KEY `idx_releases` (`name`,`deleted`)
) ENGINE=InnoDB DEFAULT CHARSET=utf8 COLLATE=utf8_general_ci;

--
-- Dumping data for table `releases`
--


--
-- Table structure for table `reminders`
--

CREATE TABLE `reminders` (
  `id` char(36) NOT NULL,
  `name` varchar(255) DEFAULT NULL,
  `date_entered` datetime DEFAULT NULL,
  `date_modified` datetime DEFAULT NULL,
  `modified_user_id` char(36) DEFAULT NULL,
  `created_by` char(36) DEFAULT NULL,
  `description` text DEFAULT NULL,
  `deleted` tinyint(1) DEFAULT 0,
  `assigned_user_id` char(36) DEFAULT NULL,
  `popup` tinyint(1) DEFAULT NULL,
  `email` tinyint(1) DEFAULT NULL,
  `email_sent` tinyint(1) DEFAULT NULL,
  `timer_popup` varchar(32) DEFAULT NULL,
  `timer_email` varchar(32) DEFAULT NULL,
  `related_event_module` varchar(32) DEFAULT NULL,
  `related_event_module_id` char(36) NOT NULL,
  `date_willexecute` int(60) DEFAULT -1,
  `popup_viewed` tinyint(1) DEFAULT 0,
  PRIMARY KEY (`id`),
  KEY `idx_reminder_name` (`name`),
  KEY `idx_reminder_deleted` (`deleted`),
  KEY `idx_reminder_related_event_module` (`related_event_module`),
  KEY `idx_reminder_related_event_module_id` (`related_event_module_id`)
) ENGINE=InnoDB DEFAULT CHARSET=utf8 COLLATE=utf8_general_ci;

--
-- Dumping data for table `reminders`
--


--
-- Table structure for table `reminders_invitees`
--

CREATE TABLE `reminders_invitees` (
  `id` char(36) NOT NULL,
  `name` varchar(255) DEFAULT NULL,
  `date_entered` datetime DEFAULT NULL,
  `date_modified` datetime DEFAULT NULL,
  `modified_user_id` char(36) DEFAULT NULL,
  `created_by` char(36) DEFAULT NULL,
  `description` text DEFAULT NULL,
  `deleted` tinyint(1) DEFAULT 0,
  `assigned_user_id` char(36) DEFAULT NULL,
  `reminder_id` char(36) NOT NULL,
  `related_invitee_module` varchar(32) DEFAULT NULL,
  `related_invitee_module_id` char(36) NOT NULL,
  PRIMARY KEY (`id`),
  KEY `idx_reminder_invitee_name` (`name`),
  KEY `idx_reminder_invitee_assigned_user_id` (`assigned_user_id`),
  KEY `idx_reminder_invitee_reminder_id` (`reminder_id`),
  KEY `idx_reminder_invitee_related_invitee_module` (`related_invitee_module`),
  KEY `idx_reminder_invitee_related_invitee_module_id` (`related_invitee_module_id`)
) ENGINE=InnoDB DEFAULT CHARSET=utf8 COLLATE=utf8_general_ci;

--
-- Dumping data for table `reminders_invitees`
--


--
-- Table structure for table `roles`
--

CREATE TABLE `roles` (
  `id` char(36) NOT NULL,
  `date_entered` datetime DEFAULT NULL,
  `date_modified` datetime DEFAULT NULL,
  `modified_user_id` char(36) DEFAULT NULL,
  `created_by` char(36) DEFAULT NULL,
  `name` varchar(150) DEFAULT NULL,
  `description` text DEFAULT NULL,
  `modules` text DEFAULT NULL,
  `deleted` tinyint(1) DEFAULT NULL,
  PRIMARY KEY (`id`),
  KEY `idx_role_id_del` (`id`,`deleted`)
) ENGINE=InnoDB DEFAULT CHARSET=utf8 COLLATE=utf8_general_ci;

--
-- Dumping data for table `roles`
--


--
-- Table structure for table `roles_modules`
--

CREATE TABLE `roles_modules` (
  `id` varchar(36) NOT NULL,
  `role_id` varchar(36) DEFAULT NULL,
  `module_id` varchar(36) DEFAULT NULL,
  `allow` tinyint(1) DEFAULT 0,
  `date_modified` datetime DEFAULT NULL,
  `deleted` tinyint(1) DEFAULT 0,
  PRIMARY KEY (`id`),
  KEY `idx_role_id` (`role_id`),
  KEY `idx_module_id` (`module_id`)
) ENGINE=InnoDB DEFAULT CHARSET=utf8 COLLATE=utf8_general_ci;

--
-- Dumping data for table `roles_modules`
--


--
-- Table structure for table `roles_users`
--

CREATE TABLE `roles_users` (
  `id` varchar(36) NOT NULL,
  `role_id` varchar(36) DEFAULT NULL,
  `user_id` varchar(36) DEFAULT NULL,
  `date_modified` datetime DEFAULT NULL,
  `deleted` tinyint(1) DEFAULT 0,
  PRIMARY KEY (`id`),
  KEY `idx_ru_role_id` (`role_id`),
  KEY `idx_ru_user_id` (`user_id`)
) ENGINE=InnoDB DEFAULT CHARSET=utf8 COLLATE=utf8_general_ci;

--
-- Dumping data for table `roles_users`
--


--
-- Table structure for table `saved_search`
--

CREATE TABLE `saved_search` (
  `id` char(36) NOT NULL,
  `name` varchar(150) DEFAULT NULL,
  `search_module` varchar(150) DEFAULT NULL,
  `quick_filter` tinyint(1) DEFAULT NULL,
  `deleted` tinyint(1) DEFAULT NULL,
  `date_entered` datetime DEFAULT NULL,
  `date_modified` datetime DEFAULT NULL,
  `assigned_user_id` char(36) DEFAULT NULL,
  `contents` text DEFAULT NULL,
  `description` text DEFAULT NULL,
  PRIMARY KEY (`id`),
  KEY `idx_desc` (`name`,`deleted`)
) ENGINE=InnoDB DEFAULT CHARSET=utf8 COLLATE=utf8_general_ci;

--
-- Dumping data for table `saved_search`
--


--
-- Table structure for table `schedulers`
--

CREATE TABLE `schedulers` (
  `id` varchar(36) NOT NULL,
  `deleted` tinyint(1) DEFAULT 0,
  `date_entered` datetime DEFAULT NULL,
  `date_modified` datetime DEFAULT NULL,
  `created_by` char(36) DEFAULT NULL,
  `modified_user_id` char(36) DEFAULT NULL,
  `name` varchar(255) DEFAULT NULL,
  `job` varchar(255) DEFAULT NULL,
  `date_time_start` datetime DEFAULT NULL,
  `date_time_end` datetime DEFAULT NULL,
  `job_interval` varchar(100) DEFAULT NULL,
  `time_from` time DEFAULT NULL,
  `time_to` time DEFAULT NULL,
  `last_run` datetime DEFAULT NULL,
  `status` varchar(100) DEFAULT NULL,
  `catch_up` tinyint(1) DEFAULT 1,
  PRIMARY KEY (`id`),
  KEY `idx_schedule` (`date_time_start`,`deleted`)
) ENGINE=InnoDB DEFAULT CHARSET=utf8 COLLATE=utf8_general_ci;

--
-- Dumping data for table `schedulers`
--

INSERT INTO `schedulers` VALUES ('63f01828-6165-0764-2b64-6802b5185462',0,'2025-04-18 20:27:09','2025-04-18 20:27:09','1','1','Process Workflow Tasks','function::processAOW_Workflow','2015-01-01 08:30:01',NULL,'*::*::*::*::*',NULL,NULL,NULL,'Active',1),('6595c5d5-cb4c-1737-1d27-6802b5ef91f5',0,'2025-04-18 20:27:09','2025-04-18 20:27:09','1','1','Run Report Generation Scheduled Tasks','function::aorRunScheduledReports','2015-01-01 07:30:01',NULL,'*::*::*::*::*',NULL,NULL,NULL,'Active',1),('6754cf0a-68bd-5f06-78c6-6802b50b0cff',0,'2025-04-18 20:27:09','2025-04-18 20:27:09','1','1','Prune Tracker Tables','function::trimTracker','2015-01-01 19:45:01',NULL,'0::2::1::*::*',NULL,NULL,NULL,'Active',1),('69038c17-f501-5083-5039-6802b50fc930',0,'2025-04-18 20:27:09','2025-04-18 20:27:09','1','1','Check Inbound Mailboxes','function::pollMonitoredInboxesAOP','2015-01-01 12:30:01',NULL,'*::*::*::*::*',NULL,NULL,NULL,'Active',0),('6aba4e13-cf97-b2a0-8b1d-6802b5bb0b8d',0,'2025-04-18 20:27:09','2025-04-18 20:27:09','1','1','Run Nightly Process Bounced Campaign Emails','function::pollMonitoredInboxesForBouncedCampaignEmails','2015-01-01 19:30:01',NULL,'0::2-6::*::*::*',NULL,NULL,NULL,'Active',1),('6c6d335f-23c3-99b9-dae1-6802b5efae9b',0,'2025-04-18 20:27:09','2025-04-18 20:27:09','1','1','Run Nightly Mass Email Campaigns','function::runMassEmailCampaign','2015-01-01 11:45:01',NULL,'0::2-6::*::*::*',NULL,NULL,NULL,'Active',1),('6e75dc78-c719-1e9e-e560-6802b54a4abf',0,'2025-04-18 20:27:09','2025-04-18 20:27:09','1','1','Prune Database on 1st of Month','function::pruneDatabase','2015-01-01 19:00:01',NULL,'0::4::1::*::*',NULL,NULL,NULL,'Inactive',0),('701b06d9-79c8-e28c-ef8f-6802b51890b8',0,'2025-04-18 20:27:09','2025-04-18 20:27:09','1','1','Run Email Reminder Notifications','function::sendEmailReminders','2015-01-01 09:30:01',NULL,'*::*::*::*::*',NULL,NULL,NULL,'Active',0),('71b8c76c-1adc-dbe6-d566-6802b53c17da',0,'2025-04-18 20:27:09','2025-04-18 20:27:09','1','1','Clean Jobs Queue','function::cleanJobQueue','2015-01-01 13:00:01',NULL,'0::5::*::*::*',NULL,NULL,NULL,'Active',0),('735468f7-8d06-6fa9-efd8-6802b5f649b3',0,'2025-04-18 20:27:09','2025-04-18 20:27:09','1','1','Removal of documents from filesystem','function::removeDocumentsFromFS','2015-01-01 16:45:01',NULL,'0::3::1::*::*',NULL,NULL,NULL,'Active',0),('7504c137-4fd9-48a1-9943-6802b5f36c35',0,'2025-04-18 20:27:09','2025-04-18 20:27:09','1','1','Prune SuiteCRM Feed Tables','function::trimSugarFeeds','2015-01-01 10:45:01',NULL,'0::2::1::*::*',NULL,NULL,NULL,'Active',1),('76a6e7c4-732d-000b-81b8-6802b5c59a52',0,'2025-04-18 20:27:09','2025-04-18 20:27:09','1','1','Google Calendar Sync','function::syncGoogleCalendar','2015-01-01 12:45:01',NULL,'*/15::*::*::*::*',NULL,NULL,NULL,'Active',0),('7841d960-b5dd-fb62-b90a-6802b56e74ed',0,'2025-04-18 20:27:09','2025-04-18 20:27:09','1','1','Perform Elasticsearch Index','function::runElasticSearchIndexerScheduler','2015-01-01 07:15:01',NULL,'30::4::*::*::*',NULL,NULL,NULL,'Active',0);

--
-- Table structure for table `securitygroups`
--

CREATE TABLE `securitygroups` (
  `id` char(36) NOT NULL,
  `name` varchar(255) DEFAULT NULL,
  `date_entered` datetime DEFAULT NULL,
  `date_modified` datetime DEFAULT NULL,
  `modified_user_id` char(36) DEFAULT NULL,
  `created_by` char(36) DEFAULT NULL,
  `description` text DEFAULT NULL,
  `deleted` tinyint(1) DEFAULT 0,
  `assigned_user_id` char(36) DEFAULT NULL,
  `noninheritable` tinyint(1) DEFAULT NULL,
  PRIMARY KEY (`id`)
) ENGINE=InnoDB DEFAULT CHARSET=utf8 COLLATE=utf8_general_ci;

--
-- Dumping data for table `securitygroups`
--


--
-- Table structure for table `securitygroups_acl_roles`
--

CREATE TABLE `securitygroups_acl_roles` (
  `id` char(36) NOT NULL,
  `securitygroup_id` char(36) DEFAULT NULL,
  `role_id` char(36) DEFAULT NULL,
  `date_modified` datetime DEFAULT NULL,
  `deleted` tinyint(1) DEFAULT 0,
  PRIMARY KEY (`id`)
) ENGINE=InnoDB DEFAULT CHARSET=utf8 COLLATE=utf8_general_ci;

--
-- Dumping data for table `securitygroups_acl_roles`
--


--
-- Table structure for table `securitygroups_audit`
--

CREATE TABLE `securitygroups_audit` (
  `id` char(36) NOT NULL,
  `parent_id` char(36) NOT NULL,
  `date_created` datetime DEFAULT NULL,
  `created_by` varchar(36) DEFAULT NULL,
  `field_name` varchar(100) DEFAULT NULL,
  `data_type` varchar(100) DEFAULT NULL,
  `before_value_string` varchar(255) DEFAULT NULL,
  `after_value_string` varchar(255) DEFAULT NULL,
  `before_value_text` text DEFAULT NULL,
  `after_value_text` text DEFAULT NULL,
  PRIMARY KEY (`id`),
  KEY `idx_securitygroups_parent_id` (`parent_id`)
) ENGINE=InnoDB DEFAULT CHARSET=utf8 COLLATE=utf8_general_ci;

--
-- Dumping data for table `securitygroups_audit`
--


--
-- Table structure for table `securitygroups_default`
--

CREATE TABLE `securitygroups_default` (
  `id` char(36) NOT NULL,
  `securitygroup_id` char(36) DEFAULT NULL,
  `module` varchar(50) DEFAULT NULL,
  `date_modified` datetime DEFAULT NULL,
  `deleted` tinyint(1) DEFAULT 0,
  PRIMARY KEY (`id`)
) ENGINE=InnoDB DEFAULT CHARSET=utf8 COLLATE=utf8_general_ci;

--
-- Dumping data for table `securitygroups_default`
--


--
-- Table structure for table `securitygroups_records`
--

CREATE TABLE `securitygroups_records` (
  `id` char(36) NOT NULL,
  `securitygroup_id` char(36) DEFAULT NULL,
  `record_id` char(36) DEFAULT NULL,
  `module` varchar(100) DEFAULT NULL,
  `date_modified` datetime DEFAULT NULL,
  `modified_user_id` char(36) DEFAULT NULL,
  `created_by` char(36) DEFAULT NULL,
  `deleted` tinyint(1) DEFAULT 0,
  PRIMARY KEY (`id`),
  KEY `idx_securitygroups_records_mod` (`module`,`deleted`,`record_id`,`securitygroup_id`),
  KEY `idx_securitygroups_records_del` (`deleted`,`record_id`,`module`,`securitygroup_id`)
) ENGINE=InnoDB DEFAULT CHARSET=utf8 COLLATE=utf8_general_ci;

--
-- Dumping data for table `securitygroups_records`
--


--
-- Table structure for table `securitygroups_users`
--

CREATE TABLE `securitygroups_users` (
  `id` varchar(36) NOT NULL,
  `date_modified` datetime DEFAULT NULL,
  `deleted` tinyint(1) DEFAULT 0,
  `securitygroup_id` varchar(36) DEFAULT NULL,
  `user_id` varchar(36) DEFAULT NULL,
  `primary_group` tinyint(1) DEFAULT NULL,
  `noninheritable` tinyint(1) DEFAULT 0,
  PRIMARY KEY (`id`),
  KEY `securitygroups_users_idxa` (`securitygroup_id`),
  KEY `securitygroups_users_idxb` (`user_id`),
  KEY `securitygroups_users_idxc` (`user_id`,`deleted`,`securitygroup_id`,`id`),
  KEY `securitygroups_users_idxd` (`user_id`,`deleted`,`securitygroup_id`)
) ENGINE=InnoDB DEFAULT CHARSET=utf8 COLLATE=utf8_general_ci;

--
-- Dumping data for table `securitygroups_users`
--


--
-- Table structure for table `sugarfeed`
--

CREATE TABLE `sugarfeed` (
  `id` char(36) NOT NULL,
  `name` varchar(255) DEFAULT NULL,
  `date_entered` datetime DEFAULT NULL,
  `date_modified` datetime DEFAULT NULL,
  `modified_user_id` char(36) DEFAULT NULL,
  `created_by` char(36) DEFAULT NULL,
  `description` text DEFAULT NULL,
  `deleted` tinyint(1) DEFAULT 0,
  `assigned_user_id` char(36) DEFAULT NULL,
  `related_module` varchar(100) DEFAULT NULL,
  `related_id` char(36) DEFAULT NULL,
  `link_url` varchar(255) DEFAULT NULL,
  `link_type` varchar(30) DEFAULT NULL,
  PRIMARY KEY (`id`),
  KEY `sgrfeed_date` (`date_entered`,`deleted`)
) ENGINE=InnoDB DEFAULT CHARSET=utf8 COLLATE=utf8_general_ci;

--
-- Dumping data for table `sugarfeed`
--


--
-- Table structure for table `surveyquestionoptions`
--

CREATE TABLE `surveyquestionoptions` (
  `id` char(36) NOT NULL,
  `name` varchar(255) DEFAULT NULL,
  `date_entered` datetime DEFAULT NULL,
  `date_modified` datetime DEFAULT NULL,
  `modified_user_id` char(36) DEFAULT NULL,
  `created_by` char(36) DEFAULT NULL,
  `description` text DEFAULT NULL,
  `deleted` tinyint(1) DEFAULT 0,
  `assigned_user_id` char(36) DEFAULT NULL,
  `sort_order` int(255) DEFAULT NULL,
  `survey_question_id` char(36) DEFAULT NULL,
  PRIMARY KEY (`id`)
) ENGINE=InnoDB DEFAULT CHARSET=utf8 COLLATE=utf8_general_ci;

--
-- Dumping data for table `surveyquestionoptions`
--


--
-- Table structure for table `surveyquestionoptions_audit`
--

CREATE TABLE `surveyquestionoptions_audit` (
  `id` char(36) NOT NULL,
  `parent_id` char(36) NOT NULL,
  `date_created` datetime DEFAULT NULL,
  `created_by` varchar(36) DEFAULT NULL,
  `field_name` varchar(100) DEFAULT NULL,
  `data_type` varchar(100) DEFAULT NULL,
  `before_value_string` varchar(255) DEFAULT NULL,
  `after_value_string` varchar(255) DEFAULT NULL,
  `before_value_text` text DEFAULT NULL,
  `after_value_text` text DEFAULT NULL,
  PRIMARY KEY (`id`),
  KEY `idx_surveyquestionoptions_parent_id` (`parent_id`)
) ENGINE=InnoDB DEFAULT CHARSET=utf8 COLLATE=utf8_general_ci;

--
-- Dumping data for table `surveyquestionoptions_audit`
--


--
-- Table structure for table `surveyquestionoptions_surveyquestionresponses`
--

CREATE TABLE `surveyquestionoptions_surveyquestionresponses` (
  `id` varchar(36) NOT NULL,
  `date_modified` datetime DEFAULT NULL,
  `deleted` tinyint(1) DEFAULT 0,
  `surveyq72c7options_ida` varchar(36) DEFAULT NULL,
  `surveyq10d4sponses_idb` varchar(36) DEFAULT NULL,
  PRIMARY KEY (`id`),
  KEY `surveyquestionoptions_surveyquestionresponses_alt` (`surveyq72c7options_ida`,`surveyq10d4sponses_idb`)
) ENGINE=InnoDB DEFAULT CHARSET=utf8 COLLATE=utf8_general_ci;

--
-- Dumping data for table `surveyquestionoptions_surveyquestionresponses`
--


--
-- Table structure for table `surveyquestionresponses`
--

CREATE TABLE `surveyquestionresponses` (
  `id` char(36) NOT NULL,
  `name` varchar(255) DEFAULT NULL,
  `date_entered` datetime DEFAULT NULL,
  `date_modified` datetime DEFAULT NULL,
  `modified_user_id` char(36) DEFAULT NULL,
  `created_by` char(36) DEFAULT NULL,
  `description` text DEFAULT NULL,
  `deleted` tinyint(1) DEFAULT 0,
  `assigned_user_id` char(36) DEFAULT NULL,
  `answer` text DEFAULT NULL,
  `answer_bool` tinyint(1) DEFAULT NULL,
  `answer_datetime` datetime DEFAULT NULL,
  `surveyquestion_id` char(36) DEFAULT NULL,
  `surveyresponse_id` char(36) DEFAULT NULL,
  PRIMARY KEY (`id`)
) ENGINE=InnoDB DEFAULT CHARSET=utf8 COLLATE=utf8_general_ci;

--
-- Dumping data for table `surveyquestionresponses`
--


--
-- Table structure for table `surveyquestionresponses_audit`
--

CREATE TABLE `surveyquestionresponses_audit` (
  `id` char(36) NOT NULL,
  `parent_id` char(36) NOT NULL,
  `date_created` datetime DEFAULT NULL,
  `created_by` varchar(36) DEFAULT NULL,
  `field_name` varchar(100) DEFAULT NULL,
  `data_type` varchar(100) DEFAULT NULL,
  `before_value_string` varchar(255) DEFAULT NULL,
  `after_value_string` varchar(255) DEFAULT NULL,
  `before_value_text` text DEFAULT NULL,
  `after_value_text` text DEFAULT NULL,
  PRIMARY KEY (`id`),
  KEY `idx_surveyquestionresponses_parent_id` (`parent_id`)
) ENGINE=InnoDB DEFAULT CHARSET=utf8 COLLATE=utf8_general_ci;

--
-- Dumping data for table `surveyquestionresponses_audit`
--


--
-- Table structure for table `surveyquestions`
--

CREATE TABLE `surveyquestions` (
  `id` char(36) NOT NULL,
  `name` varchar(255) DEFAULT NULL,
  `date_entered` datetime DEFAULT NULL,
  `date_modified` datetime DEFAULT NULL,
  `modified_user_id` char(36) DEFAULT NULL,
  `created_by` char(36) DEFAULT NULL,
  `description` text DEFAULT NULL,
  `deleted` tinyint(1) DEFAULT 0,
  `assigned_user_id` char(36) DEFAULT NULL,
  `sort_order` int(255) DEFAULT NULL,
  `type` varchar(100) DEFAULT NULL,
  `happiness_question` tinyint(1) DEFAULT NULL,
  `survey_id` char(36) DEFAULT NULL,
  PRIMARY KEY (`id`)
) ENGINE=InnoDB DEFAULT CHARSET=utf8 COLLATE=utf8_general_ci;

--
-- Dumping data for table `surveyquestions`
--


--
-- Table structure for table `surveyquestions_audit`
--

CREATE TABLE `surveyquestions_audit` (
  `id` char(36) NOT NULL,
  `parent_id` char(36) NOT NULL,
  `date_created` datetime DEFAULT NULL,
  `created_by` varchar(36) DEFAULT NULL,
  `field_name` varchar(100) DEFAULT NULL,
  `data_type` varchar(100) DEFAULT NULL,
  `before_value_string` varchar(255) DEFAULT NULL,
  `after_value_string` varchar(255) DEFAULT NULL,
  `before_value_text` text DEFAULT NULL,
  `after_value_text` text DEFAULT NULL,
  PRIMARY KEY (`id`),
  KEY `idx_surveyquestions_parent_id` (`parent_id`)
) ENGINE=InnoDB DEFAULT CHARSET=utf8 COLLATE=utf8_general_ci;

--
-- Dumping data for table `surveyquestions_audit`
--


--
-- Table structure for table `surveyresponses`
--

CREATE TABLE `surveyresponses` (
  `id` char(36) NOT NULL,
  `name` varchar(255) DEFAULT NULL,
  `date_entered` datetime DEFAULT NULL,
  `date_modified` datetime DEFAULT NULL,
  `modified_user_id` char(36) DEFAULT NULL,
  `created_by` char(36) DEFAULT NULL,
  `description` text DEFAULT NULL,
  `deleted` tinyint(1) DEFAULT 0,
  `assigned_user_id` char(36) DEFAULT NULL,
  `happiness` int(11) DEFAULT NULL,
  `email_response_sent` tinyint(1) DEFAULT NULL,
  `account_id` char(36) DEFAULT NULL,
  `campaign_id` char(36) DEFAULT NULL,
  `contact_id` char(36) DEFAULT NULL,
  `survey_id` char(36) DEFAULT NULL,
  PRIMARY KEY (`id`)
) ENGINE=InnoDB DEFAULT CHARSET=utf8 COLLATE=utf8_general_ci;

--
-- Dumping data for table `surveyresponses`
--


--
-- Table structure for table `surveyresponses_audit`
--

CREATE TABLE `surveyresponses_audit` (
  `id` char(36) NOT NULL,
  `parent_id` char(36) NOT NULL,
  `date_created` datetime DEFAULT NULL,
  `created_by` varchar(36) DEFAULT NULL,
  `field_name` varchar(100) DEFAULT NULL,
  `data_type` varchar(100) DEFAULT NULL,
  `before_value_string` varchar(255) DEFAULT NULL,
  `after_value_string` varchar(255) DEFAULT NULL,
  `before_value_text` text DEFAULT NULL,
  `after_value_text` text DEFAULT NULL,
  PRIMARY KEY (`id`),
  KEY `idx_surveyresponses_parent_id` (`parent_id`)
) ENGINE=InnoDB DEFAULT CHARSET=utf8 COLLATE=utf8_general_ci;

--
-- Dumping data for table `surveyresponses_audit`
--


--
-- Table structure for table `surveys`
--

CREATE TABLE `surveys` (
  `id` char(36) NOT NULL,
  `name` varchar(255) DEFAULT NULL,
  `date_entered` datetime DEFAULT NULL,
  `date_modified` datetime DEFAULT NULL,
  `modified_user_id` char(36) DEFAULT NULL,
  `created_by` char(36) DEFAULT NULL,
  `description` text DEFAULT NULL,
  `deleted` tinyint(1) DEFAULT 0,
  `assigned_user_id` char(36) DEFAULT NULL,
  `status` varchar(100) DEFAULT 'LBL_DRAFT',
  `submit_text` varchar(255) DEFAULT 'Submit',
  `satisfied_text` varchar(255) DEFAULT 'Satisfied',
  `neither_text` varchar(255) DEFAULT 'Neither Satisfied nor Dissatisfied',
  `dissatisfied_text` varchar(255) DEFAULT 'Dissatisfied',
  PRIMARY KEY (`id`)
) ENGINE=InnoDB DEFAULT CHARSET=utf8 COLLATE=utf8_general_ci;

--
-- Dumping data for table `surveys`
--


--
-- Table structure for table `surveys_audit`
--

CREATE TABLE `surveys_audit` (
  `id` char(36) NOT NULL,
  `parent_id` char(36) NOT NULL,
  `date_created` datetime DEFAULT NULL,
  `created_by` varchar(36) DEFAULT NULL,
  `field_name` varchar(100) DEFAULT NULL,
  `data_type` varchar(100) DEFAULT NULL,
  `before_value_string` varchar(255) DEFAULT NULL,
  `after_value_string` varchar(255) DEFAULT NULL,
  `before_value_text` text DEFAULT NULL,
  `after_value_text` text DEFAULT NULL,
  PRIMARY KEY (`id`),
  KEY `idx_surveys_parent_id` (`parent_id`)
) ENGINE=InnoDB DEFAULT CHARSET=utf8 COLLATE=utf8_general_ci;

--
-- Dumping data for table `surveys_audit`
--


--
-- Table structure for table `tasks`
--

CREATE TABLE `tasks` (
  `id` char(36) NOT NULL,
  `name` varchar(50) DEFAULT NULL,
  `date_entered` datetime DEFAULT NULL,
  `date_modified` datetime DEFAULT NULL,
  `modified_user_id` char(36) DEFAULT NULL,
  `created_by` char(36) DEFAULT NULL,
  `description` text DEFAULT NULL,
  `deleted` tinyint(1) DEFAULT 0,
  `assigned_user_id` char(36) DEFAULT NULL,
  `status` varchar(100) DEFAULT 'Not Started',
  `date_due_flag` tinyint(1) DEFAULT 0,
  `date_due` datetime DEFAULT NULL,
  `date_start_flag` tinyint(1) DEFAULT 0,
  `date_start` datetime DEFAULT NULL,
  `parent_type` varchar(255) DEFAULT NULL,
  `parent_id` char(36) DEFAULT NULL,
  `contact_id` char(36) DEFAULT NULL,
  `priority` varchar(100) DEFAULT NULL,
  PRIMARY KEY (`id`),
  KEY `idx_tsk_name` (`name`),
  KEY `idx_task_con_del` (`contact_id`,`deleted`),
  KEY `idx_task_par_del` (`parent_id`,`parent_type`,`deleted`),
  KEY `idx_task_assigned` (`assigned_user_id`),
  KEY `idx_task_status` (`status`)
) ENGINE=InnoDB DEFAULT CHARSET=utf8 COLLATE=utf8_general_ci;

--
-- Dumping data for table `tasks`
--

INSERT INTO `tasks` VALUES ('1398b48c-09ee-10aa-1411-6802b5124f3e','Send literature','2025-04-18 20:27:09','2025-04-18 20:27:09','1','1',NULL,0,'seed_sally_id','Deferred',0,'2025-12-02 16:45:00',0,NULL,NULL,NULL,'b38108b4-d4c6-4361-77b3-6802b5fac257','Medium'),('15f0d02c-b0a2-c94a-8cad-6802b5b115ef','Add to mailing list','2025-04-18 20:27:09','2025-04-18 20:27:09','1','1',NULL,0,'seed_max_id','Not Started',0,'2025-12-03 08:15:00',0,NULL,NULL,NULL,'dcff0128-4128-5b68-2494-6802b5d3b2b6','Medium'),('16dbc467-cbd0-9aa3-7a9e-6802b55563d1','Send a letter','2025-04-18 20:27:09','2025-04-18 20:27:09','1','1',NULL,0,'seed_chris_id','Completed',0,'2026-01-31 15:30:00',0,NULL,NULL,NULL,'e8f601ef-c912-c30a-c5e1-6802b5f9471a','Low'),('19e5062a-239d-c50e-0b7e-6802b5bbb2a0','Send proposal','2025-04-18 20:27:09','2025-04-18 20:27:09','1','1',NULL,0,'seed_will_id','Completed',0,'2025-09-04 18:15:00',0,NULL,NULL,NULL,'11ee5073-26ed-230e-965b-6802b58bba1d','Low'),('1c84ed93-d9cd-daf6-2c9b-6802b58ec4d4','Send proposal','2025-04-18 20:27:09','2025-04-18 20:27:09','1','1',NULL,0,'seed_sarah_id','Completed',0,'2026-02-01 13:00:00',0,NULL,'Accounts','e29c4204-fb5b-33c5-c6c1-6802b561b95a','13cf6664-ed06-62ce-5a1a-6802b5bd7faa','Medium'),('1cea50e6-5c4a-5636-2e14-6802b5c00daf','Schedule training','2025-04-18 20:27:09','2025-04-18 20:27:09','1','1',NULL,0,'seed_chris_id','Completed',0,'2026-04-18 12:15:00',0,NULL,NULL,NULL,'14ab1766-f7aa-302c-cab9-6802b55e016a','Medium'),('1d73ebdb-859d-0ad4-53be-6802b564f3a7','Add to mailing list','2025-04-18 20:27:09','2025-04-18 20:27:09','1','1',NULL,0,'seed_sarah_id','Not Started',0,'2025-06-01 19:15:00',0,NULL,'Accounts','844fcab0-1688-45a1-fb07-6802b54d3bce','156b93bd-994f-dfd6-cbfc-6802b5f38403','Medium'),('1dc9d5c0-8726-b699-3641-6802b561d43a','Add to mailing list','2025-04-18 20:27:09','2025-04-18 20:27:09','1','1',NULL,0,'seed_max_id','Completed',0,'2026-02-03 13:15:00',0,NULL,NULL,NULL,'15869f2d-60e1-62d4-91ad-6802b53c74b8','High'),('1e399626-5f75-cbb2-5337-6802b5c0e7c6','Send local user group information','2025-04-18 20:27:09','2025-04-18 20:27:09','1','1',NULL,0,'seed_chris_id','Not Started',0,'2026-03-10 19:15:00',0,NULL,NULL,NULL,'15be29d2-7bad-e88b-0c92-6802b5f89043','High'),('1e4f95de-537c-5a32-a738-6802b56e9478','Get demo feedback','2025-04-18 20:27:09','2025-04-18 20:27:09','1','1',NULL,0,'seed_max_id','Completed',0,'2026-03-06 08:45:00',0,NULL,NULL,NULL,'1620708a-e542-4d02-29a6-6802b5b5bf65','Low'),('1ef3bdff-5597-4878-fd3b-6802b5d525b6','Get demo feedback','2025-04-18 20:27:09','2025-04-18 20:27:09','1','1',NULL,0,'seed_chris_id','Completed',0,'2025-11-22 12:30:00',0,NULL,NULL,NULL,'16fd7e26-0f79-f65c-2453-6802b55ddd3f','Medium'),('1f6b8712-ee53-8a2c-1921-6802b56139fc','Make travel arrangements','2025-04-18 20:27:09','2025-04-18 20:27:09','1','1',NULL,0,'seed_will_id','Deferred',0,'2025-09-30 07:00:00',0,NULL,NULL,NULL,'17508038-2c41-ce07-09e0-6802b5e1ebf2','Low'),('1fc96e90-6daf-2b32-40e7-6802b50a4406','Close out support request','2025-04-18 20:27:09','2025-04-18 20:27:09','1','1',NULL,0,'seed_sarah_id','Deferred',0,'2025-12-15 06:45:00',0,NULL,NULL,NULL,'17812e4a-6aa9-47bd-754b-6802b56ccf16','High'),('21bf86b8-7a21-9e70-9ed3-6802b504f57c','Send a letter','2025-04-18 20:27:09','2025-04-18 20:27:09','1','1',NULL,0,'seed_sarah_id','In Progress',0,'2025-09-22 07:00:00',0,NULL,NULL,NULL,'19999c46-bb6d-8bb0-035a-6802b5341a42','Medium'),('23a37122-de31-6a7e-fdfc-6802b5ac820c','Add to mailing list','2025-04-18 20:27:09','2025-04-18 20:27:09','1','1',NULL,0,'seed_sally_id','In Progress',0,'2025-04-27 06:00:00',0,NULL,NULL,NULL,'1b989298-dcd0-79ae-163a-6802b5e3579b','Medium'),('24972bb0-8e5d-c962-e2e5-6802b5b34163','Close out support request','2025-04-18 20:27:09','2025-04-18 20:27:09','1','1',NULL,0,'seed_chris_id','Deferred',0,'2025-11-03 07:30:00',0,NULL,NULL,NULL,'1c54dd85-744b-8825-7e8c-6802b55eebd1','Medium'),('2813f7b4-22eb-66a6-4a3e-6802b5c6b5fd','Assemble catalogs','2025-04-18 20:27:09','2025-04-18 20:27:09','1','1',NULL,0,'seed_chris_id','Not Started',0,'2025-10-15 15:30:00',0,NULL,NULL,NULL,'20363b96-d4d9-ca69-ef58-6802b56eefb5','Low'),('28a02622-e5f2-211b-fc18-6802b552205a','Send proposal','2025-04-18 20:27:09','2025-04-18 20:27:09','1','1',NULL,0,'seed_sarah_id','Not Started',0,'2025-06-09 14:45:00',0,NULL,NULL,NULL,'2051fe27-4d05-ba57-cc02-6802b5ee6472','Low'),('2b2d98a6-25ad-5658-69a6-6802b5a08d9e','Get demo feedback','2025-04-18 20:27:09','2025-04-18 20:27:09','1','1',NULL,0,'seed_will_id','In Progress',0,'2025-08-16 17:00:00',0,NULL,NULL,NULL,'229b19af-d82a-4610-d4bf-6802b574175a','High'),('2c1cb2e7-144d-4b0b-a22b-6802b5f5e4bc','Add to mailing list','2025-04-18 20:27:09','2025-04-18 20:27:09','1','1',NULL,0,'seed_sally_id','Pending Input',0,'2026-01-12 17:00:00',0,NULL,NULL,NULL,'243d15f3-a809-ae61-a919-6802b5ab74fb','High'),('2e28f07c-5013-539b-0bce-6802b53c23d9','Arrange reference call','2025-04-18 20:27:09','2025-04-18 20:27:09','1','1',NULL,0,'seed_max_id','Completed',0,'2025-07-03 09:00:00',0,NULL,NULL,NULL,'262188ed-9bc7-9acc-0b2a-6802b5fc84a3','Medium'),('317e967a-4766-2e5e-4962-6802b5eb3a2e','Send contract','2025-04-18 20:27:09','2025-04-18 20:27:09','1','1',NULL,0,'seed_max_id','Completed',0,'2025-07-27 19:45:00',0,NULL,NULL,NULL,'29f4dff9-22aa-312f-ce79-6802b58eab9f','High'),('31dd055b-e742-14bc-b575-6802b52d87da','Setup evaluation','2025-04-18 20:27:09','2025-04-18 20:27:09','1','1',NULL,0,'seed_sally_id','Completed',0,'2025-06-30 19:45:00',0,NULL,NULL,NULL,'29cadd5d-91ed-c5e6-7c75-6802b5541a9e','Low'),('32310566-87ab-1b7b-6069-6802b5277bed','Arrange reference call','2025-04-18 20:27:09','2025-04-18 20:27:09','1','1',NULL,0,'seed_chris_id','Completed',0,'2026-04-03 10:00:00',0,NULL,'Accounts','aebb09da-1421-59fd-2325-6802b510ddcb','29b799a7-7989-034c-0dce-6802b5080802','Medium'),('326081a3-09b9-cd47-a300-6802b5e70706','Send fax','2025-04-18 20:27:09','2025-04-18 20:27:09','1','1',NULL,0,'seed_sally_id','Completed',0,'2025-08-26 10:45:00',0,NULL,NULL,NULL,'2a885807-9139-a182-e804-6802b546df53','Medium'),('32a2b93c-0eb2-1b52-9c4b-6802b57851c3','Schedule training','2025-04-18 20:27:09','2025-04-18 20:27:09','1','1',NULL,0,'seed_max_id','Deferred',0,'2025-05-19 14:15:00',0,NULL,NULL,NULL,'2a6eaa5d-87d6-a378-c75a-6802b5eb5c06','Medium'),('32ce4152-1ada-a28e-4547-6802b569ad8d','Add to mailing list','2025-04-18 20:27:09','2025-04-18 20:27:09','1','1',NULL,0,'seed_sally_id','In Progress',0,'2026-01-28 18:15:00',0,NULL,NULL,NULL,'2aea7c9e-bd15-ca57-9ba1-6802b5ff4272','Low'),('32d02237-9d0e-ec18-9c28-6802b53aa115','Send quote','2025-04-18 20:27:09','2025-04-18 20:27:09','1','1',NULL,0,'seed_max_id','Pending Input',0,'2025-07-15 09:45:00',0,NULL,NULL,NULL,'2b26c118-fcba-6d8a-a7c9-6802b5ee2a39','High'),('32ee3b75-843c-983f-dbb6-6802b5df283b','Make travel arrangements','2025-04-18 20:27:09','2025-04-18 20:27:09','1','1',NULL,0,'seed_sally_id','Not Started',0,'2026-03-26 09:45:00',0,NULL,NULL,NULL,'2b3a7abb-ac7d-4470-f6ec-6802b5751528','Medium'),('354f75ae-aa9d-0438-642f-6802b5e27e8b','Send quote','2025-04-18 20:27:09','2025-04-18 20:27:09','1','1',NULL,0,'seed_chris_id','Pending Input',0,'2025-09-04 19:15:00',0,NULL,NULL,NULL,'2d02aab0-d4d6-50cf-625d-6802b58d5b19','High'),('3650474f-f9d0-c1ca-6c61-6802b5d373d1','Assemble catalogs','2025-04-18 20:27:09','2025-04-18 20:27:09','1','1',NULL,0,'seed_will_id','Deferred',0,'2025-09-19 14:30:00',0,NULL,NULL,NULL,'2db58ec2-5f8e-8145-a4f3-6802b53b695a','Low'),('39086c84-726e-c7a1-e490-6802b5406b22','Send quote','2025-04-18 20:27:09','2025-04-18 20:27:09','1','1',NULL,0,'seed_sarah_id','Not Started',0,'2025-11-02 13:45:00',0,NULL,NULL,NULL,'303af428-967e-7275-fcb2-6802b5ddbcd7','High'),('39c01bf6-0886-7fb8-bf0a-6802b5db3aea','Close out support request','2025-04-18 20:27:09','2025-04-18 20:27:09','1','1',NULL,0,'seed_sally_id','In Progress',0,'2026-04-13 08:15:00',0,NULL,NULL,NULL,'31689dc5-e725-8921-66e2-6802b5a6a07c','Medium'),('3c251c66-c87e-4a8e-13ae-6802b557a77b','Send a follow-up letter','2025-04-18 20:27:09','2025-04-18 20:27:09','1','1',NULL,0,'seed_max_id','Completed',0,'2025-05-04 18:00:00',0,NULL,NULL,NULL,'347ae0f7-6a88-a397-3b2d-6802b515f603','Medium'),('3c8848a5-9473-e869-cde8-6802b521ace8','Assemble catalogs','2025-04-18 20:27:09','2025-04-18 20:27:09','1','1',NULL,0,'seed_will_id','In Progress',0,'2026-04-17 14:00:00',0,NULL,NULL,NULL,'34b8ab9f-8946-202d-225f-6802b528b645','Medium'),('40a9cd20-afa4-e996-3dc9-6802b5268f26','Arrange introduction','2025-04-18 20:27:09','2025-04-18 20:27:09','1','1',NULL,0,'seed_sally_id','Deferred',0,'2025-04-23 16:45:00',0,NULL,NULL,NULL,'38c05c55-fc9d-6a15-f938-6802b51a88e0','High'),('40b7e467-a328-a8ff-b5b8-6802b5ede44f','Arrange reference call','2025-04-18 20:27:09','2025-04-18 20:27:09','1','1',NULL,0,'seed_sally_id','In Progress',0,'2025-12-23 08:45:00',0,NULL,NULL,NULL,'38d4d1dd-81fa-0051-2df7-6802b5bccfe6','Low'),('41685dd1-f59f-ce1e-24d3-6802b51b4fc3','Add to mailing list','2025-04-18 20:27:09','2025-04-18 20:27:09','1','1',NULL,0,'seed_max_id','Pending Input',0,'2026-03-09 10:15:00',0,NULL,NULL,NULL,'38006e96-aab4-5c09-375e-6802b5fce556','Low'),('42ce5134-37b3-bec6-301a-6802b5b478f5','Send proposal','2025-04-18 20:27:09','2025-04-18 20:27:09','1','1',NULL,0,'seed_sally_id','In Progress',0,'2025-08-12 08:15:00',0,NULL,NULL,NULL,'3aed5bd3-240b-f4ac-5460-6802b5e81791','Medium'),('45be398f-da7c-b494-7872-6802b5dcf5d0','Send fax','2025-04-18 20:27:09','2025-04-18 20:27:09','1','1',NULL,0,'seed_chris_id','Pending Input',0,'2025-07-02 14:45:00',0,NULL,NULL,NULL,'3df9a50b-0698-196c-1364-6802b5a1fac7','Medium'),('464197ee-ff57-1d14-6601-6802b5eb8c44','Send quote','2025-04-18 20:27:09','2025-04-18 20:27:09','1','1',NULL,0,'seed_sally_id','Not Started',0,'2026-03-04 11:30:00',0,NULL,NULL,NULL,'3def7388-1633-2db4-7111-6802b5486674','Medium'),('46ab7f5d-d955-4d06-28e9-6802b54de438','Ship product','2025-04-18 20:27:09','2025-04-18 20:27:09','1','1',NULL,0,'seed_max_id','Deferred',0,'2025-06-06 06:15:00',0,NULL,NULL,NULL,'3ed44f03-5973-d0a3-1bf9-6802b5ec20ec','Low'),('4700cfbc-1a60-9c4f-806d-6802b5411cc1','Setup evaluation','2025-04-18 20:27:09','2025-04-18 20:27:09','1','1',NULL,0,'seed_will_id','Deferred',0,'2025-11-07 17:15:00',0,NULL,NULL,NULL,'3f518b19-8348-0522-0ffb-6802b509e6a0','Medium'),('470bf976-79f7-806d-361e-6802b560cc25','Ship product','2025-04-18 20:27:09','2025-04-18 20:27:09','1','1',NULL,0,'seed_max_id','In Progress',0,'2025-11-20 06:00:00',0,NULL,NULL,NULL,'3f4c86a4-4447-6b13-1ee6-6802b590c410','Medium'),('4737f631-c847-d7d4-ab09-6802b532928b','Send a letter','2025-04-18 20:27:09','2025-04-18 20:27:09','1','1',NULL,0,'seed_sally_id','Completed',0,'2025-07-04 12:30:00',0,NULL,NULL,NULL,'3f5bf6f2-aad3-5dec-276c-6802b5ac08e0','Low'),('4751a103-63f5-fc2d-4fd9-6802b58da160','Add to mailing list','2025-04-18 20:27:09','2025-04-18 20:27:09','1','1',NULL,0,'seed_max_id','Completed',0,'2025-10-25 07:15:00',0,NULL,NULL,NULL,'3f0edfad-9512-20ec-b9a0-6802b50dc74b','Medium'),('4795ebbf-383c-6527-1964-6802b5e9930f','Send a letter','2025-04-18 20:27:09','2025-04-18 20:27:09','1','1',NULL,0,'seed_chris_id','In Progress',0,'2025-08-08 12:45:00',0,NULL,NULL,NULL,'3fc984dd-39d5-a275-2c29-6802b580a009','Low'),('49a434aa-8762-2b6e-4f7a-6802b52f9134','Send contract','2025-04-18 20:27:09','2025-04-18 20:27:09','1','1',NULL,0,'seed_sally_id','Completed',0,'2026-03-02 16:45:00',0,NULL,NULL,NULL,'417705c1-62a2-5200-86dc-6802b53b50f8','Medium'),('4aa544c3-9d60-8d81-0f3a-6802b5df7fe0','Get demo feedback','2025-04-18 20:27:09','2025-04-18 20:27:09','1','1',NULL,0,'seed_max_id','Not Started',0,'2026-02-07 12:15:00',0,NULL,NULL,NULL,'42a2f9a4-097a-6719-c11d-6802b593e6f4','High'),('4eaab564-33f3-4bdc-66cb-6802b5ab65ad','Send local user group information','2025-04-18 20:27:09','2025-04-18 20:27:09','1','1',NULL,0,'seed_sarah_id','Deferred',0,'2025-11-11 11:45:00',0,NULL,'Accounts','e29c4204-fb5b-33c5-c6c1-6802b561b95a','462539fc-278f-6fce-7b29-6802b54b7842','Medium'),('5024e537-1e0b-39f1-5dfa-6802b5f23b85','Send proposal','2025-04-18 20:27:09','2025-04-18 20:27:09','1','1',NULL,0,'seed_sarah_id','Not Started',0,'2025-12-19 16:45:00',0,NULL,NULL,NULL,'4848459f-c8d2-b64d-488a-6802b5760d65','High'),('5096595e-97e0-3aa7-f5fe-6802b50eb832','Ship product','2025-04-18 20:27:09','2025-04-18 20:27:09','1','1',NULL,0,'seed_sarah_id','Deferred',0,'2025-10-21 13:30:00',0,NULL,'Accounts','844fcab0-1688-45a1-fb07-6802b54d3bce','4877c19a-ff91-62b8-9bc2-6802b5d8ae2b','Low'),('54b407cb-9b4b-a664-1f2b-6802b518d818','Get demo feedback','2025-04-18 20:27:09','2025-04-18 20:27:09','1','1',NULL,0,'seed_chris_id','In Progress',0,'2025-06-11 10:45:00',0,NULL,NULL,NULL,'4d0ce9d9-5899-e375-10cc-6802b50c5db2','High'),('54dc03b6-b33c-95a9-e573-6802b5def5e3','Arrange introduction','2025-04-18 20:27:09','2025-04-18 20:27:09','1','1',NULL,0,'seed_sarah_id','Not Started',0,'2025-11-20 06:00:00',0,NULL,NULL,NULL,'f0a54d14-46fd-f76a-06d8-6802b5bf14b3','Low'),('56380efc-e12b-2ee9-4e0f-6802b5cf6a03','Escalate support request','2025-04-18 20:27:09','2025-04-18 20:27:09','1','1',NULL,0,'seed_will_id','Deferred',0,'2025-07-01 06:30:00',0,NULL,NULL,NULL,'4e701b0c-7275-f677-8ef8-6802b5eb6555','Medium'),('56d873b1-529c-1a6b-5d08-6802b5abf067','Call to schedule meeting','2025-04-18 20:27:09','2025-04-18 20:27:09','1','1',NULL,0,'seed_sally_id','Pending Input',0,'2025-10-01 10:30:00',0,NULL,NULL,NULL,'4e2c79fa-2ca2-c390-a47c-6802b5454464','High'),('5792a128-7821-77f4-fc51-6802b5543d93','Arrange introduction','2025-04-18 20:27:09','2025-04-18 20:27:09','1','1',NULL,0,'seed_chris_id','In Progress',0,'2025-12-25 08:30:00',0,NULL,NULL,NULL,'4f39e997-9246-3450-9dfb-6802b5b69d12','Low'),('59a9774c-2c2c-ecd4-2853-6802b55ef9f0','Send contract','2025-04-18 20:27:09','2025-04-18 20:27:09','1','1',NULL,0,'seed_max_id','Pending Input',0,'2025-12-22 11:30:00',0,NULL,NULL,NULL,'51ee9a0d-53a4-cbe2-de8f-6802b530b8c0','Low'),('5adfbda5-c2dc-ac83-d830-6802b590926e','Close out support request','2025-04-18 20:27:09','2025-04-18 20:27:09','1','1',NULL,0,'seed_sally_id','Completed',0,'2025-11-02 13:00:00',0,NULL,NULL,NULL,'530df09f-64fd-1a03-7d05-6802b5ff7349','Low'),('5ae054d0-1e8a-7a44-128c-6802b5c74859','Make travel arrangements','2025-04-18 20:27:09','2025-04-18 20:27:09','1','1',NULL,0,'seed_chris_id','Completed',0,'2025-10-31 07:00:00',0,NULL,NULL,NULL,'525b9804-be5b-bd3c-00c0-6802b5cf8705','Medium'),('5b3ec0df-d7e8-9621-0c75-6802b5f9e8f4','Arrange reference call','2025-04-18 20:27:09','2025-04-18 20:27:09','1','1',NULL,0,'seed_will_id','In Progress',0,'2025-12-01 11:15:00',0,NULL,NULL,NULL,'536ac7aa-833d-e219-c7b6-6802b50a1a95','High'),('5b4e6b93-4065-7584-97e7-6802b5ea0caf','Call to schedule meeting','2025-04-18 20:27:09','2025-04-18 20:27:09','1','1',NULL,0,'seed_sally_id','Not Started',0,'2025-05-05 14:45:00',0,NULL,NULL,NULL,'53aa7de2-c910-b5a6-514d-6802b567da55','Low'),('5bb49812-cba5-f3da-91cf-6802b5b8d2b8','Get demo feedback','2025-04-18 20:27:09','2025-04-18 20:27:09','1','1',NULL,0,'seed_sally_id','Pending Input',0,'2026-02-18 14:15:00',0,NULL,NULL,NULL,'53285091-3611-d46d-473d-6802b5e26463','Medium'),('5bd6d9ba-2cdc-b632-ec00-6802b55c12c2','Arrange reference call','2025-04-18 20:27:09','2025-04-18 20:27:09','1','1',NULL,0,'seed_sally_id','In Progress',0,'2026-02-13 15:30:00',0,NULL,NULL,NULL,'53b600ae-d3b6-c7ee-5ef5-6802b5cec079','Low'),('5c9c9c5f-1454-3984-3d8b-6802b57a4b23','Close out support request','2025-04-18 20:27:09','2025-04-18 20:27:09','1','1',NULL,0,'seed_will_id','Pending Input',0,'2025-06-02 11:45:00',0,NULL,NULL,NULL,'540bc4e3-d441-4a55-c083-6802b504a1cf','Medium'),('5e37e93b-0413-e8d2-1d30-6802b50b26c9','Send proposal','2025-04-18 20:27:09','2025-04-18 20:27:09','1','1',NULL,0,'seed_sarah_id','Deferred',0,'2025-06-02 14:15:00',0,NULL,NULL,NULL,'562cb417-b205-3682-b568-6802b5ace8a5','Medium'),('5ed343ef-2c0e-28d2-df8e-6802b553e50b','Add to mailing list','2025-04-18 20:27:09','2025-04-18 20:27:09','1','1',NULL,0,'seed_sally_id','In Progress',0,'2025-07-15 13:30:00',0,NULL,NULL,NULL,'56ac4f49-af78-6509-ab29-6802b50387c5','High'),('6411fbc6-3184-41f2-b916-6802b51019ef','Setup evaluation','2025-04-18 20:27:09','2025-04-18 20:27:09','1','1',NULL,0,'seed_chris_id','Pending Input',0,'2025-04-21 18:45:00',0,NULL,'Accounts','aebb09da-1421-59fd-2325-6802b510ddcb','5b83ad50-290c-2572-5bdb-6802b59bcec3','High'),('6459d432-1ce1-5cce-58c1-6802b5542ef2','Schedule training','2025-04-18 20:27:09','2025-04-18 20:27:09','1','1',NULL,0,'seed_will_id','Not Started',0,'2025-07-28 18:15:00',0,NULL,NULL,NULL,'5c5c2b45-6de2-c00d-dbec-6802b5d70bd2','Medium'),('653979e4-d07f-1a60-e330-6802b5b3b79d','Send contract','2025-04-18 20:27:09','2025-04-18 20:27:09','1','1',NULL,0,'seed_max_id','Deferred',0,'2025-10-06 07:30:00',0,NULL,NULL,NULL,'5d55c52b-1ff1-054e-d958-6802b5dd9b25','Low'),('68e9567c-04d6-6c38-8555-6802b57a9389','Send contract','2025-04-18 20:27:09','2025-04-18 20:27:09','1','1',NULL,0,'seed_max_id','Not Started',0,'2025-07-04 09:00:00',0,NULL,NULL,NULL,'610fe734-575d-39e3-e967-6802b52a3fd2','Low'),('6aa6ecc3-2da6-707d-d37b-6802b5e8e193','Schedule training','2025-04-18 20:27:09','2025-04-18 20:27:09','1','1',NULL,0,'seed_sally_id','In Progress',0,'2026-02-05 18:45:00',0,NULL,NULL,NULL,'63073866-3c27-11bc-a212-6802b5e84966','Medium'),('6c0bec52-e454-bbca-526a-6802b50e4e6f','Get demo feedback','2025-04-18 20:27:09','2025-04-18 20:27:09','1','1',NULL,0,'seed_chris_id','Completed',0,'2025-09-27 18:15:00',0,NULL,NULL,NULL,'63261f2a-19e3-3f85-8999-6802b5e00c3a','Medium'),('6c22ad60-3c86-4e88-20ba-6802b599fc84','Escalate support request','2025-04-18 20:27:09','2025-04-18 20:27:09','1','1',NULL,0,'seed_sally_id','Deferred',0,'2025-09-05 06:30:00',0,NULL,NULL,NULL,'63d62ee0-8068-0346-29b2-6802b5bc67f9','Low'),('6ddda172-27c9-4e4d-25ce-6802b5d889f6','Send contract','2025-04-18 20:27:09','2025-04-18 20:27:09','1','1',NULL,0,'seed_max_id','In Progress',0,'2025-09-05 12:15:00',0,NULL,NULL,NULL,'66633001-3b14-658d-3d40-6802b5363394','High'),('6ef6d9ce-475f-bc9d-7f2d-6802b50ad424','Make travel arrangements','2025-04-18 20:27:09','2025-04-18 20:27:09','1','1',NULL,0,'seed_sally_id','Completed',0,'2025-04-24 19:45:00',0,NULL,NULL,NULL,'67349f54-20e3-ba61-1ea9-6802b580e859','High'),('6f2bdd94-ee74-ca1f-da4f-6802b5427da0','Send a letter','2025-04-18 20:27:09','2025-04-18 20:27:09','1','1',NULL,0,'seed_sarah_id','In Progress',0,'2025-04-21 11:30:00',0,NULL,NULL,NULL,'67a14bf4-0082-9688-dc30-6802b55b8a7e','Low'),('6f5fd86b-03ef-4552-6e1b-6802b5701544','Send proposal','2025-04-18 20:27:09','2025-04-18 20:27:09','1','1',NULL,0,'seed_will_id','Pending Input',0,'2025-08-13 06:45:00',0,NULL,NULL,NULL,'678dbb27-18f8-b58f-7eb7-6802b5494a1d','Medium'),('6f930c7a-3eef-3fdb-9da5-6802b5dd9473','Send literature','2025-04-18 20:27:09','2025-04-18 20:27:09','1','1',NULL,0,'seed_sally_id','In Progress',0,'2025-07-09 12:45:00',0,NULL,NULL,NULL,'f2c192e8-9ac7-15db-010b-6802b59deb20','Medium'),('6fbb948c-9863-a146-fb08-6802b54e6725','Arrange reference call','2025-04-18 20:27:09','2025-04-18 20:27:09','1','1',NULL,0,'seed_sally_id','Pending Input',0,'2025-11-29 17:45:00',0,NULL,NULL,NULL,'679ac88f-51d9-b483-ee3a-6802b59cbc51','High'),('70730edc-7c31-a6cd-d78b-6802b5f012d8','Ship product','2025-04-18 20:27:09','2025-04-18 20:27:09','1','1',NULL,0,'seed_sally_id','Completed',0,'2025-08-18 17:45:00',0,NULL,NULL,NULL,'688d24b5-c1a7-4d71-62b4-6802b559f3e3','High'),('7126e2ad-d220-5a30-425a-6802b5eae619','Escalate support request','2025-04-18 20:27:09','2025-04-18 20:27:09','1','1',NULL,0,'seed_will_id','In Progress',0,'2025-08-06 12:15:00',0,NULL,NULL,NULL,'68e9e34e-e49e-6d64-943e-6802b5cbd9a0','High'),('71ac584a-11c6-0f51-abcf-6802b5654076','Send a letter','2025-04-18 20:27:09','2025-04-18 20:27:09','1','1',NULL,0,'seed_max_id','Completed',0,'2026-04-10 06:30:00',0,NULL,NULL,NULL,'69a22867-7f44-20da-7890-6802b5ddc3cd','Medium'),('72f9bb03-3de3-2373-29ce-6802b5228c45','Escalate support request','2025-04-18 20:27:09','2025-04-18 20:27:09','1','1',NULL,0,'seed_will_id','Deferred',0,'2026-01-13 08:00:00',0,NULL,NULL,NULL,'6b05344d-9823-fbe6-53f3-6802b596045b','High'),('78b5e154-674a-b44e-ab5c-6802b530ee97','Send a follow-up letter','2025-04-18 20:27:09','2025-04-18 20:27:09','1','1',NULL,0,'seed_max_id','Pending Input',0,'2026-02-08 15:45:00',0,NULL,NULL,NULL,'70bbbd21-4280-ab82-fe06-6802b53ae890','Low'),('7944f63e-8288-356c-ca75-6802b5f0c863','Close out support request','2025-04-18 20:27:09','2025-04-18 20:27:09','1','1',NULL,0,'seed_max_id','Not Started',0,'2025-12-05 08:30:00',0,NULL,NULL,NULL,'7140829e-8390-d9d9-98a9-6802b5915a74','Low'),('79bb2b03-bb69-44a5-9ce7-6802b507ac73','Escalate support request','2025-04-18 20:27:09','2025-04-18 20:27:09','1','1',NULL,0,'seed_chris_id','Completed',0,'2025-06-08 19:15:00',0,NULL,NULL,NULL,'7188170a-f6d7-dbf5-f810-6802b51435c0','Low'),('7a110fba-92cc-1ce0-d080-6802b5c96749','Send fax','2025-04-18 20:27:09','2025-04-18 20:27:09','1','1',NULL,0,'seed_sally_id','In Progress',0,'2025-06-24 11:15:00',0,NULL,NULL,NULL,'f3a1e107-0a9f-1f1d-448e-6802b57e2d3c','High'),('7d3fccbc-9d00-6aae-0349-6802b519367f','Send local user group information','2025-04-18 20:27:09','2025-04-18 20:27:09','1','1',NULL,0,'seed_sarah_id','Completed',0,'2025-10-25 15:00:00',0,NULL,NULL,NULL,'7543c9d1-9caa-bc32-65fe-6802b5c130b3','High'),('7d5502d1-818e-81e8-fc7d-6802b555da6a','Get demo feedback','2025-04-18 20:27:09','2025-04-18 20:27:09','1','1',NULL,0,'seed_will_id','Pending Input',0,'2025-08-24 14:15:00',0,NULL,NULL,NULL,'f2ca38bc-e621-e552-c6b0-6802b5c0f685','Medium'),('7ea0db0d-901d-8fcb-663f-6802b5d4d096','Send fax','2025-04-18 20:27:09','2025-04-18 20:27:09','1','1',NULL,0,'seed_sarah_id','In Progress',0,'2025-04-29 11:15:00',0,NULL,NULL,NULL,'76e506f0-a509-a33f-56fd-6802b58965aa','Low'),('801bacfc-aeb1-c011-1848-6802b5258999','Send contract','2025-04-18 20:27:09','2025-04-18 20:27:09','1','1',NULL,0,'seed_sally_id','Pending Input',0,'2025-10-26 10:00:00',0,NULL,NULL,NULL,'7852d458-104d-381b-d405-6802b5ef5237','Medium'),('807e5983-badc-6790-3e30-6802b511563d','Send contract','2025-04-18 20:27:09','2025-04-18 20:27:09','1','1',NULL,0,'seed_sally_id','Not Started',0,'2025-07-31 15:30:00',0,NULL,NULL,NULL,'783d1ef6-1d56-d0cd-250f-6802b570a6de','Medium'),('80f4f6ff-3b36-45df-d58f-6802b52f65b1','Send literature','2025-04-18 20:27:09','2025-04-18 20:27:09','1','1',NULL,0,'seed_chris_id','Not Started',0,'2025-08-02 12:30:00',0,NULL,NULL,NULL,'794d0c68-2975-aa64-1f9d-6802b5d2bc85','High'),('818008e9-c2fe-baba-f59f-6802b53608c7','Arrange introduction','2025-04-18 20:27:09','2025-04-18 20:27:09','1','1',NULL,0,'seed_sally_id','In Progress',0,'2026-02-01 10:00:00',0,NULL,NULL,NULL,'79cac7d8-0c3c-cf08-ce09-6802b51c1c7e','Low'),('834f72e6-3f69-72a7-ef34-6802b5cc0e43','Send contract','2025-04-18 20:27:09','2025-04-18 20:27:09','1','1',NULL,0,'seed_chris_id','Completed',0,'2026-03-03 18:15:00',0,NULL,NULL,NULL,'7b751e78-bce3-2975-4813-6802b5ae4219','Medium'),('8358ac85-905b-c31d-cd69-6802b5dfed68','Get demo feedback','2025-04-18 20:27:09','2025-04-18 20:27:09','1','1',NULL,0,'seed_sarah_id','Not Started',0,'2025-05-08 18:15:00',0,NULL,NULL,NULL,'7b850249-8118-1e87-9df0-6802b526e02f','High'),('8491615d-1f49-1991-ccf0-6802b57665d2','Call to schedule meeting','2025-04-18 20:27:09','2025-04-18 20:27:09','1','1',NULL,0,'seed_max_id','Deferred',0,'2026-02-06 15:00:00',0,NULL,NULL,NULL,'7c8c3f2f-8439-74e0-a8d6-6802b5922b2b','Low'),('84ea0341-83cb-e1c0-679a-6802b57a4213','Send contract','2025-04-18 20:27:09','2025-04-18 20:27:09','1','1',NULL,0,'seed_will_id','In Progress',0,'2026-04-14 12:30:00',0,NULL,NULL,NULL,'78900ead-cb67-3985-391f-6802b592399b','Low'),('84f51772-947d-37eb-ff08-6802b56b32e3','Arrange introduction','2025-04-18 20:27:09','2025-04-18 20:27:09','1','1',NULL,0,'seed_sally_id','Pending Input',0,'2025-12-21 08:45:00',0,NULL,NULL,NULL,'7c4cbce4-382b-1705-b65f-6802b5805798','Low'),('85534f05-489b-e7ac-c99c-6802b50d5c77','Send contract','2025-04-18 20:27:09','2025-04-18 20:27:09','1','1',NULL,0,'seed_will_id','In Progress',0,'2025-11-17 08:30:00',0,NULL,NULL,NULL,'7ccca188-3ea2-8599-983c-6802b5b65b13','High'),('85eb7b6e-5e61-94ca-f19e-6802b5459d27','Add to mailing list','2025-04-18 20:27:09','2025-04-18 20:27:09','1','1',NULL,0,'seed_sally_id','Pending Input',0,'2025-11-27 16:45:00',0,NULL,NULL,NULL,'7d10f890-5077-76ea-2868-6802b551208b','Medium'),('8651c4d6-1895-e29f-e404-6802b57d324e','Call to schedule meeting','2025-04-18 20:27:09','2025-04-18 20:27:09','1','1',NULL,0,'seed_sally_id','Completed',0,'2026-02-18 18:00:00',0,NULL,NULL,NULL,'7e2a9e96-d721-cd0f-8673-6802b5875b8d','Medium'),('87eea776-7555-802e-9a04-6802b5f91652','Assemble catalogs','2025-04-18 20:27:09','2025-04-18 20:27:09','1','1',NULL,0,'seed_sarah_id','Pending Input',0,'2026-04-11 07:45:00',0,NULL,'Accounts','844fcab0-1688-45a1-fb07-6802b54d3bce','7f1c0222-0d89-96c2-8503-6802b58f9e34','Low'),('8da7958f-fb30-e16d-528b-6802b5e7b8f7','Send local user group information','2025-04-18 20:27:09','2025-04-18 20:27:09','1','1',NULL,0,'seed_sally_id','Deferred',0,'2025-12-17 19:00:00',0,NULL,NULL,NULL,'85661c63-8715-7c42-ba0d-6802b5de5f89','High'),('8e3949d9-2a41-fab7-83f7-6802b56961ea','Close out support request','2025-04-18 20:27:09','2025-04-18 20:27:09','1','1',NULL,0,'seed_max_id','Pending Input',0,'2026-01-09 15:30:00',0,NULL,NULL,NULL,'8655bcd0-5243-01d5-648b-6802b590ba2d','High'),('8ecf92d1-5238-46ed-ffb0-6802b546183d','Send local user group information','2025-04-18 20:27:09','2025-04-18 20:27:09','1','1',NULL,0,'seed_sally_id','Pending Input',0,'2025-10-24 10:00:00',0,NULL,NULL,NULL,'86b89264-7b4e-7957-cbb9-6802b5b16b05','Low'),('8f840721-6231-21bd-0675-6802b52e7335','Escalate support request','2025-04-18 20:27:09','2025-04-18 20:27:09','1','1',NULL,0,'seed_chris_id','In Progress',0,'2025-04-26 15:45:00',0,NULL,'Accounts','aebb09da-1421-59fd-2325-6802b510ddcb','a0f007ad-d717-1202-2dc1-6802b59a282f','Medium'),('90b50817-46f1-905d-e253-6802b561dd8d','Arrange introduction','2025-04-18 20:27:09','2025-04-18 20:27:09','1','1',NULL,0,'seed_sally_id','In Progress',0,'2026-03-10 09:00:00',0,NULL,NULL,NULL,'bc500927-4489-2e94-3709-6802b50e7ff7','Medium'),('91432496-8a64-6274-4e4a-6802b5f0f040','Arrange reference call','2025-04-18 20:27:09','2025-04-18 20:27:09','1','1',NULL,0,'seed_will_id','Pending Input',0,'2025-09-06 17:45:00',0,NULL,NULL,NULL,'897e2f2f-4754-e022-5e47-6802b56cfd02','Medium'),('9368f1c3-a522-3319-7967-6802b537ba78','Assemble catalogs','2025-04-18 20:27:09','2025-04-18 20:27:09','1','1',NULL,0,'seed_chris_id','Not Started',0,'2025-12-18 19:30:00',0,NULL,NULL,NULL,'8b664df1-6532-229c-5bd3-6802b5ec078b','Medium'),('94865d91-5f6a-0c75-db53-6802b58b3e1f','Close out support request','2025-04-18 20:27:09','2025-04-18 20:27:09','1','1',NULL,0,'seed_sally_id','Pending Input',0,'2025-07-11 17:15:00',0,NULL,NULL,NULL,'8c958938-9ed0-c022-d18f-6802b56462b0','High'),('9523786f-efdc-135f-c08e-6802b5df3def','Send contract','2025-04-18 20:27:09','2025-04-18 20:27:09','1','1',NULL,0,'seed_chris_id','Deferred',0,'2025-08-24 17:30:00',0,NULL,NULL,NULL,'8d2965af-fed8-2912-5078-6802b58b6b25','High'),('9578f761-4470-666b-895b-6802b51f4ffd','Send a follow-up letter','2025-04-18 20:27:09','2025-04-18 20:27:09','1','1',NULL,0,'seed_will_id','Deferred',0,'2026-01-16 18:00:00',0,NULL,NULL,NULL,'8ddc429b-f17a-9f01-aedf-6802b5c8af61','Medium'),('9667880b-d1df-bcac-6289-6802b50d9dec','Close out support request','2025-04-18 20:27:09','2025-04-18 20:27:09','1','1',NULL,0,'seed_sally_id','Not Started',0,'2026-02-04 18:15:00',0,NULL,NULL,NULL,'8e61bcd8-2771-845b-d464-6802b50fc3d5','Medium'),('9748015b-5db3-7770-e1bf-6802b54deec4','Send local user group information','2025-04-18 20:27:09','2025-04-18 20:27:09','1','1',NULL,0,'seed_sally_id','Completed',0,'2025-11-06 07:30:00',0,NULL,NULL,NULL,'915007cd-fd10-1f56-609f-6802b57c4e33','Medium'),('982526d4-a15a-2253-17c8-6802b53cf71c','Make travel arrangements','2025-04-18 20:27:09','2025-04-18 20:27:09','1','1',NULL,0,'seed_sally_id','Deferred',0,'2026-03-07 19:15:00',0,NULL,NULL,NULL,'8fddb06f-46f4-a03e-9a0f-6802b5e1f72f','Medium'),('98cd40b6-8436-3988-79cd-6802b56ecab4','Make travel arrangements','2025-04-18 20:27:09','2025-04-18 20:27:09','1','1',NULL,0,'seed_chris_id','Completed',0,'2025-08-22 18:15:00',0,NULL,NULL,NULL,'9118e97b-9e90-93bc-85c0-6802b518e821','Low'),('98f2aa28-ced5-fc02-acb1-6802b564c795','Close out support request','2025-04-18 20:27:09','2025-04-18 20:27:09','1','1',NULL,0,'seed_sarah_id','Deferred',0,'2025-08-28 18:30:00',0,NULL,NULL,NULL,'90fdb260-2c9b-bfc6-424d-6802b556295b','Low'),('9906f8e1-7728-81e7-d42b-6802b5b36e1e','Send proposal','2025-04-18 20:27:09','2025-04-18 20:27:09','1','1',NULL,0,'seed_chris_id','Completed',0,'2025-09-01 19:30:00',0,NULL,NULL,NULL,'915acefd-e2bb-9ed9-fea6-6802b543dda4','High'),('99fc9bc9-0252-ea85-27d8-6802b5494e47','Send quote','2025-04-18 20:27:09','2025-04-18 20:27:09','1','1',NULL,0,'seed_sarah_id','Completed',0,'2025-05-25 17:15:00',0,NULL,NULL,NULL,'91dadd01-de8a-c1ca-08ae-6802b54721d6','High'),('9b02bc49-a315-ad89-def9-6802b5acd7ae','Get demo feedback','2025-04-18 20:27:09','2025-04-18 20:27:09','1','1',NULL,0,'seed_sally_id','Not Started',0,'2025-12-01 12:00:00',0,NULL,NULL,NULL,'92f72a85-57e7-bdb7-14ab-6802b56544ba','Low'),('9b7f99f8-df9d-7751-7740-6802b5266a05','Assemble catalogs','2025-04-18 20:27:09','2025-04-18 20:27:09','1','1',NULL,0,'seed_chris_id','Pending Input',0,'2025-07-09 17:45:00',0,NULL,NULL,NULL,'9364a42b-86f4-c42d-d5fa-6802b5a67fb0','Medium'),('9d3d7b12-90f8-f3fa-1145-6802b523edb1','Add to mailing list','2025-04-18 20:27:09','2025-04-18 20:27:09','1','1',NULL,0,'seed_max_id','Not Started',0,'2026-02-13 17:15:00',0,NULL,NULL,NULL,'9549350e-65ef-2691-f506-6802b55b89d7','High'),('a1fd0901-6d78-f564-229b-6802b5b6f010','Arrange introduction','2025-04-18 20:27:09','2025-04-18 20:27:09','1','1',NULL,0,'seed_chris_id','In Progress',0,'2025-08-08 17:00:00',0,NULL,NULL,NULL,'99efa180-585b-a6f1-9b17-6802b51298e2','Low'),('a2e15b76-bf81-2b67-b1a8-6802b570bdf8','Close out support request','2025-04-18 20:27:09','2025-04-18 20:27:09','1','1',NULL,0,'seed_will_id','Completed',0,'2025-07-02 08:15:00',0,NULL,NULL,NULL,'9b295046-0998-6d52-df41-6802b5025323','Low'),('a323f9f6-9660-f5cf-ffc8-6802b51e3453','Add to mailing list','2025-04-18 20:27:09','2025-04-18 20:27:09','1','1',NULL,0,'seed_max_id','Completed',0,'2026-03-17 11:15:00',0,NULL,NULL,NULL,'9b23ea6f-12ae-c827-0879-6802b528e7f6','Medium'),('a5899c7e-bc86-2271-349d-6802b531025b','Arrange introduction','2025-04-18 20:27:09','2025-04-18 20:27:09','1','1',NULL,0,'seed_max_id','Pending Input',0,'2026-02-13 16:45:00',0,NULL,NULL,NULL,'9da0791d-70cc-2cdc-3649-6802b56608de','High'),('a6410b11-b838-f657-3557-6802b5bc04a9','Send quote','2025-04-18 20:27:09','2025-04-18 20:27:09','1','1',NULL,0,'seed_sarah_id','In Progress',0,'2026-01-10 16:00:00',0,NULL,NULL,NULL,'22060685-e128-77a4-7d06-6802b5e36843','Medium'),('a83066f1-b778-554a-f66c-6802b5cddbe4','Arrange introduction','2025-04-18 20:27:09','2025-04-18 20:27:09','1','1',NULL,0,'seed_sally_id','Pending Input',0,'2025-09-16 19:30:00',0,NULL,NULL,NULL,'a025c695-4a7b-bba8-aa92-6802b5bea58c','Low'),('a92c0e07-7e09-7545-fb45-6802b5d76797','Assemble catalogs','2025-04-18 20:27:09','2025-04-18 20:27:09','1','1',NULL,0,'seed_chris_id','Not Started',0,'2025-05-08 10:30:00',0,NULL,NULL,NULL,'a16ea8f4-dcb1-b4fb-6445-6802b53b1556','Low'),('a9315d1c-18f0-f9a0-41c1-6802b5185131','Send fax','2025-04-18 20:27:09','2025-04-18 20:27:09','1','1',NULL,0,'seed_max_id','Completed',0,'2025-11-25 19:30:00',0,NULL,NULL,NULL,'a1786ade-a432-964e-8912-6802b5fa25f4','Medium'),('a9f6f2cd-ac8e-0a07-7ce7-6802b586b448','Escalate support request','2025-04-18 20:27:09','2025-04-18 20:27:09','1','1',NULL,0,'seed_sally_id','In Progress',0,'2025-06-14 16:00:00',0,NULL,NULL,NULL,'a1da0b99-3304-a9cc-3bce-6802b55cbf58','Medium'),('aa1a0744-a80c-d306-41b7-6802b5cb648c','Add to mailing list','2025-04-18 20:27:09','2025-04-18 20:27:09','1','1',NULL,0,'seed_max_id','Deferred',0,'2025-07-27 06:15:00',0,NULL,NULL,NULL,'27550e46-7208-735a-064d-6802b510a63d','Low'),('abf90064-e39a-452c-6d03-6802b5126c9b','Arrange reference call','2025-04-18 20:27:09','2025-04-18 20:27:09','1','1',NULL,0,'seed_sally_id','Completed',0,'2025-11-29 10:30:00',0,NULL,NULL,NULL,'a3a943e2-890c-7d19-09aa-6802b5f406c6','Medium'),('ac4d07c2-90e1-1dea-ec5a-6802b52aa648','Send contract','2025-04-18 20:27:09','2025-04-18 20:27:09','1','1',NULL,0,'seed_max_id','Completed',0,'2025-10-22 13:45:00',0,NULL,NULL,NULL,'a4503b2e-2d2c-811f-708a-6802b51437f8','Medium'),('ace98274-0aad-74ab-d669-6802b5ae4ec9','Add to mailing list','2025-04-18 20:27:09','2025-04-18 20:27:09','1','1',NULL,0,'seed_sally_id','Deferred',0,'2025-11-03 14:45:00',0,NULL,NULL,NULL,'a4f731ef-0c6f-2c58-bf48-6802b5257e0d','High'),('ad011484-fa2d-d363-0d98-6802b539617a','Ship product','2025-04-18 20:27:09','2025-04-18 20:27:09','1','1',NULL,0,'seed_sally_id','Not Started',0,'2026-01-13 12:00:00',0,NULL,NULL,NULL,'a53482f8-06bb-4be8-23fa-6802b5c32a98','Low'),('ada7ab67-97a2-d874-7b22-6802b51cb28d','Escalate support request','2025-04-18 20:27:09','2025-04-18 20:27:09','1','1',NULL,0,'seed_sarah_id','Not Started',0,'2025-08-31 18:00:00',0,NULL,NULL,NULL,'a5a8490c-ad15-32ee-8a47-6802b539aca7','Low'),('aed8d9c4-9ed1-2661-f1da-6802b545f03c','Send quote','2025-04-18 20:27:09','2025-04-18 20:27:09','1','1',NULL,0,'seed_chris_id','Completed',0,'2026-03-14 12:15:00',0,NULL,NULL,NULL,'a71eb8ac-5121-822c-f69b-6802b58a4440','Low'),('af1039f1-10ba-8117-8acd-6802b5b99895','Send fax','2025-04-18 20:27:09','2025-04-18 20:27:09','1','1',NULL,0,'seed_will_id','Pending Input',0,'2026-01-29 16:15:00',0,NULL,NULL,NULL,'a6d41d56-eb1c-0c63-a0c8-6802b57476b7','Medium'),('b0058d76-e17d-babd-cd98-6802b5c090e2','Arrange reference call','2025-04-18 20:27:09','2025-04-18 20:27:09','1','1',NULL,0,'seed_sally_id','Not Started',0,'2025-08-03 17:15:00',0,NULL,NULL,NULL,'a7fea007-3650-e5bd-1a92-6802b5339b8c','Medium'),('b19ff3a5-a040-de17-6a29-6802b531e9fa','Send proposal','2025-04-18 20:27:09','2025-04-18 20:27:09','1','1',NULL,0,'seed_chris_id','Deferred',0,'2026-03-12 14:45:00',0,NULL,NULL,NULL,'a9ba87de-913c-e545-92c8-6802b5c1d755','High'),('b2670c9f-9397-7bc4-fafa-6802b598f06f','Add to mailing list','2025-04-18 20:27:09','2025-04-18 20:27:09','1','1',NULL,0,'seed_sally_id','In Progress',0,'2025-09-21 19:45:00',0,NULL,NULL,NULL,'2b480aac-d16d-fbd1-2afd-6802b529deae','Low'),('b69f7b11-6b91-f083-f7ce-6802b5e4431e','Call to schedule meeting','2025-04-18 20:27:09','2025-04-18 20:27:09','1','1',NULL,0,'seed_sally_id','In Progress',0,'2025-11-09 14:00:00',0,NULL,NULL,NULL,'aea9e591-720b-9a60-0f6c-6802b51688c6','Medium'),('b79bea68-ccb8-4d13-cd6f-6802b5300020','Send quote','2025-04-18 20:27:09','2025-04-18 20:27:09','1','1',NULL,0,'seed_sally_id','Deferred',0,'2026-02-07 17:00:00',0,NULL,NULL,NULL,'af913b22-f3e8-ad26-3f39-6802b5e8f22a','Medium'),('b830e497-d85b-69f2-99e4-6802b5350b25','Arrange introduction','2025-04-18 20:27:09','2025-04-18 20:27:09','1','1',NULL,0,'seed_sally_id','Deferred',0,'2025-10-06 16:15:00',0,NULL,NULL,NULL,'af6988f7-faa1-53f4-7caa-6802b5d4f5b1','Medium'),('b99accc3-38f7-55fd-b096-6802b5fce0a5','Arrange reference call','2025-04-18 20:27:09','2025-04-18 20:27:09','1','1',NULL,0,'seed_sally_id','Pending Input',0,'2026-02-11 12:45:00',0,NULL,NULL,NULL,'b1cbda3a-b558-7fad-fc73-6802b5800e8c','Low'),('bc2451fc-6c5b-d443-e16e-6802b5cb87d1','Send literature','2025-04-18 20:27:09','2025-04-18 20:27:09','1','1',NULL,0,'seed_sally_id','Not Started',0,'2025-11-07 19:45:00',0,NULL,NULL,NULL,'b42297c9-0051-54fa-2446-6802b5fee58a','Medium'),('bcd3ea3d-3fca-93f2-6fd4-6802b5268747','Arrange reference call','2025-04-18 20:27:09','2025-04-18 20:27:09','1','1',NULL,0,'seed_sally_id','Deferred',0,'2025-07-30 11:00:00',0,NULL,NULL,NULL,'b4f929ad-3f8b-e569-34b6-6802b54c544c','Medium'),('bd2c124a-62cd-7d28-abb4-6802b515090e','Send a follow-up letter','2025-04-18 20:27:09','2025-04-18 20:27:09','1','1',NULL,0,'seed_max_id','In Progress',0,'2025-09-30 14:15:00',0,NULL,NULL,NULL,'b568e9f5-86c2-2066-f4c1-6802b55818ff','Low'),('bda00031-b1ab-c524-03d7-6802b50a3f39','Assemble catalogs','2025-04-18 20:27:09','2025-04-18 20:27:09','1','1',NULL,0,'seed_sarah_id','Not Started',0,'2026-01-28 11:45:00',0,NULL,NULL,NULL,'ece78692-b76e-7e53-aa62-6802b5faf664','Medium'),('bee25489-4735-c102-9de6-6802b5e5c784','Close out support request','2025-04-18 20:27:09','2025-04-18 20:27:09','1','1',NULL,0,'seed_sarah_id','Completed',0,'2025-12-15 17:15:00',0,NULL,NULL,NULL,'b6fd41d5-1b0e-3348-4591-6802b55b5da9','High'),('bfa1f0bf-22f3-8ea1-9d9c-6802b592a398','Make travel arrangements','2025-04-18 20:27:09','2025-04-18 20:27:09','1','1',NULL,0,'seed_chris_id','In Progress',0,'2025-11-29 12:15:00',0,NULL,NULL,NULL,'b83678a7-066d-bf66-8c65-6802b517884c','Medium'),('c0066320-368b-3b2a-c865-6802b5ed7dc6','Add to mailing list','2025-04-18 20:27:09','2025-04-18 20:27:09','1','1',NULL,0,'seed_chris_id','Pending Input',0,'2026-02-23 09:15:00',0,NULL,NULL,NULL,'b82422d2-f2d4-2dff-19c6-6802b5eb2eb2','Medium'),('c0e4aae6-3f8f-5408-916f-6802b597fb13','Make travel arrangements','2025-04-18 20:27:09','2025-04-18 20:27:09','1','1',NULL,0,'seed_chris_id','In Progress',0,'2025-06-15 18:15:00',0,NULL,NULL,NULL,'b934645c-2359-c54e-65d7-6802b5db8a19','High'),('c134dddd-3fba-de95-96e7-6802b575d999','Ship product','2025-04-18 20:27:09','2025-04-18 20:27:09','1','1',NULL,0,'seed_sarah_id','Not Started',0,'2025-05-17 08:00:00',0,NULL,NULL,NULL,'b91a77bd-1311-5830-5429-6802b5e864b8','Low'),('c156d173-9773-683c-0e8d-6802b50dd91d','Ship product','2025-04-18 20:27:09','2025-04-18 20:27:09','1','1',NULL,0,'seed_sarah_id','Not Started',0,'2025-06-02 19:15:00',0,NULL,'Accounts','e29c4204-fb5b-33c5-c6c1-6802b561b95a','b909e97e-e269-346e-0b71-6802b5eaa107','High'),('c391ac0b-2b3b-5852-f9f0-6802b5e67a5c','Escalate support request','2025-04-18 20:27:09','2025-04-18 20:27:09','1','1',NULL,0,'seed_sally_id','Deferred',0,'2025-07-28 15:30:00',0,NULL,NULL,NULL,'bb8c6723-0ecf-1750-825e-6802b5302461','Medium'),('c3a19ede-3740-0a1c-e215-6802b5b314c0','Assemble catalogs','2025-04-18 20:27:09','2025-04-18 20:27:09','1','1',NULL,0,'seed_sarah_id','In Progress',0,'2025-06-01 17:00:00',0,NULL,NULL,NULL,'bbabe40a-d646-e4bb-76da-6802b5f7836d','Low'),('c4a8ae5e-9c77-10f9-679b-6802b5e5e6f5','Send literature','2025-04-18 20:27:09','2025-04-18 20:27:09','1','1',NULL,0,'seed_sally_id','Completed',0,'2025-08-01 10:30:00',0,NULL,NULL,NULL,'bc21b771-c813-d8fa-70fa-6802b5ef8bd6','High'),('c56e8e3a-1e83-d131-ed38-6802b59a695b','Send proposal','2025-04-18 20:27:09','2025-04-18 20:27:09','1','1',NULL,0,'seed_max_id','Pending Input',0,'2025-06-13 12:30:00',0,NULL,NULL,NULL,'bdae2319-2955-3e6f-9623-6802b5677215','Low'),('cab1c3fd-a2fa-95c6-0871-6802b5f9651a','Send contract','2025-04-18 20:27:09','2025-04-18 20:27:09','1','1',NULL,0,'seed_sally_id','In Progress',0,'2025-05-13 13:15:00',0,NULL,NULL,NULL,'c2c66e93-5b22-5b8c-c969-6802b58996b6','High'),('cbc5034a-5cc3-aeed-70e0-6802b5024e52','Send contract','2025-04-18 20:27:09','2025-04-18 20:27:09','1','1',NULL,0,'seed_max_id','In Progress',0,'2025-09-28 14:45:00',0,NULL,NULL,NULL,'4afa0313-c4a4-9162-d2b7-6802b5aeb8a2','Low'),('cc25a11f-80b2-d20a-7c74-6802b5bf6171','Send contract','2025-04-18 20:27:09','2025-04-18 20:27:09','1','1',NULL,0,'seed_will_id','In Progress',0,'2025-07-28 15:45:00',0,NULL,NULL,NULL,'c42f998e-1d61-c979-520e-6802b59bbbb9','High'),('cd699b26-5a0a-b5bd-89d0-6802b53d57dd','Setup evaluation','2025-04-18 20:27:09','2025-04-18 20:27:09','1','1',NULL,0,'seed_sally_id','Deferred',0,'2025-12-01 17:15:00',0,NULL,NULL,NULL,'c56ef614-34e1-09bb-f7de-6802b5132f8d','Low'),('cfe31d58-4783-fda8-3ef3-6802b5ae3204','Schedule training','2025-04-18 20:27:09','2025-04-18 20:27:09','1','1',NULL,0,'seed_chris_id','Pending Input',0,'2026-04-16 19:30:00',0,NULL,NULL,NULL,'c7f4a2ca-89ca-2843-dfe3-6802b56bbdef','High'),('d0f8cf32-6627-897c-026b-6802b5d4bede','Arrange introduction','2025-04-18 20:27:09','2025-04-18 20:27:09','1','1',NULL,0,'seed_max_id','Completed',0,'2025-11-28 17:15:00',0,NULL,NULL,NULL,'c9242356-bc57-fdfa-f478-6802b50b160f','High'),('d12cee51-86df-9338-6d2f-6802b5f7ca5f','Send a letter','2025-04-18 20:27:09','2025-04-18 20:27:09','1','1',NULL,0,'seed_will_id','Not Started',0,'2026-03-25 12:00:00',0,NULL,NULL,NULL,'c94838c8-7240-364c-c90d-6802b5d60d31','Medium'),('d322c5e2-b0f3-d3c1-0391-6802b5c91611','Send local user group information','2025-04-18 20:27:09','2025-04-18 20:27:09','1','1',NULL,0,'seed_max_id','Pending Input',0,'2025-11-05 06:15:00',0,NULL,NULL,NULL,'cb9fc6da-5c15-6b35-cb90-6802b590c6be','High'),('d36685d0-fc83-169f-ccfb-6802b58c8c1a','Assemble catalogs','2025-04-18 20:27:09','2025-04-18 20:27:09','1','1',NULL,0,'seed_chris_id','Deferred',0,'2026-03-22 19:00:00',0,NULL,NULL,NULL,'cb1efabe-56c5-dc76-79cc-6802b5b1685f','High'),('d3b5473a-0133-071e-ab63-6802b5a87613','Ship product','2025-04-18 20:27:09','2025-04-18 20:27:09','1','1',NULL,0,'seed_sally_id','Completed',0,'2025-07-03 19:00:00',0,NULL,NULL,NULL,'cbda7a70-7dab-0661-ff33-6802b5b1d533','Low'),('d3e80952-39a4-f92a-4fd2-6802b5b5fa3d','Get demo feedback','2025-04-18 20:27:09','2025-04-18 20:27:09','1','1',NULL,0,'seed_sally_id','In Progress',0,'2025-09-19 11:30:00',0,NULL,NULL,NULL,'cc1ae67b-e0a2-8083-a1b0-6802b5cf43d3','Medium'),('d46081f2-ec8c-c997-71d2-6802b5b313c2','Send literature','2025-04-18 20:27:09','2025-04-18 20:27:09','1','1',NULL,0,'seed_chris_id','Deferred',0,'2025-11-22 19:15:00',0,NULL,NULL,NULL,'c64a7909-68bc-30a4-cd39-6802b595e9ea','Low'),('d509361f-f045-a4fe-5eb5-6802b5f4b899','Setup evaluation','2025-04-18 20:27:09','2025-04-18 20:27:09','1','1',NULL,0,'seed_will_id','Deferred',0,'2025-08-26 16:15:00',0,NULL,NULL,NULL,'cd033e71-1764-e47b-22f8-6802b5c7784e','Low'),('d5cce0c1-5084-4d2d-d3e1-6802b5c6aaed','Get demo feedback','2025-04-18 20:27:09','2025-04-18 20:27:09','1','1',NULL,0,'seed_chris_id','In Progress',0,'2026-01-11 09:45:00',0,NULL,'Accounts','aebb09da-1421-59fd-2325-6802b510ddcb','cd99ff7a-219d-02b8-e0d6-6802b51335ba','High'),('d7b83448-4421-5d42-21eb-6802b5f50e01','Assemble catalogs','2025-04-18 20:27:09','2025-04-18 20:27:09','1','1',NULL,0,'seed_sally_id','Deferred',0,'2025-06-21 14:15:00',0,NULL,NULL,NULL,'cfce9213-5af7-3956-3f9e-6802b5d1f511','Medium'),('d8d6b556-07c5-4d65-cc5b-6802b59f4652','Send fax','2025-04-18 20:27:09','2025-04-18 20:27:09','1','1',NULL,0,'seed_chris_id','Pending Input',0,'2025-08-08 17:15:00',0,NULL,NULL,NULL,'d0a7d1bc-fd13-b6db-3664-6802b52846bb','High'),('d9dad5c1-9194-50f3-bd0e-6802b5e3a712','Send a letter','2025-04-18 20:27:09','2025-04-18 20:27:09','1','1',NULL,0,'seed_sarah_id','Deferred',0,'2025-11-20 19:45:00',0,NULL,NULL,NULL,'d1325b7f-b73b-b069-a6ae-6802b5d5cc53','Medium'),('da2e31fd-c61e-6e1c-05fc-6802b51ca688','Setup evaluation','2025-04-18 20:27:09','2025-04-18 20:27:09','1','1',NULL,0,'seed_max_id','Completed',0,'2025-04-22 10:15:00',0,NULL,NULL,NULL,'d2071dd9-16d6-7151-657d-6802b556851f','Low'),('ded005d9-1f76-0f6b-93ca-6802b59694ba','Send a follow-up letter','2025-04-18 20:27:09','2025-04-18 20:27:09','1','1',NULL,0,'seed_max_id','Completed',0,'2025-07-11 07:30:00',0,NULL,NULL,NULL,'ecf25df2-a9b6-3e34-794f-6802b5a20fda','Low'),('e059594b-3f19-46f9-a8d4-6802b59aea42','Schedule training','2025-04-18 20:27:09','2025-04-18 20:27:09','1','1',NULL,0,'seed_chris_id','Deferred',0,'2025-08-24 08:00:00',0,NULL,NULL,NULL,'d81d43ac-ab6b-d00b-6948-6802b5d1eb61','High'),('e0857dee-9193-738f-c3ec-6802b583aced','Send proposal','2025-04-18 20:27:09','2025-04-18 20:27:09','1','1',NULL,0,'seed_sally_id','Completed',0,'2025-07-30 13:15:00',0,NULL,NULL,NULL,'d8b80fb6-c32a-b560-58d9-6802b5d2f697','Low'),('e40bb3ef-dcfc-f148-6b3f-6802b562aeb2','Escalate support request','2025-04-18 20:27:09','2025-04-18 20:27:09','1','1',NULL,0,'seed_max_id','Pending Input',0,'2025-07-24 17:45:00',0,NULL,NULL,NULL,'dc3f31b0-099e-bb42-c3bb-6802b5c7a648','Medium'),('e6020c09-3207-1b5f-77b7-6802b50cc08d','Schedule training','2025-04-18 20:27:09','2025-04-18 20:27:09','1','1',NULL,0,'seed_max_id','Not Started',0,'2026-03-21 11:15:00',0,NULL,NULL,NULL,'603a070d-a557-5564-5669-6802b53522c9','Medium'),('e604d85b-452b-b074-b1c7-6802b5b75542','Assemble catalogs','2025-04-18 20:27:09','2025-04-18 20:27:09','1','1',NULL,0,'seed_chris_id','Not Started',0,'2025-10-10 06:30:00',0,NULL,NULL,NULL,'ddef63f0-8229-7cef-0cd3-6802b596940e','High'),('e67b3763-ae5d-9616-047b-6802b5e3d06d','Send local user group information','2025-04-18 20:27:09','2025-04-18 20:27:09','1','1',NULL,0,'seed_max_id','Deferred',0,'2025-06-02 13:00:00',0,NULL,NULL,NULL,'deccda58-df50-3639-0ba2-6802b53f25b9','Low'),('e6d5274e-82eb-1584-fc54-6802b577a521','Arrange introduction','2025-04-18 20:27:09','2025-04-18 20:27:09','1','1',NULL,0,'seed_max_id','Deferred',0,'2026-01-24 14:15:00',0,NULL,NULL,NULL,'debef51e-785f-5d86-2552-6802b5e57a1e','High'),('e78dc9fd-a459-4cbd-c448-6802b51b5eb5','Send local user group information','2025-04-18 20:27:09','2025-04-18 20:27:09','1','1',NULL,0,'seed_sarah_id','Pending Input',0,'2025-09-15 19:00:00',0,NULL,'Accounts','e29c4204-fb5b-33c5-c6c1-6802b561b95a','df499a4e-3e80-841d-ea98-6802b5a0e929','Medium'),('e8574890-1dd0-342a-15fc-6802b591c2c0','Get demo feedback','2025-04-18 20:27:09','2025-04-18 20:27:09','1','1',NULL,0,'seed_sally_id','Pending Input',0,'2025-08-01 10:45:00',0,NULL,NULL,NULL,'e088d029-8b99-fef9-f9fb-6802b5b3dbfa','Low'),('e85a0bde-a4a9-57ae-85f2-6802b5d0a2df','Send literature','2025-04-18 20:27:09','2025-04-18 20:27:09','1','1',NULL,0,'seed_sally_id','Pending Input',0,'2025-08-21 13:30:00',0,NULL,NULL,NULL,'dfb52fea-04c1-826a-f335-6802b521a08a','High'),('e86972fb-7c22-b731-ecca-6802b56cd1d3','Close out support request','2025-04-18 20:27:09','2025-04-18 20:27:09','1','1',NULL,0,'seed_sarah_id','Pending Input',0,'2026-03-30 11:30:00',0,NULL,NULL,NULL,'e00eeacc-818b-d6e3-15c5-6802b52063e5','Low'),('e95674ca-4b76-81a5-af38-6802b5028fba','Send quote','2025-04-18 20:27:09','2025-04-18 20:27:09','1','1',NULL,0,'seed_sarah_id','Pending Input',0,'2025-08-04 06:30:00',0,NULL,'Accounts','844fcab0-1688-45a1-fb07-6802b54d3bce','e1073cb1-f29a-40e4-3387-6802b5da8453','High'),('e9d4841e-3d6d-f47e-400b-6802b5cbfe0a','Escalate support request','2025-04-18 20:27:09','2025-04-18 20:27:09','1','1',NULL,0,'seed_will_id','Completed',0,'2025-12-13 16:00:00',0,NULL,NULL,NULL,'d923152c-98a8-5b30-8f10-6802b5bc9f31','High'),('ea9ec5f7-b8e3-9dd5-9cce-6802b5513b3e','Send local user group information','2025-04-18 20:27:09','2025-04-18 20:27:09','1','1',NULL,0,'seed_max_id','In Progress',0,'2025-11-16 19:30:00',0,NULL,NULL,NULL,'e292d27a-ec8b-785d-11a5-6802b52df84e','High'),('ebdfba2d-99bd-8f89-f3b0-6802b5fe6fe6','Escalate support request','2025-04-18 20:27:09','2025-04-18 20:27:09','1','1',NULL,0,'seed_chris_id','Completed',0,'2025-09-29 15:45:00',0,NULL,NULL,NULL,'e3b37645-c439-870f-53d9-6802b5e184b5','Low'),('edb830bb-4977-d111-172c-6802b5db7a67','Send a letter','2025-04-18 20:27:09','2025-04-18 20:27:09','1','1',NULL,0,'seed_sally_id','Pending Input',0,'2025-07-05 10:30:00',0,NULL,NULL,NULL,'e5eadd8e-c806-25d9-5ebc-6802b51eb843','High'),('eea30efb-bad5-20a7-dd69-6802b5faeff3','Send fax','2025-04-18 20:27:09','2025-04-18 20:27:09','1','1',NULL,0,'seed_sally_id','Deferred',0,'2026-01-08 11:45:00',0,NULL,NULL,NULL,'e6e62bd0-11a2-13a7-9a85-6802b510e69d','High'),('f0bc0486-a7d9-7819-1ffa-6802b5d77f42','Send proposal','2025-04-18 20:27:09','2025-04-18 20:27:09','1','1',NULL,0,'seed_chris_id','Not Started',0,'2026-03-19 17:30:00',0,NULL,NULL,NULL,'e73b78eb-f932-8675-26f7-6802b57c7df7','Medium'),('fad10509-53db-dd72-e349-6802b591bb7e','Get demo feedback','2025-04-18 20:27:09','2025-04-18 20:27:09','1','1',NULL,0,'seed_will_id','In Progress',0,'2025-11-12 16:00:00',0,NULL,NULL,NULL,'6f190a17-5d23-e0b1-a920-6802b5984fef','High');

--
-- Table structure for table `templatesectionline`
--

CREATE TABLE `templatesectionline` (
  `id` char(36) NOT NULL,
  `name` varchar(255) DEFAULT NULL,
  `date_entered` datetime DEFAULT NULL,
  `date_modified` datetime DEFAULT NULL,
  `modified_user_id` char(36) DEFAULT NULL,
  `created_by` char(36) DEFAULT NULL,
  `description` text DEFAULT NULL,
  `deleted` tinyint(1) DEFAULT 0,
  `thumbnail` varchar(255) DEFAULT NULL,
  `grp` varchar(255) DEFAULT NULL,
  `ord` int(11) DEFAULT NULL,
  PRIMARY KEY (`id`)
) ENGINE=InnoDB DEFAULT CHARSET=utf8 COLLATE=utf8_general_ci;

--
-- Dumping data for table `templatesectionline`
--


--
-- Table structure for table `tracker`
--

CREATE TABLE `tracker` (
  `id` int(11) NOT NULL AUTO_INCREMENT,
  `monitor_id` char(36) NOT NULL,
  `user_id` varchar(36) DEFAULT NULL,
  `module_name` varchar(255) DEFAULT NULL,
  `item_id` varchar(36) DEFAULT NULL,
  `item_summary` varchar(255) DEFAULT NULL,
  `date_modified` datetime DEFAULT NULL,
  `action` varchar(255) DEFAULT NULL,
  `session_id` varchar(36) DEFAULT NULL,
  `visible` tinyint(1) DEFAULT 0,
  `deleted` tinyint(1) DEFAULT 0,
  PRIMARY KEY (`id`),
  KEY `idx_tracker_iid` (`item_id`),
  KEY `idx_tracker_userid_vis_id` (`user_id`,`visible`,`id`),
  KEY `idx_tracker_userid_itemid_vis` (`user_id`,`item_id`,`visible`),
  KEY `idx_tracker_monitor_id` (`monitor_id`),
  KEY `idx_tracker_date_modified` (`date_modified`)
) ENGINE=InnoDB DEFAULT CHARSET=utf8 COLLATE=utf8_general_ci;

--
-- Dumping data for table `tracker`
--


--
-- Table structure for table `upgrade_history`
--

CREATE TABLE `upgrade_history` (
  `id` char(36) NOT NULL,
  `filename` varchar(255) DEFAULT NULL,
  `md5sum` varchar(32) DEFAULT NULL,
  `type` varchar(30) DEFAULT NULL,
  `status` varchar(50) DEFAULT NULL,
  `version` varchar(64) DEFAULT NULL,
  `name` varchar(255) DEFAULT NULL,
  `description` text DEFAULT NULL,
  `id_name` varchar(255) DEFAULT NULL,
  `manifest` longtext DEFAULT NULL,
  `date_entered` datetime DEFAULT NULL,
  `enabled` tinyint(1) DEFAULT 1,
  PRIMARY KEY (`id`),
  UNIQUE KEY `upgrade_history_md5_uk` (`md5sum`)
) ENGINE=InnoDB DEFAULT CHARSET=utf8 COLLATE=utf8_general_ci;

--
-- Dumping data for table `upgrade_history`
--


--
-- Table structure for table `user_preferences`
--

CREATE TABLE `user_preferences` (
  `id` char(36) NOT NULL,
  `category` varchar(50) DEFAULT NULL,
  `deleted` tinyint(1) DEFAULT 0,
  `date_entered` datetime DEFAULT NULL,
  `date_modified` datetime DEFAULT NULL,
  `assigned_user_id` char(36) DEFAULT NULL,
  `contents` longtext DEFAULT NULL,
  PRIMARY KEY (`id`),
  KEY `idx_userprefnamecat` (`assigned_user_id`,`category`)
) ENGINE=InnoDB DEFAULT CHARSET=utf8 COLLATE=utf8_general_ci;

--
-- Dumping data for table `user_preferences`
--

INSERT INTO `user_preferences` VALUES ('214295ec-e543-85d5-c86b-6802b560023e','global',0,'2025-04-18 20:27:09','2025-04-18 20:27:09','seed_sally_id','YToyMDp7czo4OiJtYXhfdGFicyI7aTo4O3M6MjA6ImNhbGVuZGFyX3B1Ymxpc2hfa2V5IjtzOjM2OiIyOTMyNjVmZC04MmI3LWNmMTAtN2JmMS02ODAyYjU3NzM2NmMiO3M6MTI6Im1haWxtZXJnZV9vbiI7czozOiJvZmYiO3M6MTY6InN3YXBfbGFzdF92aWV3ZWQiO3M6MDoiIjtzOjE0OiJzd2FwX3Nob3J0Y3V0cyI7czowOiIiO3M6MTk6Im5hdmlnYXRpb25fcGFyYWRpZ20iO3M6MToibSI7czoyMDoic29ydF9tb2R1bGVzX2J5X25hbWUiO3M6MDoiIjtzOjEzOiJzdWJwYW5lbF90YWJzIjtzOjA6IiI7czoyNToiY291bnRfY29sbGFwc2VkX3N1YnBhbmVscyI7czowOiIiO3M6MTQ6Im1vZHVsZV9mYXZpY29uIjtzOjA6IiI7czo5OiJoaWRlX3RhYnMiO2E6MDp7fXM6MTE6InJlbW92ZV90YWJzIjthOjA6e31zOjc6Im5vX29wcHMiO3M6Mzoib2ZmIjtzOjg6InRpbWV6b25lIjtzOjM6IlVUQyI7czoyOiJ1dCI7czoxOiIxIjtzOjg6Imxhbmd1YWdlIjtzOjU6ImVuX3VzIjtzOjE0OiJ1c2VfcmVhbF9uYW1lcyI7czozOiJvZmYiO3M6MTc6Im1haWxfc210cGF1dGhfcmVxIjtzOjA6IiI7czoxMjoibWFpbF9zbXRwc3NsIjtpOjA7czoxNzoiZW1haWxfc2hvd19jb3VudHMiO2k6MDt9'),('2b7ef3a9-dafd-b28f-6f92-6802b576cd5e','GoogleSync',0,'2025-04-18 20:27:09','2025-04-18 20:27:09','seed_sally_id','YToxOntzOjg6InN5bmNHQ2FsIjtpOjA7fQ=='),('2f6b08c5-47f7-6354-6ba4-6802b5339503','global',0,'2025-04-18 20:27:09','2025-04-18 20:27:09','seed_sarah_id','YToyMDp7czo4OiJtYXhfdGFicyI7aTo4O3M6MjA6ImNhbGVuZGFyX3B1Ymxpc2hfa2V5IjtzOjM2OiJhYjc5MDg1YS0xZjkwLTMwZjItNDcxMi02ODAyYjVjODRmMzgiO3M6MTI6Im1haWxtZXJnZV9vbiI7czozOiJvZmYiO3M6MTY6InN3YXBfbGFzdF92aWV3ZWQiO3M6MDoiIjtzOjE0OiJzd2FwX3Nob3J0Y3V0cyI7czowOiIiO3M6MTk6Im5hdmlnYXRpb25fcGFyYWRpZ20iO3M6MToibSI7czoyMDoic29ydF9tb2R1bGVzX2J5X25hbWUiO3M6MDoiIjtzOjEzOiJzdWJwYW5lbF90YWJzIjtzOjA6IiI7czoyNToiY291bnRfY29sbGFwc2VkX3N1YnBhbmVscyI7czowOiIiO3M6MTQ6Im1vZHVsZV9mYXZpY29uIjtzOjA6IiI7czo5OiJoaWRlX3RhYnMiO2E6MDp7fXM6MTE6InJlbW92ZV90YWJzIjthOjA6e31zOjc6Im5vX29wcHMiO3M6Mzoib2ZmIjtzOjg6InRpbWV6b25lIjtzOjM6IlVUQyI7czoyOiJ1dCI7czoxOiIxIjtzOjg6Imxhbmd1YWdlIjtzOjU6ImVuX3VzIjtzOjE0OiJ1c2VfcmVhbF9uYW1lcyI7czozOiJvZmYiO3M6MTc6Im1haWxfc210cGF1dGhfcmVxIjtzOjA6IiI7czoxMjoibWFpbF9zbXRwc3NsIjtpOjA7czoxNzoiZW1haWxfc2hvd19jb3VudHMiO2k6MDt9'),('3f475b80-df42-b330-09e7-6802b5abfb44','global',0,'2025-04-18 20:27:09','2025-04-18 20:27:09','seed_max_id','YToyMDp7czo4OiJtYXhfdGFicyI7aTo4O3M6MjA6ImNhbGVuZGFyX3B1Ymxpc2hfa2V5IjtzOjM2OiI0NmEzYjY1MC05YTA2LWJjOWMtYWIzYi02ODAyYjUzNDVhYjkiO3M6MTI6Im1haWxtZXJnZV9vbiI7czozOiJvZmYiO3M6MTY6InN3YXBfbGFzdF92aWV3ZWQiO3M6MDoiIjtzOjE0OiJzd2FwX3Nob3J0Y3V0cyI7czowOiIiO3M6MTk6Im5hdmlnYXRpb25fcGFyYWRpZ20iO3M6MToibSI7czoyMDoic29ydF9tb2R1bGVzX2J5X25hbWUiO3M6MDoiIjtzOjEzOiJzdWJwYW5lbF90YWJzIjtzOjA6IiI7czoyNToiY291bnRfY29sbGFwc2VkX3N1YnBhbmVscyI7czowOiIiO3M6MTQ6Im1vZHVsZV9mYXZpY29uIjtzOjA6IiI7czo5OiJoaWRlX3RhYnMiO2E6MDp7fXM6MTE6InJlbW92ZV90YWJzIjthOjA6e31zOjc6Im5vX29wcHMiO3M6Mzoib2ZmIjtzOjg6InRpbWV6b25lIjtzOjM6IlVUQyI7czoyOiJ1dCI7czoxOiIxIjtzOjg6Imxhbmd1YWdlIjtzOjU6ImVuX3VzIjtzOjE0OiJ1c2VfcmVhbF9uYW1lcyI7czozOiJvZmYiO3M6MTc6Im1haWxfc210cGF1dGhfcmVxIjtzOjA6IiI7czoxMjoibWFpbF9zbXRwc3NsIjtpOjA7czoxNzoiZW1haWxfc2hvd19jb3VudHMiO2k6MDt9'),('494e2791-4765-5647-f0be-6802b5ee219f','GoogleSync',0,'2025-04-18 20:27:09','2025-04-18 20:27:09','seed_max_id','YToxOntzOjg6InN5bmNHQ2FsIjtpOjA7fQ=='),('5d1ddccd-d1ca-c3e2-3b7c-6802b557c585','global',0,'2025-04-18 20:27:09','2025-04-18 20:27:09','seed_will_id','YToyMDp7czo4OiJtYXhfdGFicyI7aTo4O3M6MjA6ImNhbGVuZGFyX3B1Ymxpc2hfa2V5IjtzOjM2OiI2NDk2M2EwZi0yZTIwLTYyNGQtOGIxNi02ODAyYjVhZjE2ZTkiO3M6MTI6Im1haWxtZXJnZV9vbiI7czozOiJvZmYiO3M6MTY6InN3YXBfbGFzdF92aWV3ZWQiO3M6MDoiIjtzOjE0OiJzd2FwX3Nob3J0Y3V0cyI7czowOiIiO3M6MTk6Im5hdmlnYXRpb25fcGFyYWRpZ20iO3M6MToibSI7czoyMDoic29ydF9tb2R1bGVzX2J5X25hbWUiO3M6MDoiIjtzOjEzOiJzdWJwYW5lbF90YWJzIjtzOjA6IiI7czoyNToiY291bnRfY29sbGFwc2VkX3N1YnBhbmVscyI7czowOiIiO3M6MTQ6Im1vZHVsZV9mYXZpY29uIjtzOjA6IiI7czo5OiJoaWRlX3RhYnMiO2E6MDp7fXM6MTE6InJlbW92ZV90YWJzIjthOjA6e31zOjc6Im5vX29wcHMiO3M6Mzoib2ZmIjtzOjg6InRpbWV6b25lIjtzOjM6IlVUQyI7czoyOiJ1dCI7czoxOiIxIjtzOjg6Imxhbmd1YWdlIjtzOjU6ImVuX3VzIjtzOjE0OiJ1c2VfcmVhbF9uYW1lcyI7czozOiJvZmYiO3M6MTc6Im1haWxfc210cGF1dGhfcmVxIjtzOjA6IiI7czoxMjoibWFpbF9zbXRwc3NsIjtpOjA7czoxNzoiZW1haWxfc2hvd19jb3VudHMiO2k6MDt9'),('60807200-5f2e-0122-7623-6802b5508ff0','global',0,'2025-04-18 20:27:09','2025-04-18 20:27:57','1','YToyMTp7czoyMDoiY2FsZW5kYXJfcHVibGlzaF9rZXkiO3M6MzY6IjVlYTgwNmFlLWU0YmEtNzhlNC1jYzQzLTY4MDJiNWFlNGQ1YyI7czoxMjoibWFpbG1lcmdlX29uIjtzOjM6Im9mZiI7czoxNjoic3dhcF9sYXN0X3ZpZXdlZCI7czowOiIiO3M6MTQ6InN3YXBfc2hvcnRjdXRzIjtzOjA6IiI7czoxOToibmF2aWdhdGlvbl9wYXJhZGlnbSI7czoxOiJtIjtzOjIwOiJzb3J0X21vZHVsZXNfYnlfbmFtZSI7czowOiIiO3M6MTM6InN1YnBhbmVsX3RhYnMiO3M6MDoiIjtzOjI1OiJjb3VudF9jb2xsYXBzZWRfc3VicGFuZWxzIjtzOjA6IiI7czoxNDoibW9kdWxlX2Zhdmljb24iO3M6MDoiIjtzOjk6ImhpZGVfdGFicyI7YTowOnt9czoxMToicmVtb3ZlX3RhYnMiO2E6MDp7fXM6Nzoibm9fb3BwcyI7czozOiJvZmYiO3M6ODoidGltZXpvbmUiO3M6MzoiVVRDIjtzOjI6InV0IjtzOjE6IjEiO3M6ODoibGFuZ3VhZ2UiO3M6NToiZW5fdXMiO3M6MTQ6InVzZV9yZWFsX25hbWVzIjtzOjM6Im9mZiI7czoxNzoibWFpbF9zbXRwYXV0aF9yZXEiO3M6MDoiIjtzOjEyOiJtYWlsX3NtdHBzc2wiO2k6MDtzOjE3OiJlbWFpbF9zaG93X2NvdW50cyI7aTowO3M6MTE6ImxvZ2luZmFpbGVkIjtzOjE6IjAiO3M6MTA6InVzZXJfdGhlbWUiO3M6Njoic3VpdGU4Ijt9'),('619dcda2-c19d-9732-b56b-6802b5464bc4','GoogleSync',0,'2025-04-18 20:27:09','2025-04-18 20:27:57','1','YToxOntzOjg6InN5bmNHQ2FsIjtpOjA7fQ=='),('66eeb2e7-3f47-e04f-6ca5-6802b5764556','GoogleSync',0,'2025-04-18 20:27:09','2025-04-18 20:27:09','seed_will_id','YToxOntzOjg6InN5bmNHQ2FsIjtpOjA7fQ=='),('6b0a8813-a55e-1a84-af00-6802b53e9edd','Home2_LEAD_71fd0fa7-a82d-aa44-4ec4-6802b50109e9',0,'2025-04-18 20:28:04','2025-04-18 20:28:04','1','YToxOntzOjEzOiJsaXN0dmlld09yZGVyIjthOjI6e3M6Nzoib3JkZXJCeSI7czoxMjoiZGF0ZV9lbnRlcmVkIjtzOjk6InNvcnRPcmRlciI7czo0OiJERVNDIjt9fQ=='),('7aad25e6-9433-6ab9-84af-6802b5ab19d9','global',0,'2025-04-18 20:27:09','2025-04-18 20:27:09','seed_chris_id','YToyMDp7czo4OiJtYXhfdGFicyI7aTo4O3M6MjA6ImNhbGVuZGFyX3B1Ymxpc2hfa2V5IjtzOjM2OiI4MjUwNGNhYy03MmRkLTc4NGMtNTU0MS02ODAyYjViOTE5MGYiO3M6MTI6Im1haWxtZXJnZV9vbiI7czozOiJvZmYiO3M6MTY6InN3YXBfbGFzdF92aWV3ZWQiO3M6MDoiIjtzOjE0OiJzd2FwX3Nob3J0Y3V0cyI7czowOiIiO3M6MTk6Im5hdmlnYXRpb25fcGFyYWRpZ20iO3M6MToibSI7czoyMDoic29ydF9tb2R1bGVzX2J5X25hbWUiO3M6MDoiIjtzOjEzOiJzdWJwYW5lbF90YWJzIjtzOjA6IiI7czoyNToiY291bnRfY29sbGFwc2VkX3N1YnBhbmVscyI7czowOiIiO3M6MTQ6Im1vZHVsZV9mYXZpY29uIjtzOjA6IiI7czo5OiJoaWRlX3RhYnMiO2E6MDp7fXM6MTE6InJlbW92ZV90YWJzIjthOjA6e31zOjc6Im5vX29wcHMiO3M6Mzoib2ZmIjtzOjg6InRpbWV6b25lIjtzOjM6IlVUQyI7czoyOiJ1dCI7czoxOiIxIjtzOjg6Imxhbmd1YWdlIjtzOjU6ImVuX3VzIjtzOjE0OiJ1c2VfcmVhbF9uYW1lcyI7czozOiJvZmYiO3M6MTc6Im1haWxfc210cGF1dGhfcmVxIjtzOjA6IiI7czoxMjoibWFpbF9zbXRwc3NsIjtpOjA7czoxNzoiZW1haWxfc2hvd19jb3VudHMiO2k6MDt9'),('84635a78-893d-6c6a-7462-6802b53fc191','Home',0,'2025-04-18 20:27:59','2025-04-18 20:27:59','1','YToyOntzOjg6ImRhc2hsZXRzIjthOjY6e3M6MzY6IjcxNDA4NjA5LTViNmItZTY3My0zMTk5LTY4MDJiNTcxNWVjYSI7YTo0OntzOjk6ImNsYXNzTmFtZSI7czoxNjoiU3VnYXJGZWVkRGFzaGxldCI7czo2OiJtb2R1bGUiO3M6OToiU3VnYXJGZWVkIjtzOjExOiJmb3JjZUNvbHVtbiI7aToxO3M6MTI6ImZpbGVMb2NhdGlvbiI7czo2NDoibW9kdWxlcy9TdWdhckZlZWQvRGFzaGxldHMvU3VnYXJGZWVkRGFzaGxldC9TdWdhckZlZWREYXNobGV0LnBocCI7fXM6MzY6IjcxNjI5NDNjLTcxMmMtZWNkMy02MDY3LTY4MDJiNTMyNzdhZSI7YTo1OntzOjk6ImNsYXNzTmFtZSI7czoxNDoiTXlDYWxsc0Rhc2hsZXQiO3M6NjoibW9kdWxlIjtzOjU6IkNhbGxzIjtzOjExOiJmb3JjZUNvbHVtbiI7aTowO3M6MTI6ImZpbGVMb2NhdGlvbiI7czo1NjoibW9kdWxlcy9DYWxscy9EYXNobGV0cy9NeUNhbGxzRGFzaGxldC9NeUNhbGxzRGFzaGxldC5waHAiO3M6Nzoib3B0aW9ucyI7YTowOnt9fXM6MzY6IjcxODNjMjc4LTllYTctOGViZC0yM2ZjLTY4MDJiNWQ1MzI2YyI7YTo1OntzOjk6ImNsYXNzTmFtZSI7czoxNzoiTXlNZWV0aW5nc0Rhc2hsZXQiO3M6NjoibW9kdWxlIjtzOjg6Ik1lZXRpbmdzIjtzOjExOiJmb3JjZUNvbHVtbiI7aTowO3M6MTI6ImZpbGVMb2NhdGlvbiI7czo2NToibW9kdWxlcy9NZWV0aW5ncy9EYXNobGV0cy9NeU1lZXRpbmdzRGFzaGxldC9NeU1lZXRpbmdzRGFzaGxldC5waHAiO3M6Nzoib3B0aW9ucyI7YTowOnt9fXM6MzY6IjcxYTBlYzM1LTBmY2MtZjY5MC0wNmE0LTY4MDJiNTExZjlmYiI7YTo1OntzOjk6ImNsYXNzTmFtZSI7czoyMjoiTXlPcHBvcnR1bml0aWVzRGFzaGxldCI7czo2OiJtb2R1bGUiO3M6MTM6Ik9wcG9ydHVuaXRpZXMiO3M6MTE6ImZvcmNlQ29sdW1uIjtpOjA7czoxMjoiZmlsZUxvY2F0aW9uIjtzOjgwOiJtb2R1bGVzL09wcG9ydHVuaXRpZXMvRGFzaGxldHMvTXlPcHBvcnR1bml0aWVzRGFzaGxldC9NeU9wcG9ydHVuaXRpZXNEYXNobGV0LnBocCI7czo3OiJvcHRpb25zIjthOjA6e319czozNjoiNzFjOTY2N2ItY2MzNy1kY2MxLTMxNjQtNjgwMmI1NmU0Nzk5IjthOjU6e3M6OToiY2xhc3NOYW1lIjtzOjE3OiJNeUFjY291bnRzRGFzaGxldCI7czo2OiJtb2R1bGUiO3M6ODoiQWNjb3VudHMiO3M6MTE6ImZvcmNlQ29sdW1uIjtpOjA7czoxMjoiZmlsZUxvY2F0aW9uIjtzOjY1OiJtb2R1bGVzL0FjY291bnRzL0Rhc2hsZXRzL015QWNjb3VudHNEYXNobGV0L015QWNjb3VudHNEYXNobGV0LnBocCI7czo3OiJvcHRpb25zIjthOjA6e319czozNjoiNzFmZDBmYTctYTgyZC1hYTQ0LTRlYzQtNjgwMmI1MDEwOWU5IjthOjU6e3M6OToiY2xhc3NOYW1lIjtzOjE0OiJNeUxlYWRzRGFzaGxldCI7czo2OiJtb2R1bGUiO3M6NToiTGVhZHMiO3M6MTE6ImZvcmNlQ29sdW1uIjtpOjA7czoxMjoiZmlsZUxvY2F0aW9uIjtzOjU2OiJtb2R1bGVzL0xlYWRzL0Rhc2hsZXRzL015TGVhZHNEYXNobGV0L015TGVhZHNEYXNobGV0LnBocCI7czo3OiJvcHRpb25zIjthOjA6e319fXM6NToicGFnZXMiO2E6MTp7aTowO2E6Mzp7czo3OiJjb2x1bW5zIjthOjI6e2k6MDthOjI6e3M6NToid2lkdGgiO3M6MzoiNjAlIjtzOjg6ImRhc2hsZXRzIjthOjU6e2k6MDtzOjM2OiI3MTYyOTQzYy03MTJjLWVjZDMtNjA2Ny02ODAyYjUzMjc3YWUiO2k6MTtzOjM2OiI3MTgzYzI3OC05ZWE3LThlYmQtMjNmYy02ODAyYjVkNTMyNmMiO2k6MjtzOjM2OiI3MWEwZWMzNS0wZmNjLWY2OTAtMDZhNC02ODAyYjUxMWY5ZmIiO2k6MztzOjM2OiI3MWM5NjY3Yi1jYzM3LWRjYzEtMzE2NC02ODAyYjU2ZTQ3OTkiO2k6NDtzOjM2OiI3MWZkMGZhNy1hODJkLWFhNDQtNGVjNC02ODAyYjUwMTA5ZTkiO319aToxO2E6Mjp7czo1OiJ3aWR0aCI7czozOiI0MCUiO3M6ODoiZGFzaGxldHMiO2E6MTp7aTowO3M6MzY6IjcxNDA4NjA5LTViNmItZTY3My0zMTk5LTY4MDJiNTcxNWVjYSI7fX19czoxMDoibnVtQ29sdW1ucyI7czoxOiIzIjtzOjE0OiJwYWdlVGl0bGVMYWJlbCI7czoyMDoiTEJMX0hPTUVfUEFHRV8xX05BTUUiO319fQ=='),('84a9973e-abf9-0524-008e-6802b54b5bd6','GoogleSync',0,'2025-04-18 20:27:09','2025-04-18 20:27:09','seed_chris_id','YToxOntzOjg6InN5bmNHQ2FsIjtpOjA7fQ=='),('86d21e30-bc30-66f6-d184-6802b5c0e343','Home2_CALL',0,'2025-04-18 20:27:59','2025-04-18 20:27:59','1','YToxOntzOjEzOiJsaXN0dmlld09yZGVyIjthOjI6e3M6Nzoib3JkZXJCeSI7czoxMjoiZGF0ZV9lbnRlcmVkIjtzOjk6InNvcnRPcmRlciI7czo0OiJERVNDIjt9fQ=='),('888cf19b-3e1d-99a3-7bbd-6802b587d92f','Home2_MEETING',0,'2025-04-18 20:27:59','2025-04-18 20:27:59','1','YToxOntzOjEzOiJsaXN0dmlld09yZGVyIjthOjI6e3M6Nzoib3JkZXJCeSI7czoxMjoiZGF0ZV9lbnRlcmVkIjtzOjk6InNvcnRPcmRlciI7czo0OiJERVNDIjt9fQ=='),('8a4ff352-f83c-25ba-3df1-6802b5be6436','Home2_OPPORTUNITY',0,'2025-04-18 20:27:59','2025-04-18 20:27:59','1','YToxOntzOjEzOiJsaXN0dmlld09yZGVyIjthOjI6e3M6Nzoib3JkZXJCeSI7czoxMjoiZGF0ZV9lbnRlcmVkIjtzOjk6InNvcnRPcmRlciI7czo0OiJERVNDIjt9fQ=='),('8c23808f-4775-b489-92e6-6802b578d33b','Home2_ACCOUNT',0,'2025-04-18 20:27:59','2025-04-18 20:27:59','1','YToxOntzOjEzOiJsaXN0dmlld09yZGVyIjthOjI6e3M6Nzoib3JkZXJCeSI7czoxMjoiZGF0ZV9lbnRlcmVkIjtzOjk6InNvcnRPcmRlciI7czo0OiJERVNDIjt9fQ=='),('8e920815-4a9e-0468-39af-6802b5632496','Home2_LEAD',0,'2025-04-18 20:27:59','2025-04-18 20:27:59','1','YToxOntzOjEzOiJsaXN0dmlld09yZGVyIjthOjI6e3M6Nzoib3JkZXJCeSI7czoxMjoiZGF0ZV9lbnRlcmVkIjtzOjk6InNvcnRPcmRlciI7czo0OiJERVNDIjt9fQ=='),('904c8de2-f282-1375-12d8-6802b5f2318f','Home2_SUGARFEED',0,'2025-04-18 20:27:59','2025-04-18 20:27:59','1','YToxOntzOjEzOiJsaXN0dmlld09yZGVyIjthOjI6e3M6Nzoib3JkZXJCeSI7czoxMjoiZGF0ZV9lbnRlcmVkIjtzOjk6InNvcnRPcmRlciI7czo0OiJERVNDIjt9fQ=='),('d6600f9e-f74d-7826-7a15-6802b502a790','GoogleSync',0,'2025-04-18 20:27:09','2025-04-18 20:27:09','seed_sarah_id','YToxOntzOjg6InN5bmNHQ2FsIjtpOjA7fQ=='),('d79f4a1b-c073-e132-8107-6802b5e9a5b9','global',0,'2025-04-18 20:27:09','2025-04-18 20:27:09','seed_jim_id','YToyMDp7czo4OiJtYXhfdGFicyI7aTo4O3M6MjA6ImNhbGVuZGFyX3B1Ymxpc2hfa2V5IjtzOjM2OiJkZmE5OWI0NC1jYWIyLTE3ZjEtN2U0Zi02ODAyYjU0ZThjZjEiO3M6MTI6Im1haWxtZXJnZV9vbiI7czozOiJvZmYiO3M6MTY6InN3YXBfbGFzdF92aWV3ZWQiO3M6MDoiIjtzOjE0OiJzd2FwX3Nob3J0Y3V0cyI7czowOiIiO3M6MTk6Im5hdmlnYXRpb25fcGFyYWRpZ20iO3M6MToibSI7czoyMDoic29ydF9tb2R1bGVzX2J5X25hbWUiO3M6MDoiIjtzOjEzOiJzdWJwYW5lbF90YWJzIjtzOjA6IiI7czoyNToiY291bnRfY29sbGFwc2VkX3N1YnBhbmVscyI7czowOiIiO3M6MTQ6Im1vZHVsZV9mYXZpY29uIjtzOjA6IiI7czo5OiJoaWRlX3RhYnMiO2E6MDp7fXM6MTE6InJlbW92ZV90YWJzIjthOjA6e31zOjc6Im5vX29wcHMiO3M6Mzoib2ZmIjtzOjg6InRpbWV6b25lIjtzOjM6IlVUQyI7czoyOiJ1dCI7czoxOiIxIjtzOjg6Imxhbmd1YWdlIjtzOjU6ImVuX3VzIjtzOjE0OiJ1c2VfcmVhbF9uYW1lcyI7czozOiJvZmYiO3M6MTc6Im1haWxfc210cGF1dGhfcmVxIjtzOjA6IiI7czoxMjoibWFpbF9zbXRwc3NsIjtpOjA7czoxNzoiZW1haWxfc2hvd19jb3VudHMiO2k6MDt9'),('e3598b9a-59b1-7234-b26d-6802b5f341ce','GoogleSync',0,'2025-04-18 20:27:09','2025-04-18 20:27:09','seed_jim_id','YToxOntzOjg6InN5bmNHQ2FsIjtpOjA7fQ==');

--
-- Table structure for table `users`
--

CREATE TABLE `users` (
  `id` char(36) NOT NULL,
  `user_name` varchar(60) DEFAULT NULL,
  `user_hash` varchar(255) DEFAULT NULL,
  `system_generated_password` tinyint(1) DEFAULT NULL,
  `pwd_last_changed` datetime DEFAULT NULL,
  `authenticate_id` varchar(100) DEFAULT NULL,
  `sugar_login` tinyint(1) DEFAULT 1,
  `first_name` varchar(255) DEFAULT NULL,
  `last_name` varchar(255) DEFAULT NULL,
  `is_admin` tinyint(1) DEFAULT 0,
  `external_auth_only` tinyint(1) DEFAULT 0,
  `receive_notifications` tinyint(1) DEFAULT 1,
  `description` text DEFAULT NULL,
  `date_entered` datetime DEFAULT NULL,
  `date_modified` datetime DEFAULT NULL,
  `modified_user_id` char(36) DEFAULT NULL,
  `created_by` char(36) DEFAULT NULL,
  `title` varchar(50) DEFAULT NULL,
  `photo` varchar(255) DEFAULT NULL,
  `department` varchar(50) DEFAULT NULL,
  `phone_home` varchar(50) DEFAULT NULL,
  `phone_mobile` varchar(50) DEFAULT NULL,
  `phone_work` varchar(50) DEFAULT NULL,
  `phone_other` varchar(50) DEFAULT NULL,
  `phone_fax` varchar(50) DEFAULT NULL,
  `status` varchar(100) DEFAULT NULL,
  `address_street` varchar(150) DEFAULT NULL,
  `address_city` varchar(100) DEFAULT NULL,
  `address_state` varchar(100) DEFAULT NULL,
  `address_country` varchar(100) DEFAULT NULL,
  `address_postalcode` varchar(20) DEFAULT NULL,
  `deleted` tinyint(1) DEFAULT NULL,
  `portal_only` tinyint(1) DEFAULT 0,
  `show_on_employees` tinyint(1) DEFAULT 1,
  `employee_status` varchar(100) DEFAULT NULL,
  `messenger_id` varchar(100) DEFAULT NULL,
  `messenger_type` varchar(100) DEFAULT NULL,
  `reports_to_id` char(36) DEFAULT NULL,
  `is_group` tinyint(1) DEFAULT NULL,
  `factor_auth` tinyint(1) DEFAULT NULL,
  `factor_auth_interface` varchar(255) DEFAULT NULL,
  `totp_secret` varchar(255) DEFAULT NULL,
  `is_totp_enabled` tinyint(1) DEFAULT NULL,
  `backup_codes` text DEFAULT NULL,
  PRIMARY KEY (`id`),
  KEY `idx_user_name` (`user_name`,`is_group`,`status`,`last_name`(30),`first_name`(30),`id`)
) ENGINE=InnoDB DEFAULT CHARSET=utf8 COLLATE=utf8_general_ci;

--
-- Dumping data for table `users`
--

INSERT INTO `users` VALUES ('1','admin','$2y$10$O05OIic3mqBdwYAW.mdtTOQ7bRBXKsw9YTL5TgrEpZOfaLAbXlAF.',0,NULL,NULL,1,NULL,'Administrator',1,0,1,NULL,'2025-04-18 20:27:09','2025-04-18 20:27:09','1','1','Administrator',NULL,NULL,NULL,NULL,NULL,NULL,NULL,'Active',NULL,NULL,NULL,NULL,NULL,0,0,1,'Active',NULL,NULL,NULL,0,NULL,NULL,NULL,NULL,NULL),('seed_chris_id','chris','$2y$10$UH5BULQ74OBgFH1CRbK3UOYw.vGtt6.M0zia7Ck7FTOJ4ZKvX8B9e',0,NULL,NULL,1,'Chris','Olliver',0,0,1,NULL,'2025-04-18 20:27:09','2025-04-18 20:27:09','1','1','Senior Account Rep',NULL,NULL,NULL,NULL,NULL,NULL,NULL,'Active',NULL,NULL,NULL,NULL,NULL,0,0,1,'Active',NULL,NULL,'seed_will_id',0,NULL,NULL,NULL,NULL,NULL),('seed_jim_id','jim','$2y$10$GWirwwJrk1zbLkLpNpwqF.CImq2W1AT1izhAqb7t8S4uUfqy/R4i2',0,NULL,NULL,1,'Jim','Brennan',0,0,1,NULL,'2025-04-18 20:27:09','2025-04-18 20:27:09','1','1','VP Sales',NULL,NULL,NULL,NULL,NULL,NULL,NULL,'Active',NULL,NULL,NULL,NULL,NULL,0,0,1,'Active',NULL,NULL,NULL,0,NULL,NULL,NULL,NULL,NULL),('seed_max_id','max','$2y$10$39nyXQZ8gcA7dLx9hUsEq.4H3PQgiCVzorpgeWZvUp.RZwqW3.S8u',0,NULL,NULL,1,'Max','Jensen',0,0,1,NULL,'2025-04-18 20:27:09','2025-04-18 20:27:09','1','1','Account Rep',NULL,NULL,NULL,NULL,NULL,NULL,NULL,'Active',NULL,NULL,NULL,NULL,NULL,0,0,1,'Active',NULL,NULL,'seed_sarah_id',0,NULL,NULL,NULL,NULL,NULL),('seed_sally_id','sally','$2y$10$qO0VdskPkWrPQ/yaUXoi0ufq8yuwN9HdpI4XEXckyKhoTAE77tlhG',0,NULL,NULL,1,'Sally','Bronsen',0,0,1,NULL,'2025-04-18 20:27:09','2025-04-18 20:27:09','1','1','Senior Account Rep',NULL,NULL,NULL,NULL,NULL,NULL,NULL,'Active',NULL,NULL,NULL,NULL,NULL,0,0,1,'Active',NULL,NULL,'seed_sarah_id',0,NULL,NULL,NULL,NULL,NULL),('seed_sarah_id','sarah','$2y$10$qFWge4YVMKTJTMBOQ8rKAencR0WIQWC7o7C6HY6Min37FtLVFnkXy',0,NULL,NULL,1,'Sarah','Smith',0,0,1,NULL,'2025-04-18 20:27:09','2025-04-18 20:27:09','1','1','Sales Manager West',NULL,NULL,NULL,NULL,NULL,NULL,NULL,'Active',NULL,NULL,NULL,NULL,NULL,0,0,1,'Active',NULL,NULL,'seed_jim_id',0,NULL,NULL,NULL,NULL,NULL),('seed_will_id','will','$2y$10$fCST3Gl9BpOsrIkw0vWA0elLpNdunnGb0nGryp0uC54K5vA/Yzif2',0,NULL,NULL,1,'Will','Westin',0,0,1,NULL,'2025-04-18 20:27:09','2025-04-18 20:27:09','1','1','Sales Manager East',NULL,NULL,NULL,NULL,NULL,NULL,NULL,'Active',NULL,NULL,NULL,NULL,NULL,0,0,1,'Active',NULL,NULL,'seed_jim_id',0,NULL,NULL,NULL,NULL,NULL);

--
-- Table structure for table `users_feeds`
--

CREATE TABLE `users_feeds` (
  `user_id` varchar(36) DEFAULT NULL,
  `feed_id` varchar(36) DEFAULT NULL,
  `rank` int(11) DEFAULT NULL,
  `date_modified` datetime DEFAULT NULL,
  `deleted` tinyint(1) DEFAULT 0,
  KEY `idx_ud_user_id` (`user_id`,`feed_id`)
) ENGINE=InnoDB DEFAULT CHARSET=utf8 COLLATE=utf8_general_ci;

--
-- Dumping data for table `users_feeds`
--


--
-- Table structure for table `users_last_import`
--

CREATE TABLE `users_last_import` (
  `id` char(36) NOT NULL,
  `assigned_user_id` char(36) DEFAULT NULL,
  `import_module` varchar(36) DEFAULT NULL,
  `bean_type` varchar(36) DEFAULT NULL,
  `bean_id` char(36) DEFAULT NULL,
  `deleted` tinyint(1) DEFAULT NULL,
  PRIMARY KEY (`id`),
  KEY `idx_user_id` (`assigned_user_id`)
) ENGINE=InnoDB DEFAULT CHARSET=utf8 COLLATE=utf8_general_ci;

--
-- Dumping data for table `users_last_import`
--


--
-- Table structure for table `users_password_link`
--

CREATE TABLE `users_password_link` (
  `id` char(36) NOT NULL,
  `keyhash` varchar(255) DEFAULT NULL,
  `user_id` varchar(36) DEFAULT NULL,
  `username` varchar(36) DEFAULT NULL,
  `date_generated` datetime DEFAULT NULL,
  `deleted` tinyint(1) DEFAULT NULL,
  PRIMARY KEY (`id`),
  KEY `idx_username` (`username`)
) ENGINE=InnoDB DEFAULT CHARSET=utf8 COLLATE=utf8_general_ci;

--
-- Dumping data for table `users_password_link`
--


--
-- Table structure for table `users_signatures`
--

CREATE TABLE `users_signatures` (
  `id` char(36) NOT NULL,
  `date_entered` datetime DEFAULT NULL,
  `date_modified` datetime DEFAULT NULL,
  `deleted` tinyint(1) DEFAULT NULL,
  `user_id` varchar(36) DEFAULT NULL,
  `name` varchar(255) DEFAULT NULL,
  `signature` text DEFAULT NULL,
  `signature_html` text DEFAULT NULL,
  PRIMARY KEY (`id`),
  KEY `idx_usersig_uid` (`user_id`)
) ENGINE=InnoDB DEFAULT CHARSET=utf8 COLLATE=utf8_general_ci;

--
-- Dumping data for table `users_signatures`
--


--
-- Table structure for table `vcals`
--

CREATE TABLE `vcals` (
  `id` char(36) NOT NULL,
  `deleted` tinyint(1) DEFAULT NULL,
  `date_entered` datetime DEFAULT NULL,
  `date_modified` datetime DEFAULT NULL,
  `user_id` char(36) NOT NULL,
  `type` varchar(100) DEFAULT NULL,
  `source` varchar(100) DEFAULT NULL,
  `content` text DEFAULT NULL,
  PRIMARY KEY (`id`),
  KEY `idx_vcal` (`type`,`user_id`)
) ENGINE=InnoDB DEFAULT CHARSET=utf8 COLLATE=utf8_general_ci;

--
-- Dumping data for table `vcals`
--

INSERT INTO `vcals` VALUES ('13f0e70c-8b93-7187-7888-6802b5690c5b',0,'2025-04-18 20:27:09','2025-04-18 20:27:09','seed_chris_id','vfb','sugar','BEGIN:VCALENDAR\nVERSION:2.0\nPRODID:-//SugarCRM//SugarCRM Calendar//EN\nBEGIN:VFREEBUSY\nORGANIZER;CN= :VFREEBUSY\nDTSTART:2025-04-17 00:00:00\nDTEND:2025-06-17 00:00:00\nFREEBUSY:20250506T084500Z/20250506T091500Z\nX-FREEBUSY-ID:1a775dbe-6cd1-f33b-a95d-6802b5b7f204\nX-FREEBUSY-TYPE:Call\nFREEBUSY:20250615T160000Z/20250615T163000Z\nX-FREEBUSY-ID:1ccf7faf-fbd6-2113-45cb-6802b5a03128\nX-FREEBUSY-TYPE:Call\nFREEBUSY:20250503T131500Z/20250503T134500Z\nX-FREEBUSY-ID:21370806-8037-4391-b12a-6802b55a9725\nX-FREEBUSY-TYPE:Call\nFREEBUSY:20250428T184500Z/20250428T191500Z\nX-FREEBUSY-ID:6e5ee64c-b5c6-8461-6a90-6802b5a13ab4\nX-FREEBUSY-TYPE:Call\nDTSTAMP:2025-04-18 20:27:09\nEND:VFREEBUSY\nEND:VCALENDAR\n'),('908cd5a6-87af-a437-4574-6802b502e491',0,'2025-04-18 20:27:09','2025-04-18 20:27:09','seed_max_id','vfb','sugar','BEGIN:VCALENDAR\nVERSION:2.0\nPRODID:-//SugarCRM//SugarCRM Calendar//EN\nBEGIN:VFREEBUSY\nORGANIZER;CN= :VFREEBUSY\nDTSTART:2025-04-17 00:00:00\nDTEND:2025-06-17 00:00:00\nFREEBUSY:20250527T060000Z/20250527T063000Z\nX-FREEBUSY-ID:14b41182-9303-f8c9-2c5f-6802b5dc9c94\nX-FREEBUSY-TYPE:Call\nFREEBUSY:20250503T123000Z/20250503T130000Z\nX-FREEBUSY-ID:36c1328b-4ae4-0bbf-eaa3-6802b5c27f66\nX-FREEBUSY-TYPE:Call\nFREEBUSY:20250603T110000Z/20250603T113000Z\nX-FREEBUSY-ID:a63539e1-d944-f7b7-7119-6802b56b3b7e\nX-FREEBUSY-TYPE:Call\nFREEBUSY:20250530T064500Z/20250530T071500Z\nX-FREEBUSY-ID:af486679-ab2a-75e4-3ead-6802b555cdf2\nX-FREEBUSY-TYPE:Call\nDTSTAMP:2025-04-18 20:27:09\nEND:VFREEBUSY\nEND:VCALENDAR\n'),('9871de6a-f2c7-1142-5ba8-6802b5a37a48',0,'2025-04-18 20:27:09','2025-04-18 20:27:09','1','vfb','sugar','BEGIN:VCALENDAR\nVERSION:2.0\nPRODID:-//SugarCRM//SugarCRM Calendar//EN\nBEGIN:VFREEBUSY\nORGANIZER;CN=Administrator:VFREEBUSY\nDTSTART:2025-04-17 00:00:00\nDTEND:2025-06-17 00:00:00\nDTSTAMP:2025-04-18 20:27:09\nEND:VFREEBUSY\nEND:VCALENDAR\n'),('9ad57a41-d536-8c19-4861-6802b530d82b',0,'2025-04-18 20:27:09','2025-04-18 20:27:09','seed_sally_id','vfb','sugar','BEGIN:VCALENDAR\nVERSION:2.0\nPRODID:-//SugarCRM//SugarCRM Calendar//EN\nBEGIN:VFREEBUSY\nORGANIZER;CN= :VFREEBUSY\nDTSTART:2025-04-17 00:00:00\nDTEND:2025-06-17 00:00:00\nFREEBUSY:20250601T181500Z/20250601T184500Z\nX-FREEBUSY-ID:51aa9895-9429-3b14-1852-6802b5d36177\nX-FREEBUSY-TYPE:Call\nDTSTAMP:2025-04-18 20:27:09\nEND:VFREEBUSY\nEND:VCALENDAR\n'),('b4ae0098-cd33-e6c5-4e29-6802b58490b9',0,'2025-04-18 20:27:09','2025-04-18 20:27:09','seed_will_id','vfb','sugar','BEGIN:VCALENDAR\nVERSION:2.0\nPRODID:-//SugarCRM//SugarCRM Calendar//EN\nBEGIN:VFREEBUSY\nORGANIZER;CN= :VFREEBUSY\nDTSTART:2025-04-17 00:00:00\nDTEND:2025-06-17 00:00:00\nFREEBUSY:20250511T123000Z/20250511T130000Z\nX-FREEBUSY-ID:76895fdc-4b38-f9ad-26c3-6802b5ddcff0\nX-FREEBUSY-TYPE:Call\nDTSTAMP:2025-04-18 20:27:09\nEND:VFREEBUSY\nEND:VCALENDAR\n'),('e97eebb2-c3a7-0301-55d0-6802b53a6190',0,'2025-04-18 20:27:09','2025-04-18 20:27:09','seed_sarah_id','vfb','sugar','BEGIN:VCALENDAR\nVERSION:2.0\nPRODID:-//SugarCRM//SugarCRM Calendar//EN\nBEGIN:VFREEBUSY\nORGANIZER;CN= :VFREEBUSY\nDTSTART:2025-04-17 00:00:00\nDTEND:2025-06-17 00:00:00\nFREEBUSY:20250425T144500Z/20250425T151500Z\nX-FREEBUSY-ID:944938fb-99de-0881-d10e-6802b522af92\nX-FREEBUSY-TYPE:Call\nDTSTAMP:2025-04-18 20:27:09\nEND:VFREEBUSY\nEND:VCALENDAR\n');


